{"id":17301,"date":"2023-12-20T09:40:10","date_gmt":"2023-12-20T08:40:10","guid":{"rendered":"http:\/\/ksiegarnia-akademicka.pl\/?post_type=product&#038;p=17301"},"modified":"2023-12-20T09:40:11","modified_gmt":"2023-12-20T08:40:11","slug":"dzieje-kultury-japonskiej","status":"publish","type":"product","link":"http:\/\/ksiegarnia-akademicka.pl\/index.php\/product\/dzieje-kultury-japonskiej\/","title":{"rendered":"Dzieje kultury japo\u0144skiej"},"content":{"rendered":"<p>Autor:<br \/>\nEwa Pa\u0142asz-Rutkowska<br \/>\nWydawca: Wydawnictwo Naukowe PWN<br \/>\nOprawa: Mi\u0119kka<br \/>\nFormat: 16.5&#215;23.5cm<br \/>\nLiczba stron: 600<br \/>\nWydanie: 1<br \/>\nRok wydania: 2023<br \/>\nJ\u0119zyk wydania: polski<\/p>\n<p>Fascynuj\u0105ca kultura Japonii Od prehistorii do wsp\u00f3\u0142czesno\u015bci W Dziejach kultury japo\u0144skiej profesor Ewa Pa\u0142asz-Rutkowska zabiera czytelnik\u00f3w w podr\u00f3\u017c po fascynuj\u0105cej kulturze Japonii. Przedstawia spos\u00f3b \u017cycia jej mieszka\u0144c\u00f3w, ich j\u0119zyk, wierzenia oraz zwyczaje i obyczaje. Prezentuje najwi\u0119ksze osi\u0105gni\u0119cia naukowe i kulturalne Japo\u0144czyk\u00f3w \u2013 pocz\u0105wszy od literatury, przez malarstwo, rzemios\u0142o i architektur\u0119, a\u017c po sztuk\u0119 widowiskow\u0105. Wskazuje r\u00f3wnie\u017c najwa\u017cniejsze procesy dziejowe, kt\u00f3re mia\u0142y zasadniczy wp\u0142yw na kszta\u0142towanie si\u0119 kultury japo\u0144skiej. Autorka, korzystaj\u0105c ze swojego wieloletniego dorobku badawczego i dydaktycznego, a tak\u017ce bazuj\u0105c na rozmowach ze specjalistami i japonistami oraz swoich do\u015bwiadczeniach z licznych podr\u00f3\u017cy do Japonii, tworzy prawdziwe kompendium wiedzy o jej kulturze. Dzieje kultury japo\u0144skiej to ksi\u0105\u017cka, kt\u00f3ra zachwyci pasjonat\u00f3w historii i kultury Japonii i zafascynuje tych, kt\u00f3rzy dopiero planuj\u0105 odkry\u0107 ten niezwyk\u0142y kraj.<\/p>\n","protected":false},"excerpt":{"rendered":"<p>Autor: Ewa Pa\u0142asz-Rutkowska Wydawca: Wydawnictwo Naukowe PWN Oprawa: Mi\u0119kka Format: [&hellip;]<\/p>\n","protected":false},"featured_media":17302,"template":"","meta":[],"product_brand":[],"product_cat":[38,7627],"product_tag":[71,6905],"class_list":{"0":"post-17301","1":"product","2":"type-product","3":"status-publish","4":"has-post-thumbnail","6":"product_cat-historia","7":"product_cat-historia-literatury","8":"product_tag-historia","9":"product_tag-historia-japonii","11":"first","12":"instock","13":"sale","14":"shipping-taxable","15":"purchasable","16":"product-type-simple"},"_links":{"self":[{"href":"http:\/\/ksiegarnia-akademicka.pl\/index.php\/wp-json\/wp\/v2\/product\/17301","targetHints":{"allow":["GET"]}}],"collection":[{"href":"http:\/\/ksiegarnia-akademicka.pl\/index.php\/wp-json\/wp\/v2\/product"}],"about":[{"href":"http:\/\/ksiegarnia-akademicka.pl\/index.php\/wp-json\/wp\/v2\/types\/product"}],"wp:featuredmedia":[{"embeddable":true,"href":"http:\/\/ksiegarnia-akademicka.pl\/index.php\/wp-json\/wp\/v2\/media\/17302"}],"wp:attachment":[{"href":"http:\/\/ksiegarnia-akademicka.pl\/index.php\/wp-json\/wp\/v2\/media?parent=17301"}],"wp:term":[{"taxonomy":"product_brand","embeddable":true,"href":"http:\/\/ksiegarnia-akademicka.pl\/index.php\/wp-json\/wp\/v2\/product_brand?post=17301"},{"taxonomy":"product_cat","embeddable":true,"href":"http:\/\/ksiegarnia-akademicka.pl\/index.php\/wp-json\/wp\/v2\/product_cat?post=17301"},{"taxonomy":"product_tag","embeddable":true,"href":"http:\/\/ksiegarnia-akademicka.pl\/index.php\/wp-json\/wp\/v2\/product_tag?post=17301"}],"curies":[{"name":"wp","href":"https:\/\/api.w.org\/{rel}","templated":true}]}}