{"id":17194,"date":"2023-12-11T08:56:31","date_gmt":"2023-12-11T07:56:31","guid":{"rendered":"http:\/\/ksiegarnia-akademicka.pl\/?post_type=product&#038;p=17194"},"modified":"2023-12-11T08:56:32","modified_gmt":"2023-12-11T07:56:32","slug":"wojewoda-w-systemie-decydowania-publicznego-iii-rzeczypospolitej-polskiej-2009-2019-2","status":"publish","type":"product","link":"http:\/\/ksiegarnia-akademicka.pl\/index.php\/product\/wojewoda-w-systemie-decydowania-publicznego-iii-rzeczypospolitej-polskiej-2009-2019-2\/","title":{"rendered":"Wojewoda w systemie decydowania publicznego III Rzeczypospolitej Polskiej (2009-2019)"},"content":{"rendered":"<p>Autor:<br \/>\nKamil Mroczka<br \/>\nWydawca: Elipsa Dom Wydawniczy i Handlowy<br \/>\nOprawa: Twarda<br \/>\nFormat: 17.4&#215;24.6cm<br \/>\nLiczba stron: 672<br \/>\nRok wydania: 2023<br \/>\nJ\u0119zyk wydania: polski<\/p>\n<p>Najwa\u017cniejszym celem badawczym pracy jest zrekonstruowanie i zdefiniowanie pozycji i roli wojewody w systemie decydowania publicznego w latach 2009\u20132019. Chodzi o identyfikacj\u0119 najistotniejszych determinant\u00f3w wp\u0142ywaj\u0105cych na kszta\u0142t systemu decydowania publicznego na szczeblu wojew\u00f3dzkiej administracji rz\u0105dowej, ocen\u0119 pozycji i roli wojewody w tym systemie, a tak\u017ce zasygnalizowanie kluczowych kierunk\u00f3w modernizacyjnych, kt\u00f3re powinny zosta\u0107 poddane pog\u0142\u0119bionej analizie w procesie doskonalenia systemu zarz\u0105dzania pa\u0144stwem.<\/p>\n<p>Autor dokona\u0142 nie tylko wnikliwej oceny pozycji ustrojowej wojewody w systemie decyzyjnym pa\u0144stwa, ale r\u00f3wnie\u017c stworzy\u0142 prognoz\u0119 dotycz\u0105c\u0105 dalszej ewolucji tego organu w polskim systemie politycznym.. Praca ma walor nowatorsko\u015bci w zakresie bada\u0144 nad organami w\u0142adzy publicznej i ich pozycj\u0105 w systemie decydowania publicznego<\/p>\n<p>W\u015br\u00f3d niew\u0105tpliwych walor\u00f3w ksi\u0105\u017cki jest wieloaspektowo\u015b\u0107 analizy. Narracja pracy wzbogacona jest licznymi przyk\u0142adami, odwo\u0142aniem do materia\u0142\u00f3w \u017ar\u00f3d\u0142owych, relacjonowanymi przyk\u0142adami debat parlamentarnych , wskazaniem r\u00f3\u017cnych uj\u0119\u0107 lub interpretacji. Autor ujawnia w\u0142asne pogl\u0105dy, krytyczne opinie lub propozycje zmian. Nierzadko uwagi te s\u0105 skorelowane z refleksj\u0105 na temat obserwowanych dysfunkcji wi\u0105\u017c\u0105cych si\u0119 przyk\u0142adowo z nieostro\u015bci\u0105 formu\u0142owanych kryteri\u00f3w selekcji, archaizmem lub niesp\u00f3jno\u015bci\u0105 norm prawnych, duplikowaniem kompetencji itp. Warte pochwa\u0142y s\u0105 ambicje autora nie tylko do relacjonowania wszystkich wypowiedzi spotykanych w literaturze, ale r\u00f3wnie\u017c konfrontowania sprzecznych stanowisk. \u0141\u0105czenie zagadnie\u0144 teoretycznych z praktycznymi, rozstrzygni\u0119\u0107 normatywnych z analiz\u0105 ich funkcjonalno\u015bci to te\u017c atuty pracy\u201d.<\/p>\n","protected":false},"excerpt":{"rendered":"<p>Autor: Kamil Mroczka Wydawca: Elipsa Dom Wydawniczy i Handlowy Oprawa: [&hellip;]<\/p>\n","protected":false},"featured_media":17195,"template":"","meta":[],"product_brand":[],"product_cat":[7492,18],"product_tag":[585,933,485],"class_list":{"0":"post-17194","1":"product","2":"type-product","3":"status-publish","4":"has-post-thumbnail","6":"product_cat-administracyjne","7":"product_cat-prawo","8":"product_tag-administracja-publiczna","9":"product_tag-administracja-rzadowa","10":"product_tag-prawo-administracyjne","12":"first","13":"instock","14":"shipping-taxable","15":"purchasable","16":"product-type-simple"},"_links":{"self":[{"href":"http:\/\/ksiegarnia-akademicka.pl\/index.php\/wp-json\/wp\/v2\/product\/17194","targetHints":{"allow":["GET"]}}],"collection":[{"href":"http:\/\/ksiegarnia-akademicka.pl\/index.php\/wp-json\/wp\/v2\/product"}],"about":[{"href":"http:\/\/ksiegarnia-akademicka.pl\/index.php\/wp-json\/wp\/v2\/types\/product"}],"wp:featuredmedia":[{"embeddable":true,"href":"http:\/\/ksiegarnia-akademicka.pl\/index.php\/wp-json\/wp\/v2\/media\/17195"}],"wp:attachment":[{"href":"http:\/\/ksiegarnia-akademicka.pl\/index.php\/wp-json\/wp\/v2\/media?parent=17194"}],"wp:term":[{"taxonomy":"product_brand","embeddable":true,"href":"http:\/\/ksiegarnia-akademicka.pl\/index.php\/wp-json\/wp\/v2\/product_brand?post=17194"},{"taxonomy":"product_cat","embeddable":true,"href":"http:\/\/ksiegarnia-akademicka.pl\/index.php\/wp-json\/wp\/v2\/product_cat?post=17194"},{"taxonomy":"product_tag","embeddable":true,"href":"http:\/\/ksiegarnia-akademicka.pl\/index.php\/wp-json\/wp\/v2\/product_tag?post=17194"}],"curies":[{"name":"wp","href":"https:\/\/api.w.org\/{rel}","templated":true}]}}

<p>Autor:<br />
Kamil Mroczka<br />
Wydawca: Elipsa Dom Wydawniczy i Handlowy<br />
Oprawa: Twarda<br />
Format: 17.4&#215;24.6cm<br />
Liczba stron: 672<br />
Rok wydania: 2023<br />
Język wydania: polski</p>
<p>Najważniejszym celem badawczym pracy jest zrekonstruowanie i zdefiniowanie pozycji i roli wojewody w systemie decydowania publicznego w latach 2009–2019. Chodzi o identyfikację najistotniejszych determinantów wpływających na kształt systemu decydowania publicznego na szczeblu wojewódzkiej administracji rządowej, ocenę pozycji i roli wojewody w tym systemie, a także zasygnalizowanie kluczowych kierunków modernizacyjnych, które powinny zostać poddane pogłębionej analizie w procesie doskonalenia systemu zarządzania państwem.</p>
<p>Autor dokonał nie tylko wnikliwej oceny pozycji ustrojowej wojewody w systemie decyzyjnym państwa, ale również stworzył prognozę dotyczącą dalszej ewolucji tego organu w polskim systemie politycznym.. Praca ma walor nowatorskości w zakresie badań nad organami władzy publicznej i ich pozycją w systemie decydowania publicznego</p>
<p>Wśród niewątpliwych walorów książki jest wieloaspektowość analizy. Narracja pracy wzbogacona jest licznymi przykładami, odwołaniem do materiałów źródłowych, relacjonowanymi przykładami debat parlamentarnych , wskazaniem różnych ujęć lub interpretacji. Autor ujawnia własne poglądy, krytyczne opinie lub propozycje zmian. Nierzadko uwagi te są skorelowane z refleksją na temat obserwowanych dysfunkcji wiążących się przykładowo z nieostrością formułowanych kryteriów selekcji, archaizmem lub niespójnością norm prawnych, duplikowaniem kompetencji itp. Warte pochwały są ambicje autora nie tylko do relacjonowania wszystkich wypowiedzi spotykanych w literaturze, ale również konfrontowania sprzecznych stanowisk. Łączenie zagadnień teoretycznych z praktycznymi, rozstrzygnięć normatywnych z analizą ich funkcjonalności to też atuty pracy”.</p>
