{"id":17065,"date":"2023-11-24T11:22:43","date_gmt":"2023-11-24T10:22:43","guid":{"rendered":"http:\/\/ksiegarnia-akademicka.pl\/?post_type=product&#038;p=17065"},"modified":"2024-12-05T09:27:43","modified_gmt":"2024-12-05T08:27:43","slug":"grunge-bekarty-z-seattle","status":"publish","type":"product","link":"http:\/\/ksiegarnia-akademicka.pl\/index.php\/product\/grunge-bekarty-z-seattle\/","title":{"rendered":"Grunge B\u0119karty z Seattle"},"content":{"rendered":"<p>Autor:<br \/>\nPiotr Jagielski<br \/>\nWydawca: Czarne<br \/>\nOprawa: Twarda<br \/>\nFormat: 13.3&#215;21.5cm<br \/>\nLiczba stron: 344<br \/>\nRok wydania: 2023<br \/>\nJ\u0119zyk wydania: polski<\/p>\n<p>Grunge. Brudny, chropawy rock and roll, wyros\u0142y z mi\u0142o\u015bci do punka i heavy metalu. D\u0142ugie w\u0142osy, wojskowe buty i flanelowe koszule mia\u0142y by\u0107 symbolami buntu pokolenia, kt\u00f3re w gazetach, telewizjach i stacjach radiowych uparcie nazywano straconym \u201epokoleniem X\u201d. Szczyci\u0142 si\u0119 swoj\u0105 odmienno\u015bci\u0105 i sarkastycznym, mrocznym poczuciem humoru. Kapele nie stroi\u0142y si\u0119 w szaty rockman\u00f3w i by\u0142y dumne z tego, jak bardzo nie pasuj\u0105 do s\u0142awnych zespo\u0142\u00f3w z MTV. Jednak z muzyki zwyk\u0142ych dwudziestolatk\u00f3w i m\u0142odych buntownik\u00f3w grunge przerodzi\u0142 si\u0119 w ko\u0144cu w towar globalnego rynku, a nag\u0142y sukces okaza\u0142 si\u0119 dla niekt\u00f3rych \u015bmierteln\u0105 pu\u0142apk\u0105. Piotr Jagielski jest przewodnikiem po zawi\u0142ych losach grunge\u2019u. Pisze nie tylko o najwi\u0119kszych gwiazdach sceny, jak Nirvana, Pearl Jam czy Soundgarden, ale z wnikliwo\u015bci\u0105 \u015bledzi r\u00f3wnie\u017c losy jej prekursor\u00f3w. Jego ksi\u0105\u017cka jest przede wszystkim opowie\u015bci\u0105 o grupie przyjaci\u00f3\u0142 z miasta na ko\u0144cu \u015bwiata, kt\u00f3rym uda\u0142o si\u0119 podbi\u0107 rynek muzyczny. Jest te\u017c przestrog\u0105, by uwa\u017ca\u0107, czego si\u0119 pragnie \u2013 spe\u0142nienie marze\u0144 mo\u017ce okaza\u0107 si\u0119 przekle\u0144stwem. \u201eZawsze porusza mnie i nape\u0142nia wdzi\u0119czno\u015bci\u0105, gdy dostaj\u0119 szans\u0119 cofni\u0119cia si\u0119 w czasie i podzielenia si\u0119 wspomnieniami mojej m\u0142odo\u015bci. Czas mija, a moje spostrze\u017cenia dotycz\u0105ce przesz\u0142o\u015bci si\u0119 zmieni\u0142y, jestem jednak wdzi\u0119czny losowi, za to wszystko, co mog\u0142em prze\u017cy\u0107. Piotr Jagielski zadzwoni\u0142 do mnie, zbieraj\u0105c materia\u0142y o scenie Seattle. Jego b\u0142yskotliwe pytania sprawi\u0142y, \u017ce rozmowa ta by\u0142a czyst\u0105 przyjemno\u015bci\u0105.\u201d Dave Abbruzzese, perkusista Pearl Jam w latach 1991\u20131994<\/p>\n","protected":false},"excerpt":{"rendered":"<p>Autor: Piotr Jagielski Wydawca: Czarne Oprawa: Twarda Format: 13.3&#215;21.5cm Liczba [&hellip;]<\/p>\n","protected":false},"featured_media":17066,"template":"","meta":[],"product_brand":[],"product_cat":[38],"product_tag":[8231,71,4784],"class_list":{"0":"post-17065","1":"product","2":"type-product","3":"status-publish","4":"has-post-thumbnail","6":"product_cat-historia","7":"product_tag-grunge","8":"product_tag-historia","9":"product_tag-muzyka","11":"first","12":"instock","13":"sale","14":"shipping-taxable","15":"purchasable","16":"product-type-simple"},"_links":{"self":[{"href":"http:\/\/ksiegarnia-akademicka.pl\/index.php\/wp-json\/wp\/v2\/product\/17065","targetHints":{"allow":["GET"]}}],"collection":[{"href":"http:\/\/ksiegarnia-akademicka.pl\/index.php\/wp-json\/wp\/v2\/product"}],"about":[{"href":"http:\/\/ksiegarnia-akademicka.pl\/index.php\/wp-json\/wp\/v2\/types\/product"}],"wp:featuredmedia":[{"embeddable":true,"href":"http:\/\/ksiegarnia-akademicka.pl\/index.php\/wp-json\/wp\/v2\/media\/17066"}],"wp:attachment":[{"href":"http:\/\/ksiegarnia-akademicka.pl\/index.php\/wp-json\/wp\/v2\/media?parent=17065"}],"wp:term":[{"taxonomy":"product_brand","embeddable":true,"href":"http:\/\/ksiegarnia-akademicka.pl\/index.php\/wp-json\/wp\/v2\/product_brand?post=17065"},{"taxonomy":"product_cat","embeddable":true,"href":"http:\/\/ksiegarnia-akademicka.pl\/index.php\/wp-json\/wp\/v2\/product_cat?post=17065"},{"taxonomy":"product_tag","embeddable":true,"href":"http:\/\/ksiegarnia-akademicka.pl\/index.php\/wp-json\/wp\/v2\/product_tag?post=17065"}],"curies":[{"name":"wp","href":"https:\/\/api.w.org\/{rel}","templated":true}]}}

Grunge Bękarty z Seattle

<p>Autor:<br />
Piotr Jagielski<br />
Wydawca: Czarne<br />
Oprawa: Twarda<br />
Format: 13.3&#215;21.5cm<br />
Liczba stron: 344<br />
Rok wydania: 2023<br />
Język wydania: polski</p>
<p>Grunge. Brudny, chropawy rock and roll, wyrosły z miłości do punka i heavy metalu. Długie włosy, wojskowe buty i flanelowe koszule miały być symbolami buntu pokolenia, które w gazetach, telewizjach i stacjach radiowych uparcie nazywano straconym „pokoleniem X”. Szczycił się swoją odmiennością i sarkastycznym, mrocznym poczuciem humoru. Kapele nie stroiły się w szaty rockmanów i były dumne z tego, jak bardzo nie pasują do sławnych zespołów z MTV. Jednak z muzyki zwykłych dwudziestolatków i młodych buntowników grunge przerodził się w końcu w towar globalnego rynku, a nagły sukces okazał się dla niektórych śmiertelną pułapką. Piotr Jagielski jest przewodnikiem po zawiłych losach grunge’u. Pisze nie tylko o największych gwiazdach sceny, jak Nirvana, Pearl Jam czy Soundgarden, ale z wnikliwością śledzi również losy jej prekursorów. Jego książka jest przede wszystkim opowieścią o grupie przyjaciół z miasta na końcu świata, którym udało się podbić rynek muzyczny. Jest też przestrogą, by uważać, czego się pragnie – spełnienie marzeń może okazać się przekleństwem. „Zawsze porusza mnie i napełnia wdzięcznością, gdy dostaję szansę cofnięcia się w czasie i podzielenia się wspomnieniami mojej młodości. Czas mija, a moje spostrzeżenia dotyczące przeszłości się zmieniły, jestem jednak wdzięczny losowi, za to wszystko, co mogłem przeżyć. Piotr Jagielski zadzwonił do mnie, zbierając materiały o scenie Seattle. Jego błyskotliwe pytania sprawiły, że rozmowa ta była czystą przyjemnością.” Dave Abbruzzese, perkusista Pearl Jam w latach 1991–1994</p>
