{"id":16965,"date":"2023-11-15T14:46:05","date_gmt":"2023-11-15T13:46:05","guid":{"rendered":"http:\/\/ksiegarnia-akademicka.pl\/?post_type=product&#038;p=16965"},"modified":"2023-11-15T14:46:06","modified_gmt":"2023-11-15T13:46:06","slug":"acls-zaawansowane-czynnosci-resuscytacyjne","status":"publish","type":"product","link":"http:\/\/ksiegarnia-akademicka.pl\/index.php\/product\/acls-zaawansowane-czynnosci-resuscytacyjne\/","title":{"rendered":"ACLS. Zaawansowane czynno\u015bci resuscytacyjne"},"content":{"rendered":"<p>Autor:<br \/>\nB. Aehlert<br \/>\nWydawca: Edra Urban &amp; Partner<br \/>\nOprawa: Mi\u0119kka<br \/>\nFormat: 21.0&#215;27.0cm<br \/>\nLiczba stron: 272<br \/>\nWydanie: 6<br \/>\nRok wydania: 2023<br \/>\nJ\u0119zyk wydania: polski<\/p>\n<p>Podr\u0119cznik w przyst\u0119pny spos\u00f3b, ale poparty aktualn\u0105 wiedz\u0105 oraz doskona\u0142ej jako\u015bci rycinami i czytelnymi schematami ukazuje algorytmy post\u0119powania w stanach zagro\u017cenia \u017cycia. W ksi\u0105\u017cce przedstawiono nie tylko wiedz\u0119 teoretyczn\u0105, ale tak\u017ce liczne uwagi, porady i algorytmy o charakterze praktycznym, kt\u00f3re mog\u0105 i powinny by\u0107 wykorzystane w codziennej pracy zawodowej. Podr\u0119cznik obejmuje nie tylko kwestie zwi\u0105zane z rozpoznawaniem stan\u00f3w zagro\u017cenia \u017cycia oraz podejmowaniem podstawowej i zaawansowanej resuscytacji kr\u0105\u017ceniowo-oddechowej, ale r\u00f3wnie\u017c podstawy pracy zespo\u0142owej i kierowania zespo\u0142em. Om\u00f3wiono w nim te\u017c wentylacj\u0119 przyrz\u0105dow\u0105 i bezprzyrz\u0105dow\u0105, monitorowanie zapisu EKG, defibrylacj\u0119 i inne formy elektroterapii. Szeroko opisano zagadnienia niewydolno\u015bci oddechowej, rozpoznawania i leczenia zaburze\u0144 rytmu serca, w tym bradykardii i tachykardii, post\u0119powania w rytmach zwi\u0105zanych z zatrzymaniem kr\u0105\u017cenia,<br \/>\nrozpoznawania i leczenia ostrych zespo\u0142\u00f3w wie\u0144cowych i udaru m\u00f3zgu. Niezwykle cenne s\u0105 opisy przypadk\u00f3w z praktyki klinicznej i pytania kontrolne wraz z ich dok\u0142adnym om\u00f3wieniem.<br \/>\nPodr\u0119cznik ten b\u0119dzie warto\u015bciow\u0105 pomoc\u0105 nie tylko dla uczestnik\u00f3w kurs\u00f3w ACLS, do kt\u00f3rych stanowi doskona\u0142e przygotowanie teoretyczne, ale tak\u017ce dla student\u00f3w ratownictwa medycznego, piel\u0119gniarstwa i medycyny, dla lekarzy oraz stomatolog\u00f3w, fizjoterapeut\u00f3w i pozosta\u0142ych przedstawicieli zawod\u00f3w medycznych.<br \/>\nKa\u017cda osoba zawodowo zwi\u0105zana z ochron\u0105 zdrowia powinna zapozna\u0107 si\u0119 z tym podr\u0119cznikiem, tak aby w przypadku nag\u0142ego zagro\u017cenia \u017cycia pacjenta m\u00f3c aktywnie uczestniczy\u0107 w dzia\u0142aniach ratunkowych. Publikacja stanowi te\u017c doskona\u0142e \u017ar\u00f3d\u0142o wiedzy teoretycznej dla staraj\u0105cych si\u0119 o uczestnictwo w kursach praktycznych.<\/p>\n<p>Dr hab. Jacek Smereka, prof. UMW<br \/>\nSpecjalista anestezjologii, intensywnej terapii i medycyny ratunkowej<br \/>\nKierownik Katedry Ratownictwa Medycznego Uniwersytetu Medycznego we Wroc\u0142awiu<\/p>\n","protected":false},"excerpt":{"rendered":"<p>Autor: B. Aehlert Wydawca: Edra Urban &amp; Partner Oprawa: Mi\u0119kka [&hellip;]<\/p>\n","protected":false},"featured_media":16966,"template":"","meta":[],"product_brand":[],"product_cat":[7493,8116],"product_tag":[5254,6586,6674],"class_list":{"0":"post-16965","1":"product","2":"type-product","3":"status-publish","4":"has-post-thumbnail","6":"product_cat-medycyna","7":"product_cat-medycyna-ratunkowa","8":"product_tag-medycyna-ratunkowa","9":"product_tag-pierwsza-pomoc","10":"product_tag-resuscytacja-krazeniowo-oddechowa","12":"first","13":"instock","14":"sale","15":"shipping-taxable","16":"purchasable","17":"product-type-simple"},"_links":{"self":[{"href":"http:\/\/ksiegarnia-akademicka.pl\/index.php\/wp-json\/wp\/v2\/product\/16965","targetHints":{"allow":["GET"]}}],"collection":[{"href":"http:\/\/ksiegarnia-akademicka.pl\/index.php\/wp-json\/wp\/v2\/product"}],"about":[{"href":"http:\/\/ksiegarnia-akademicka.pl\/index.php\/wp-json\/wp\/v2\/types\/product"}],"wp:featuredmedia":[{"embeddable":true,"href":"http:\/\/ksiegarnia-akademicka.pl\/index.php\/wp-json\/wp\/v2\/media\/16966"}],"wp:attachment":[{"href":"http:\/\/ksiegarnia-akademicka.pl\/index.php\/wp-json\/wp\/v2\/media?parent=16965"}],"wp:term":[{"taxonomy":"product_brand","embeddable":true,"href":"http:\/\/ksiegarnia-akademicka.pl\/index.php\/wp-json\/wp\/v2\/product_brand?post=16965"},{"taxonomy":"product_cat","embeddable":true,"href":"http:\/\/ksiegarnia-akademicka.pl\/index.php\/wp-json\/wp\/v2\/product_cat?post=16965"},{"taxonomy":"product_tag","embeddable":true,"href":"http:\/\/ksiegarnia-akademicka.pl\/index.php\/wp-json\/wp\/v2\/product_tag?post=16965"}],"curies":[{"name":"wp","href":"https:\/\/api.w.org\/{rel}","templated":true}]}}