{"id":16942,"date":"2023-11-14T10:12:02","date_gmt":"2023-11-14T09:12:02","guid":{"rendered":"http:\/\/ksiegarnia-akademicka.pl\/?post_type=product&#038;p=16942"},"modified":"2023-11-14T10:12:03","modified_gmt":"2023-11-14T09:12:03","slug":"nigdzie","status":"publish","type":"product","link":"http:\/\/ksiegarnia-akademicka.pl\/index.php\/product\/nigdzie\/","title":{"rendered":"Nigdzie"},"content":{"rendered":"<p>Autor:<br \/>\nMa\u0142gorzata Boryczka<br \/>\nWydawca: Nisza<br \/>\nOprawa: Mi\u0119kka ze skrzyde\u0142kami<br \/>\nFormat: 13.5&#215;21.0cm<br \/>\nLiczba stron: 162<br \/>\nRok wydania: 2022<br \/>\nJ\u0119zyk wydania: polski<\/p>\n<p>Gdy by\u0142a dzieckiem, wychowuj\u0105cy j\u0105 dziadek robi\u0142 z jej w\u0142os\u00f3w p\u0119dzle i sprzedawa\u0142 lokalnym artystom. Doros\u0142a bohaterka Nigdzie wraca do rodzinnego miasteczka, by odnale\u017a\u0107 obrazy namalowane tymi p\u0119dzlami \u2013 dla niej wa\u017cne potwierdzenie w\u0142asnego istnienia. Tylko czy mo\u017cna odnale\u017a\u0107 siebie, zanurzaj\u0105c si\u0119 w przesz\u0142o\u015b\u0107? Gdzie szuka\u0107 swoich korzeni \u2013 w miejscach, w ludziach, a mo\u017ce w przedmiotach?<br \/>\nTo druga ksi\u0105\u017ck\u0105 w dorobku Boryczki, autorki docenionego przez krytyk\u0119 i czytelnik\u00f3w zbioru opowiada\u0144 &#8222;O perspektywach rozwoju ma\u0142ych miasteczek&#8221;.<\/p>\n","protected":false},"excerpt":{"rendered":"<p>Autor: Ma\u0142gorzata Boryczka Wydawca: Nisza Oprawa: Mi\u0119kka ze skrzyde\u0142kami Format: [&hellip;]<\/p>\n","protected":false},"featured_media":16943,"template":"","meta":[],"product_brand":[],"product_cat":[7707],"product_tag":[5953,3688],"class_list":{"0":"post-16942","1":"product","2":"type-product","3":"status-publish","4":"has-post-thumbnail","6":"product_cat-literatura","7":"product_tag-literatura","8":"product_tag-powiesc","10":"first","11":"instock","12":"sale","13":"shipping-taxable","14":"purchasable","15":"product-type-simple"},"_links":{"self":[{"href":"http:\/\/ksiegarnia-akademicka.pl\/index.php\/wp-json\/wp\/v2\/product\/16942","targetHints":{"allow":["GET"]}}],"collection":[{"href":"http:\/\/ksiegarnia-akademicka.pl\/index.php\/wp-json\/wp\/v2\/product"}],"about":[{"href":"http:\/\/ksiegarnia-akademicka.pl\/index.php\/wp-json\/wp\/v2\/types\/product"}],"wp:featuredmedia":[{"embeddable":true,"href":"http:\/\/ksiegarnia-akademicka.pl\/index.php\/wp-json\/wp\/v2\/media\/16943"}],"wp:attachment":[{"href":"http:\/\/ksiegarnia-akademicka.pl\/index.php\/wp-json\/wp\/v2\/media?parent=16942"}],"wp:term":[{"taxonomy":"product_brand","embeddable":true,"href":"http:\/\/ksiegarnia-akademicka.pl\/index.php\/wp-json\/wp\/v2\/product_brand?post=16942"},{"taxonomy":"product_cat","embeddable":true,"href":"http:\/\/ksiegarnia-akademicka.pl\/index.php\/wp-json\/wp\/v2\/product_cat?post=16942"},{"taxonomy":"product_tag","embeddable":true,"href":"http:\/\/ksiegarnia-akademicka.pl\/index.php\/wp-json\/wp\/v2\/product_tag?post=16942"}],"curies":[{"name":"wp","href":"https:\/\/api.w.org\/{rel}","templated":true}]}}