{"id":16852,"date":"2023-11-03T12:53:50","date_gmt":"2023-11-03T11:53:50","guid":{"rendered":"http:\/\/ksiegarnia-akademicka.pl\/?post_type=product&#038;p=16852"},"modified":"2023-11-03T12:53:51","modified_gmt":"2023-11-03T11:53:51","slug":"fundacje-rodzinne-aspekty-prawne-i-podatkowe","status":"publish","type":"product","link":"http:\/\/ksiegarnia-akademicka.pl\/index.php\/product\/fundacje-rodzinne-aspekty-prawne-i-podatkowe\/","title":{"rendered":"Fundacje rodzinne Aspekty prawne i podatkowe"},"content":{"rendered":"<p>Redakcja: Maria\u0144ski Adam<br \/>\nWydawca: Wolters Kluwer<br \/>\nOprawa: Mi\u0119kka<br \/>\nLiczba stron: 352<br \/>\nWydanie: 1<br \/>\nRok wydania: 2023<br \/>\nJ\u0119zyk wydania: polski<\/p>\n<p>Ustawa o fundacjach rodzinnych to niezb\u0119dny instrument budowy firm na pokolenia. Autorzy kompleksowo omawiaj\u0105 zagadnienia zwi\u0105zane z zak\u0142adaniem, rejestrowaniem i funkcjonowaniem fundacji rodzinnych w Polsce, a tak\u017ce komentuj\u0105 poszczeg\u00f3lne przepisy przedmiotowej ustawy i innych zmienianych w tym zakresie akt\u00f3w prawnych (np. podatkowych). Pozwala to zrozumie\u0107 jak przebiega proces budowy takich firm oraz wskaza\u0107 konkretne rozwi\u0105zania na najcz\u0119\u015bciej pojawiaj\u0105ce si\u0119 problemy z tym zwi\u0105zane.<\/p>\n<p>Opracowanie przedstawia r\u00f3wnie\u017c ryzyka nieprawid\u0142owego wdro\u017cenia proces\u00f3w sukcesyjnych, zar\u00f3wno na etapie prowadzenia procesu budowy firmy na pokolenia, jak i samego zak\u0142adania fundacji rodzinnych.<\/p>\n<p>Publikacja zosta\u0142a przygotowana przez praktyk\u00f3w uczestnicz\u0105cych w procesie uchwalenia ustawy o fundacjach rodzinnych, a tak\u017ce zak\u0142adaj\u0105cych i rejestruj\u0105cych fundacje rodzinne w Polsce, a wcze\u015bniej tak\u017ce zagraniczne.<\/p>\n<p>Ksi\u0105\u017cka jest przeznaczona dla adwokat\u00f3w, radc\u00f3w prawnych, s\u0119dzi\u00f3w, notariuszy i doradc\u00f3w podatkowych. B\u0119dzie cennym \u017ar\u00f3d\u0142em wiedzy dla ekonomist\u00f3w i ksi\u0119gowych oraz przedsi\u0119biorc\u00f3w.<\/p>\n","protected":false},"excerpt":{"rendered":"<p>Redakcja: Maria\u0144ski Adam Wydawca: Wolters Kluwer Oprawa: Mi\u0119kka Liczba stron: [&hellip;]<\/p>\n","protected":false},"featured_media":16853,"template":"","meta":[],"product_brand":[],"product_cat":[7491,18],"product_tag":[4584],"class_list":{"0":"post-16852","1":"product","2":"type-product","3":"status-publish","4":"has-post-thumbnail","6":"product_cat-cywilne","7":"product_cat-prawo","8":"product_tag-prawo-rodzinne-i-opiekuncze","10":"first","11":"instock","12":"sale","13":"shipping-taxable","14":"purchasable","15":"product-type-simple"},"_links":{"self":[{"href":"http:\/\/ksiegarnia-akademicka.pl\/index.php\/wp-json\/wp\/v2\/product\/16852","targetHints":{"allow":["GET"]}}],"collection":[{"href":"http:\/\/ksiegarnia-akademicka.pl\/index.php\/wp-json\/wp\/v2\/product"}],"about":[{"href":"http:\/\/ksiegarnia-akademicka.pl\/index.php\/wp-json\/wp\/v2\/types\/product"}],"wp:featuredmedia":[{"embeddable":true,"href":"http:\/\/ksiegarnia-akademicka.pl\/index.php\/wp-json\/wp\/v2\/media\/16853"}],"wp:attachment":[{"href":"http:\/\/ksiegarnia-akademicka.pl\/index.php\/wp-json\/wp\/v2\/media?parent=16852"}],"wp:term":[{"taxonomy":"product_brand","embeddable":true,"href":"http:\/\/ksiegarnia-akademicka.pl\/index.php\/wp-json\/wp\/v2\/product_brand?post=16852"},{"taxonomy":"product_cat","embeddable":true,"href":"http:\/\/ksiegarnia-akademicka.pl\/index.php\/wp-json\/wp\/v2\/product_cat?post=16852"},{"taxonomy":"product_tag","embeddable":true,"href":"http:\/\/ksiegarnia-akademicka.pl\/index.php\/wp-json\/wp\/v2\/product_tag?post=16852"}],"curies":[{"name":"wp","href":"https:\/\/api.w.org\/{rel}","templated":true}]}}