{"id":16692,"date":"2023-09-14T11:01:05","date_gmt":"2023-09-14T09:01:05","guid":{"rendered":"http:\/\/ksiegarnia-akademicka.pl\/?post_type=product&#038;p=16692"},"modified":"2023-09-14T14:33:50","modified_gmt":"2023-09-14T12:33:50","slug":"pisma-prokuratora-w-sprawach-karnych-cywilnych-rodzinnych-i-administracyjnych-z-objasnieniami-i-wzorami-do-pobrania","status":"publish","type":"product","link":"http:\/\/ksiegarnia-akademicka.pl\/index.php\/product\/pisma-prokuratora-w-sprawach-karnych-cywilnych-rodzinnych-i-administracyjnych-z-objasnieniami-i-wzorami-do-pobrania\/","title":{"rendered":"Pisma prokuratora w sprawach karnych, cywilnych, rodzinnych i administracyjnych z obja\u015bnieniami i wzorami do pobrania"},"content":{"rendered":"<p>Autor: prok. del. do PR Magdalena Branicka, SSO dr Bart\u0142omiej Gadecki, prok. del. do PR dr Joanna Karnat<br \/>\nWydawnictwo: C.H. Beck<br \/>\nSeria: Wzory Pism Becka<br \/>\nRok wydania: 2023<br \/>\nWydanie: 2<br \/>\nOprawa: Mi\u0119kka<br \/>\nLiczba stron: 784<br \/>\nWymiary: 145&#215;205 mm<br \/>\nWaga: 850 g<br \/>\nISBN: 978-83-8356-070-0<\/p>\n<p>OPIS KSI\u0104\u017bKI<br \/>\nPliki do pobrania Repozytorium<br \/>\nZbi\u00f3r 210 wzor\u00f3w pism przydatnych w praktyce prokuratorskiej.<\/p>\n<p>Publikacja zawiera szczeg\u00f3\u0142owe zestawienie 210 wzor\u00f3w pism, postanowie\u0144, wniosk\u00f3w i odwo\u0142a\u0144 w sprawach karnych, cywilnych, rodzinnych i administracyjnych, kt\u00f3re mog\u0105 by\u0107 najbardziej przydatne w praktyce prokuratorskiej. Ka\u017cdy wz\u00f3r posiada uwagi i obja\u015bnienia oraz wykaz najwa\u017cniejszego orzecznictwa.<\/p>\n<p>Prezentowane, 2. wydanie publikacji uwzgl\u0119dnia najnowszy stan prawny, w tym wszystkie zmiany, kt\u00f3re wesz\u0142y w \u017cycie od poprzedniego wydania w zakresie prawa karnego, cywilnego, rodzinnego i administracyjnego, wprowadzone m.in.:<\/p>\n<p>ustaw\u0105 z 9.3.2023 r. o zmianie ustawy \u2013 Kodeks post\u0119powania cywilnego oraz niekt\u00f3rych innych ustaw (Dz.U. z 2023 r. poz. 614),<br \/>\noraz projektowane zmiany, wynikaj\u0105ce m.in. z:<\/p>\n<p>projektu z 31.3.2023 r. ustawy o zmianie ustawy \u2013 Kodeks post\u0119powania cywilnego, ustawy \u2013 Prawo o ustroju s\u0105d\u00f3w powszechnych, ustawy \u2013 Kodeks post\u0119powania karnego oraz niekt\u00f3rych innych ustaw (druk sejmowy Nr 3216).<br \/>\nPublikacja podzielona zosta\u0142a na 3 cz\u0119\u015bci.<\/p>\n<p>Cz\u0119\u015b\u0107 I zawiera wzory z zakresu prawa karnego dotycz\u0105ce:<\/p>\n<p>w\u0142a\u015bciwo\u015bci miejscowej prokuratury (m.in. pismo o przekazaniu sprawy wed\u0142ug w\u0142a\u015bciwo\u015bci, wnioski o rozstrzygni\u0119cie sporu kompetencyjnego),<br \/>\nprzebiegu post\u0119powania przygotowawczego (m.in. zarz\u0105dzenie o wyra\u017ceniu zgody na cofni\u0119cie wniosku o \u015bciganie, wniosek o wyznaczenie obro\u0144cy z urz\u0119du, postanowienie o wszcz\u0119ciu \u015bledztwa, plan \u015bledztwa, wniosek o przed\u0142u\u017cenie \u015bledztwa do jednostki nadrz\u0119dnej, uzasadnienie postanowienia o przedstawieniu zarzut\u00f3w, postanowienie o zmianie zarzutu),<br \/>\ndowod\u00f3w (m.in. zarz\u0105dzenie o przeprowadzeniu wywiadu \u015brodowiskowego, wniosek o zezwolenie na przes\u0142uchanie osoby obowi\u0105zanej do zachowania tajemnicy lekarskiej co do fakt\u00f3w obj\u0119tych tajemnic\u0105, postanowienie o powo\u0142aniu bieg\u0142ego psychologa, postanowienie o zatwierdzeniu przeszukania osoby),<br \/>\npost\u0119powania z dowodami rzeczowymi (m.in. postanowienie w przedmiocie dowod\u00f3w rzeczowych po umorzeniu, wniosek o orzeczenie przepadku dowodu rzeczowego),<br \/>\nzawieszenia post\u0119powania (m.in. postanowienie o zawieszeniu \u015bledztwa, zarz\u0105dzenie o poszukiwaniu osoby podejrzanej w celu ustalenia miejsca jej pobytu oraz dor\u0119czeniu wezwania, List go\u0144czy, postanowienie o uchyleniu postanowienia o poszukiwaniu podejrzanego oraz jego zatrzymaniu),<br \/>\n\u015brodk\u00f3w zapobiegawczych (m.in. postanowienie o zastosowaniu dozoru Policji, protok\u00f3\u0142 przyj\u0119cia por\u0119czenia maj\u0105tkowego, wniosek o zastosowanie tymczasowego aresztowania, zarz\u0105dzenie o zatrzymaniu korespondencji tymczasowo aresztowanego, zarz\u0105dzenie o wyra\u017ceniu zgody na jednorazowe widzenie, nakaz doprowadzenia tymczasowo aresztowanego\/osadzonego),<br \/>\nodmowy wszcz\u0119cia oraz umorzenia post\u0119powania przygotowawczego (m.in. postanowienie o umorzeniu dochodzenia w cz\u0119\u015bci, postanowienie o podj\u0119ciu na nowo umorzonego \u015bledztwa, pismo do Prokuratora Okr\u0119gowego o braku podstaw do podj\u0119cia na nowo umorzonego post\u0119powania, pismo przesy\u0142aj\u0105ce za\u017calenie do s\u0105du),<br \/>\naktu oskar\u017cenia, wniosku o warunkowe umorzenie post\u0119powania, wniosku o umorzenie post\u0119powania i zastosowanie \u015brodk\u00f3w zabezpieczaj\u0105cych (m.in. postanowienie o zamkni\u0119ciu \u015bledztwa, wniosek o skazanie bez rozprawy, akt oskar\u017cenia, wniosek o umorzenie post\u0119powania i zastosowanie \u015brodk\u00f3w zabezpieczaj\u0105cych),<br \/>\napelacji, za\u017cale\u0144 i sprzeciw\u00f3w (m.in. zarz\u0105dzenie o przyj\u0119ciu za\u017calenia, apelacja, odpowied\u017a na apelacj\u0119, sprzeciw od wyroku nakazowego, za\u017calenie na postanowienie w przedmiocie zwolnienia oskar\u017conego z obowi\u0105zku uiszczenia koszt\u00f3w procesu),<br \/>\nnadzwyczajnych \u015brodk\u00f3w zaskar\u017cenia (kasacja i odpowied\u017a na kasacj\u0119),<br \/>\nkoszt\u00f3w procesu (m.in. postanowienie o przyznaniu koszt\u00f3w udzielonej pomocy prawnej, postanowienie o przyznaniu wynagrodzenia bieg\u0142emu, postanowienie o przyznaniu \u015bwiadkowi zwrotu utraconego zarobku),<br \/>\npost\u0119powania z poszczeg\u00f3lnych przest\u0119pstw (post\u0119powanie o przest\u0119pstwa zwi\u0105zane ze spowodowaniem \u015bmierci, post\u0119powanie o przest\u0119pstwo prowadzenia pojazdu w stanie nietrze\u017awo\u015bci, post\u0119powanie o przest\u0119pstwa seksualne, post\u0119powanie o przest\u0119pstwo zn\u0119cania si\u0119, post\u0119powanie o przest\u0119pstwa narkotykowe, post\u0119powanie o przest\u0119pstwa pope\u0142nione za po\u015brednictwem system\u00f3w teleinformatycznych, post\u0119powanie o przest\u0119pstwa gospodarcze),<br \/>\nwsp\u00f3\u0142pracy mi\u0119dzynarodowej (m.in. Europejski Nakaz Dochodzeniowy, wniosek o wykonanie czynno\u015bci w drodze mi\u0119dzynarodowej pomocy prawnej),<br \/>\npost\u0119powania wykonawczego (m.in. wniosek o zarz\u0105dzenie wykonania kary, za\u017calenie na postanowienie o umorzeniu grzywny).<br \/>\nCz\u0119\u015b\u0107 II to wzory z zakresu prawa cywilnego, rodzinnego i opieku\u0144czego dotycz\u0105ce:<\/p>\n<p>prawa stanu (m.in. pozew o ustalenie ojcostwa, pozew o ustalenie bezskuteczno\u015bci uznania ojcostwa),<br \/>\nw\u0142adzy rodzicielskiej i obowi\u0105zku alimentacyjnego (m.in. wniosek o pozbawienie w\u0142adzy rodzicielskiej, wniosek o orzeczenie zakazu kontaktu z dzieckiem, pozew o alimenty),<br \/>\nustanowienia kuratora (m.in. wniosek o ustanowienie kuratora dla ma\u0142oletniego, wniosek o ustanowienie kuratora dla zmar\u0142ego),<br \/>\npozw\u00f3w wytaczanych na rzecz okre\u015blonej osoby\/Skarbu Pa\u0144stwa (m.in. pow\u00f3dztwo na rzecz Skarbu Pa\u0144stwa o orzeczenie przepadku \u015bwiadczenia lub jego warto\u015bci, pozew o zado\u015b\u0107uczynienie, pozew o odszkodowanie i zado\u015b\u0107uczynienie na rzecz najbli\u017cszych cz\u0142onk\u00f3w rodziny zmar\u0142ego),<br \/>\nubezw\u0142asnowolnienia (m.in. wniosek o ubezw\u0142asnowolnienie ca\u0142kowite, wniosek o umieszczenie w szpitalu psychiatrycznym),<br \/>\neksmisji (pozew o eksmisj\u0119).<br \/>\nCz\u0119\u015b\u0107 III to wzory z zakresu prawa administracyjnego, w tym, m.in.:<\/p>\n<p>wniosek o wszcz\u0119cie post\u0119powania administracyjnego o wymeldowanie,<br \/>\nwniosek o wszcz\u0119cie post\u0119powania administracyjnego w przedmiocie skierowania na badania dotycz\u0105ce przeciwwskaza\u0144 do kierowania pojazdami mechanicznymi,<br \/>\nskarga na decyzj\u0119 organu administracji publicznej do s\u0105du administracyjnego,<br \/>\nskarga kasacyjna,<br \/>\nwniosek o wszcz\u0119cie post\u0119powania o wykre\u015blenie przedsi\u0119biorcy z CEIDG.<br \/>\nW 2. wydaniu publikacji dodano m.in. nast\u0119puj\u0105ce wzory:<\/p>\n<p>wniosek o ustanowienie kuratora dla osoby nieznanej z miejsca pobytu,<br \/>\npozew o stwierdzenie niewa\u017cno\u015bci czynno\u015bci prawnej (umowy),<br \/>\npostanowienie o przyznaniu wynagrodzenia bieg\u0142emu,<br \/>\npostanowienie o przyznaniu wynagrodzenia bieg\u0142emu w cz\u0119\u015bci,<br \/>\npostanowienie o zabezpieczeniu maj\u0105tkowym,<br \/>\npostanowienie o blokadzie rachunku,<br \/>\npostanowienie o \u017c\u0105daniu wydania danych i przeszukaniu systemu informatycznego,<br \/>\npostanowienie o poszukiwaniu podejrzanego listem go\u0144czym,<br \/>\nzarz\u0105dzenie o wyra\u017ceniu zgody na korzystanie przez tymczasowo aresztowanego z aparatu telefonicznego,<br \/>\npostanowienie o wydaniu Europejskiego Nakazu Dochodzeniowego.<br \/>\nKa\u017cdy ze wzor\u00f3w stanowi przyk\u0142ad praktycznego zastosowania wyk\u0142adni przepis\u00f3w. Dodane za\u015b orzecznictwo s\u0105dowe s\u0142u\u017cy przybli\u017ceniu pogl\u0105d\u00f3w judykatury maj\u0105cej cz\u0119sto kluczowe znaczenie w rozwa\u017caniu sposobu post\u0119powania w sprawach o zbli\u017conym stanie faktycznym i prawnym.<\/p>\n<p>Publikacja adresowana jest do prokurator\u00f3w oraz asesor\u00f3w, a tak\u017ce asystent\u00f3w prokuratora. Szczeg\u00f3lnie przydatna b\u0119dzie r\u00f3wnie\u017c aplikantom prokuratorskim oraz studentom.<\/p>\n","protected":false},"excerpt":{"rendered":"<p>Autor: prok. del. do PR Magdalena Branicka, SSO dr Bart\u0142omiej [&hellip;]<\/p>\n","protected":false},"featured_media":16693,"template":"","meta":[],"product_brand":[],"product_cat":[7491,7490,18],"product_tag":[296,7686],"class_list":{"0":"post-16692","1":"product","2":"type-product","3":"status-publish","4":"has-post-thumbnail","6":"product_cat-cywilne","7":"product_cat-karne","8":"product_cat-prawo","9":"product_tag-prawo-karne","10":"product_tag-seria-wzory-pism-becka","12":"first","13":"instock","14":"sale","15":"shipping-taxable","16":"purchasable","17":"product-type-simple"},"_links":{"self":[{"href":"http:\/\/ksiegarnia-akademicka.pl\/index.php\/wp-json\/wp\/v2\/product\/16692","targetHints":{"allow":["GET"]}}],"collection":[{"href":"http:\/\/ksiegarnia-akademicka.pl\/index.php\/wp-json\/wp\/v2\/product"}],"about":[{"href":"http:\/\/ksiegarnia-akademicka.pl\/index.php\/wp-json\/wp\/v2\/types\/product"}],"wp:featuredmedia":[{"embeddable":true,"href":"http:\/\/ksiegarnia-akademicka.pl\/index.php\/wp-json\/wp\/v2\/media\/16693"}],"wp:attachment":[{"href":"http:\/\/ksiegarnia-akademicka.pl\/index.php\/wp-json\/wp\/v2\/media?parent=16692"}],"wp:term":[{"taxonomy":"product_brand","embeddable":true,"href":"http:\/\/ksiegarnia-akademicka.pl\/index.php\/wp-json\/wp\/v2\/product_brand?post=16692"},{"taxonomy":"product_cat","embeddable":true,"href":"http:\/\/ksiegarnia-akademicka.pl\/index.php\/wp-json\/wp\/v2\/product_cat?post=16692"},{"taxonomy":"product_tag","embeddable":true,"href":"http:\/\/ksiegarnia-akademicka.pl\/index.php\/wp-json\/wp\/v2\/product_tag?post=16692"}],"curies":[{"name":"wp","href":"https:\/\/api.w.org\/{rel}","templated":true}]}}