{"id":16460,"date":"2023-03-11T12:41:08","date_gmt":"2023-03-11T11:41:08","guid":{"rendered":"http:\/\/ksiegarnia-akademicka.pl\/?post_type=product&#038;p=16460"},"modified":"2023-03-11T12:41:08","modified_gmt":"2023-03-11T11:41:08","slug":"zarzuty-apelacyjne-w-procesie-cywilnym","status":"publish","type":"product","link":"http:\/\/ksiegarnia-akademicka.pl\/index.php\/product\/zarzuty-apelacyjne-w-procesie-cywilnym\/","title":{"rendered":"Zarzuty apelacyjne w procesie cywilnym"},"content":{"rendered":"<p>Nale\u017cy do serii:<br \/>\nBIBLIOTEKA S\u0104DOWA<br \/>\nAutor:<br \/>\nBieli\u0144ski Arkadiusz, Drozdowicz Krzysztof, Marcewicz-Kochnio Olimpia, May Joanna<br \/>\nWydawca: Wolters Kluwer<br \/>\nOprawa: Twarda<br \/>\nFormat: 17.5&#215;24.5cm<br \/>\nLiczba stron: 396<br \/>\nWydanie: 1<br \/>\nRok wydania: 2023<br \/>\nJ\u0119zyk wydania: polski<\/p>\n<p>Prawid\u0142owe formu\u0142owanie zarzut\u00f3w apelacyjnych to podstawa pracy zawodowej adwokata i radcy prawnego. Dlaczego wi\u0119c nie uczy\u0107 si\u0119 tego od najlepszych praktyk\u00f3w i teoretyk\u00f3w z najbardziej uznanych o\u015brodk\u00f3w akademickich w Polsce?<\/p>\n<p>Poznaj kompendium wiedzy na temat mo\u017cliwo\u015bci i sposob\u00f3w korzystania z procesowo dopuszczalnych \u015brodk\u00f3w obrony przed niekorzystnymi skutkami wyroku pierwszej instancji. Znajdziesz w nim jedynie zarzuty charakterystyczne dla procesu odwo\u0142awczego, co pozwoli Ci skupi\u0107 si\u0119 na doskonaleniu warsztatu sporz\u0105dzania apelacji.<\/p>\n<p>W kolejnych rozdzia\u0142ach znajdziesz om\u00f3wienie takich zarzut\u00f3w, jak:<br \/>\nb\u0142\u0119dne ustalenie stanu faktycznego sprawy,<br \/>\nniew\u0142a\u015bciwe zastosowanie lub niezastosowanie prawa materialnego,<br \/>\nb\u0142\u0119dna wyk\u0142adnia prawa materialnego,<br \/>\nb\u0142\u0119dna wyk\u0142adnia o\u015bwiadczenia woli,<br \/>\nwadliwe roz\u0142o\u017cenie ci\u0119\u017caru dowod\u00f3w,<br \/>\nnaruszenie przepis\u00f3w post\u0119powania,<br \/>\nuchybienie regu\u0142om prekluzji dowodowej,<br \/>\nnaruszenie zasady swobodnej oceny dowod\u00f3w,<br \/>\nbrak interesu prawnego w zaskar\u017ceniu orzeczenia,<br \/>\nwadliwe uzasadnienie zaskar\u017conego orzeczenia,<br \/>\nnierozpoznanie istoty sprawy,<br \/>\nniewa\u017cno\u015b\u0107 post\u0119powania.<\/p>\n","protected":false},"excerpt":{"rendered":"<p>Nale\u017cy do serii: BIBLIOTEKA S\u0104DOWA Autor: Bieli\u0144ski Arkadiusz, Drozdowicz Krzysztof, [&hellip;]<\/p>\n","protected":false},"featured_media":16461,"template":"","meta":[],"product_brand":[],"product_cat":[7491,18],"product_tag":[692,4745],"class_list":{"0":"post-16460","1":"product","2":"type-product","3":"status-publish","4":"has-post-thumbnail","6":"product_cat-cywilne","7":"product_cat-prawo","8":"product_tag-postepowanie-cywilne","9":"product_tag-seria-biblioteka-sadowa-2","11":"first","12":"instock","13":"sale","14":"shipping-taxable","15":"purchasable","16":"product-type-simple"},"_links":{"self":[{"href":"http:\/\/ksiegarnia-akademicka.pl\/index.php\/wp-json\/wp\/v2\/product\/16460","targetHints":{"allow":["GET"]}}],"collection":[{"href":"http:\/\/ksiegarnia-akademicka.pl\/index.php\/wp-json\/wp\/v2\/product"}],"about":[{"href":"http:\/\/ksiegarnia-akademicka.pl\/index.php\/wp-json\/wp\/v2\/types\/product"}],"wp:featuredmedia":[{"embeddable":true,"href":"http:\/\/ksiegarnia-akademicka.pl\/index.php\/wp-json\/wp\/v2\/media\/16461"}],"wp:attachment":[{"href":"http:\/\/ksiegarnia-akademicka.pl\/index.php\/wp-json\/wp\/v2\/media?parent=16460"}],"wp:term":[{"taxonomy":"product_brand","embeddable":true,"href":"http:\/\/ksiegarnia-akademicka.pl\/index.php\/wp-json\/wp\/v2\/product_brand?post=16460"},{"taxonomy":"product_cat","embeddable":true,"href":"http:\/\/ksiegarnia-akademicka.pl\/index.php\/wp-json\/wp\/v2\/product_cat?post=16460"},{"taxonomy":"product_tag","embeddable":true,"href":"http:\/\/ksiegarnia-akademicka.pl\/index.php\/wp-json\/wp\/v2\/product_tag?post=16460"}],"curies":[{"name":"wp","href":"https:\/\/api.w.org\/{rel}","templated":true}]}}