{"id":16417,"date":"2023-03-02T08:58:43","date_gmt":"2023-03-02T07:58:43","guid":{"rendered":"http:\/\/ksiegarnia-akademicka.pl\/?post_type=product&#038;p=16417"},"modified":"2024-12-05T09:20:19","modified_gmt":"2024-12-05T08:20:19","slug":"chirurgia-naczyniowa-tom-1","status":"publish","type":"product","link":"http:\/\/ksiegarnia-akademicka.pl\/index.php\/product\/chirurgia-naczyniowa-tom-1\/","title":{"rendered":"Chirurgia naczyniowa Tom 1"},"content":{"rendered":"<p>Redakcja: Andziak Piotr<br \/>\nWydawca: PZWL<br \/>\nOprawa: Mi\u0119kka<br \/>\nFormat: 20.5&#215;24.5cm<br \/>\nLiczba stron: 400<br \/>\nWydanie: 1<br \/>\nRok wydania: 2023<br \/>\nJ\u0119zyk wydania: polski<\/p>\n<p>Ca\u0142kowicie nowe opracowanie odzwierciedlaj\u0105ce wielospecjalistyczne podej\u015bcie do leczenia chor\u00f3b t\u0119tnic i \u017cy\u0142 obwodowych, kt\u00f3re obecnie jest ju\u017c standardem we wszystkich o\u015brodkach chirurgii naczyniowej. Autorzy \u2013 specjali\u015bci w dziedzinie chirurgii naczyniowej i dziedzinach pokrewnych, o du\u017cym do\u015bwiadczeniu klinicznym, wywodz\u0105cy si\u0119 z wielu o\u015brodk\u00f3w klinicznych w Polsce, przygotowali podr\u0119cznik zawieraj\u0105cy aktualn\u0105 i wszechstronn\u0105 wiedz\u0119 zakresu rozpoznawania i leczenia chor\u00f3b t\u0119tnic i \u017cy\u0142 obwodowych. Publikacja odpowiada obecnym potrzebom szkolenia specjalizacyjnego w zakresie chirurgii naczyniowej. W poszczeg\u00f3lnych rozdzia\u0142ach om\u00f3wiono zagadnienia z zakresu: epidemiologii, fizjologii, patofizjologii, diagnostyki, wskaza\u0144 i przeciwwskaza\u0144 do leczenia operacyjnego, dost\u0119p\u00f3w i techniki operacyjnej oraz wczesnych i odleg\u0142ych wynik\u00f3w leczenia z uwzgl\u0119dnieniem leczenia powik\u0142a\u0144. Przy opisywaniu rodzaj\u00f3w operacji wykonywanych w poszczeg\u00f3lnych cz\u0119\u015bciach drzewa naczyniowego szczeg\u00f3lny nacisk po\u0142o\u017cono na metody wewn\u0105trznaczyniowe, poniewa\u017c w tym obszarze dosz\u0142o do najwi\u0119kszych zmian technicznych i technologicznych zwi\u0119kszaj\u0105cych mo\u017cliwo\u015bci operacji. Pozwoli\u0142o to na uzyskiwanie wynik\u00f3w por\u00f3wnywalnych z chirurgi\u0105 klasyczn\u0105, a w niekt\u00f3rych przypadkach znacznie lepszych ni\u017c po zastosowaniu operacji otwartych. Mimo, \u017ce technika wi\u0119kszo\u015bci operacji klasycznych nie zmieni\u0142a si\u0119 w ci\u0105gu ostatnich kilkunastu, a nawet kilkudziesi\u0119ciu lat to wskazania do tych zabieg\u00f3w oraz ich technika zosta\u0142y szczeg\u00f3\u0142owo przedstawione w odpowiednich rozdzia\u0142ach.<\/p>\n","protected":false},"excerpt":{"rendered":"<p>Redakcja: Andziak Piotr Wydawca: PZWL Oprawa: Mi\u0119kka Format: 20.5&#215;24.5cm Liczba [&hellip;]<\/p>\n","protected":false},"featured_media":16418,"template":"","meta":[],"product_brand":[],"product_cat":[8130,7493],"product_tag":[4647],"class_list":{"0":"post-16417","1":"product","2":"type-product","3":"status-publish","4":"has-post-thumbnail","6":"product_cat-chirurgia","7":"product_cat-medycyna","8":"product_tag-chirurgia","10":"first","11":"instock","12":"sale","13":"shipping-taxable","14":"purchasable","15":"product-type-simple"},"_links":{"self":[{"href":"http:\/\/ksiegarnia-akademicka.pl\/index.php\/wp-json\/wp\/v2\/product\/16417","targetHints":{"allow":["GET"]}}],"collection":[{"href":"http:\/\/ksiegarnia-akademicka.pl\/index.php\/wp-json\/wp\/v2\/product"}],"about":[{"href":"http:\/\/ksiegarnia-akademicka.pl\/index.php\/wp-json\/wp\/v2\/types\/product"}],"wp:featuredmedia":[{"embeddable":true,"href":"http:\/\/ksiegarnia-akademicka.pl\/index.php\/wp-json\/wp\/v2\/media\/16418"}],"wp:attachment":[{"href":"http:\/\/ksiegarnia-akademicka.pl\/index.php\/wp-json\/wp\/v2\/media?parent=16417"}],"wp:term":[{"taxonomy":"product_brand","embeddable":true,"href":"http:\/\/ksiegarnia-akademicka.pl\/index.php\/wp-json\/wp\/v2\/product_brand?post=16417"},{"taxonomy":"product_cat","embeddable":true,"href":"http:\/\/ksiegarnia-akademicka.pl\/index.php\/wp-json\/wp\/v2\/product_cat?post=16417"},{"taxonomy":"product_tag","embeddable":true,"href":"http:\/\/ksiegarnia-akademicka.pl\/index.php\/wp-json\/wp\/v2\/product_tag?post=16417"}],"curies":[{"name":"wp","href":"https:\/\/api.w.org\/{rel}","templated":true}]}}