{"id":16253,"date":"2023-02-08T10:30:06","date_gmt":"2023-02-08T09:30:06","guid":{"rendered":"http:\/\/ksiegarnia-akademicka.pl\/?post_type=product&#038;p=16253"},"modified":"2025-04-03T13:03:56","modified_gmt":"2025-04-03T11:03:56","slug":"ksiegowania-2023-wg-regulacji-uor-mssf-msr-oraz-podatkowych","status":"publish","type":"product","link":"http:\/\/ksiegarnia-akademicka.pl\/index.php\/product\/ksiegowania-2023-wg-regulacji-uor-mssf-msr-oraz-podatkowych\/","title":{"rendered":"Ksi\u0119gowania 2023 wg regulacji UoR, MSSF\/MSR oraz podatkowych"},"content":{"rendered":"<p>Autor:<br \/>\nKatarzyna Trzpio\u0142a<br \/>\nWydawca: Wiedza i Praktyka<br \/>\nOprawa: Mi\u0119kka<br \/>\nFormat: 16.0&#215;23.5cm<br \/>\nLiczba stron: 450<br \/>\nRok wydania: 2023<br \/>\nJ\u0119zyk wydania: polski<\/p>\n<p>W ksi\u0105\u017cce zaprezentowano wybrane zdarzenia gospodarcze i ich skutki w ksi\u0119gach rachunkowych. Dzi\u0119ki tej publikacji zyskasz nowe spojrzenie na regulacje MSSF z punktu widzenia uj\u0119cia zdarzenia gospodarczego. B\u0119dziesz mia\u0142 okazj\u0119 zapozna\u0107 si\u0119 z licznymi przyk\u0142adami wyceny i ksi\u0119gowa\u0144, dobranymi tak, aby\u015b m\u00f3g\u0142 w przyst\u0119pny spos\u00f3b zrozumie\u0107, \u017ce w przypadku tych najbardziej powtarzalnych podczas ujmowania ich w ksi\u0119gach rachunkowych rz\u0105dz\u0105 te same regu\u0142y, a rozbie\u017cno\u015bci nie musz\u0105 by\u0107 a\u017c tak du\u017ce i trudne do stosowania, jak wskazuje stereotyp.<\/p>\n","protected":false},"excerpt":{"rendered":"<p>Autor: Katarzyna Trzpio\u0142a Wydawca: Wiedza i Praktyka Oprawa: Mi\u0119kka Format: [&hellip;]<\/p>\n","protected":false},"featured_media":16254,"template":"","meta":[],"product_brand":[],"product_cat":[22,23],"product_tag":[355,1055,1496],"class_list":{"0":"post-16253","1":"product","2":"type-product","3":"status-publish","4":"has-post-thumbnail","6":"product_cat-podatki-i-prawo-podatkowe","7":"product_cat-rachunkowosc","8":"product_tag-podatki","9":"product_tag-prawo-podatkowe","10":"product_tag-rachunkowosc","12":"first","13":"outofstock","14":"sale","15":"shipping-taxable","16":"purchasable","17":"product-type-simple"},"_links":{"self":[{"href":"http:\/\/ksiegarnia-akademicka.pl\/index.php\/wp-json\/wp\/v2\/product\/16253","targetHints":{"allow":["GET"]}}],"collection":[{"href":"http:\/\/ksiegarnia-akademicka.pl\/index.php\/wp-json\/wp\/v2\/product"}],"about":[{"href":"http:\/\/ksiegarnia-akademicka.pl\/index.php\/wp-json\/wp\/v2\/types\/product"}],"wp:featuredmedia":[{"embeddable":true,"href":"http:\/\/ksiegarnia-akademicka.pl\/index.php\/wp-json\/wp\/v2\/media\/16254"}],"wp:attachment":[{"href":"http:\/\/ksiegarnia-akademicka.pl\/index.php\/wp-json\/wp\/v2\/media?parent=16253"}],"wp:term":[{"taxonomy":"product_brand","embeddable":true,"href":"http:\/\/ksiegarnia-akademicka.pl\/index.php\/wp-json\/wp\/v2\/product_brand?post=16253"},{"taxonomy":"product_cat","embeddable":true,"href":"http:\/\/ksiegarnia-akademicka.pl\/index.php\/wp-json\/wp\/v2\/product_cat?post=16253"},{"taxonomy":"product_tag","embeddable":true,"href":"http:\/\/ksiegarnia-akademicka.pl\/index.php\/wp-json\/wp\/v2\/product_tag?post=16253"}],"curies":[{"name":"wp","href":"https:\/\/api.w.org\/{rel}","templated":true}]}}