{"id":16246,"date":"2023-02-08T10:18:57","date_gmt":"2023-02-08T09:18:57","guid":{"rendered":"http:\/\/ksiegarnia-akademicka.pl\/?post_type=product&#038;p=16246"},"modified":"2023-02-08T10:18:58","modified_gmt":"2023-02-08T09:18:58","slug":"odpowiedzialnosc-dyscyplinarna-sedziow-prokuratorow-adwokatow-radcow-prawnych-i-notariuszy","status":"publish","type":"product","link":"http:\/\/ksiegarnia-akademicka.pl\/index.php\/product\/odpowiedzialnosc-dyscyplinarna-sedziow-prokuratorow-adwokatow-radcow-prawnych-i-notariuszy\/","title":{"rendered":"Odpowiedzialno\u015b\u0107 dyscyplinarna s\u0119dzi\u00f3w, prokurator\u00f3w, adwokat\u00f3w, radc\u00f3w prawnych i notariuszy"},"content":{"rendered":"<p>Nale\u017cy do serii:<br \/>\nBIBLIOTEKA S\u0104DOWA<br \/>\nAutor:<br \/>\nWies\u0142aw Kozielewicz<br \/>\nWydawca: Wolters Kluwer<br \/>\nOprawa: Twarda<br \/>\nFormat: 17.6&#215;25.0cm<br \/>\nLiczba stron: 604<br \/>\nWydanie: 3<br \/>\nRok wydania: 2023<br \/>\nJ\u0119zyk wydania: polski<\/p>\n<p>W ksi\u0105\u017cce przedstawiono instytucj\u0119 odpowiedzialno\u015bci dyscyplinarnej zawod\u00f3w prawniczych s\u0142u\u017cby publicznej: s\u0119dziego i prokuratora, oraz prawniczych zawod\u00f3w zaufania publicznego: adwokata, radcy prawnego i notariusza. Autor omawia przebieg poszczeg\u00f3lnych etap\u00f3w post\u0119powania dyscyplinarnego, \u015brodki zaskar\u017cenia orzecze\u0144 dyscyplinarnych, nadzwyczajne \u015brodki zaskar\u017cenia oraz wznowienie post\u0119powania dyscyplinarnego, a tak\u017ce instytucje materialnego prawa dyscyplinarnego. Powo\u0142uje orzecznictwo Trybuna\u0142u Konstytucyjnego, Trybuna\u0142u Sprawiedliwo\u015bci Unii Europejskiej, Europejskiego Trybuna\u0142u Praw Cz\u0142owieka.<\/p>\n<p>W publikacji wskazano zmiany w obszarze odpowiedzialno\u015bci dyscyplinarnej, kt\u00f3re mia\u0142y miejsce w latach 2017\u20132022. Du\u017co miejsca po\u015bwi\u0119cono nowym rozwi\u0105zaniom, zmieniaj\u0105cym model odpowiedzialno\u015bci dyscyplinarnej s\u0119dzi\u00f3w i prokurator\u00f3w, w tym stanowi prawnemu po zlikwidowaniu Izby Dyscyplinarnej S\u0105du Najwy\u017cszego.<\/p>\n<p>Ka\u017cdy rozdzia\u0142 dotyczy innego zawodu prawniczego, lecz jest zbudowany wed\u0142ug tego samego porz\u0105dku: om\u00f3wienie kszta\u0142towania si\u0119 odpowiedzialno\u015bci dyscyplinarnej w danym zawodzie w Polsce; analiza kwestii szczeg\u00f3\u0142owych dotycz\u0105cych przebiegu post\u0119powania dyscyplinarnego w danej grupie zawodowej; orzeczenia S\u0105du Najwy\u017cszego obrazuj\u0105ce najcz\u0119\u015bciej wyst\u0119puj\u0105ce przewinienia dyscyplinarne, a tak\u017ce wyci\u0105gi z ustaw z zakresu odpowiedzialno\u015bci dyscyplinarnej oraz zbiory zasad etyki danego zawodu. Publikacj\u0119 ko\u0144cz\u0105 rozdzia\u0142 prezentuj\u0105cy propozycje zmian prawa dyscyplinarnego i uwagi de lege ferenda.<\/p>\n<p>Stan prawny na 1 stycznia 2023 roku<\/p>\n","protected":false},"excerpt":{"rendered":"<p>Nale\u017cy do serii: BIBLIOTEKA S\u0104DOWA Autor: Wies\u0142aw Kozielewicz Wydawca: Wolters [&hellip;]<\/p>\n","protected":false},"featured_media":16247,"template":"","meta":[],"product_brand":[],"product_cat":[7491,7490,18],"product_tag":[615,296,4745],"class_list":{"0":"post-16246","1":"product","2":"type-product","3":"status-publish","4":"has-post-thumbnail","6":"product_cat-cywilne","7":"product_cat-karne","8":"product_cat-prawo","9":"product_tag-prawo-cywilne","10":"product_tag-prawo-karne","11":"product_tag-seria-biblioteka-sadowa-2","13":"first","14":"instock","15":"sale","16":"shipping-taxable","17":"purchasable","18":"product-type-simple"},"_links":{"self":[{"href":"http:\/\/ksiegarnia-akademicka.pl\/index.php\/wp-json\/wp\/v2\/product\/16246","targetHints":{"allow":["GET"]}}],"collection":[{"href":"http:\/\/ksiegarnia-akademicka.pl\/index.php\/wp-json\/wp\/v2\/product"}],"about":[{"href":"http:\/\/ksiegarnia-akademicka.pl\/index.php\/wp-json\/wp\/v2\/types\/product"}],"wp:featuredmedia":[{"embeddable":true,"href":"http:\/\/ksiegarnia-akademicka.pl\/index.php\/wp-json\/wp\/v2\/media\/16247"}],"wp:attachment":[{"href":"http:\/\/ksiegarnia-akademicka.pl\/index.php\/wp-json\/wp\/v2\/media?parent=16246"}],"wp:term":[{"taxonomy":"product_brand","embeddable":true,"href":"http:\/\/ksiegarnia-akademicka.pl\/index.php\/wp-json\/wp\/v2\/product_brand?post=16246"},{"taxonomy":"product_cat","embeddable":true,"href":"http:\/\/ksiegarnia-akademicka.pl\/index.php\/wp-json\/wp\/v2\/product_cat?post=16246"},{"taxonomy":"product_tag","embeddable":true,"href":"http:\/\/ksiegarnia-akademicka.pl\/index.php\/wp-json\/wp\/v2\/product_tag?post=16246"}],"curies":[{"name":"wp","href":"https:\/\/api.w.org\/{rel}","templated":true}]}}