{"id":16182,"date":"2023-01-23T15:32:22","date_gmt":"2023-01-23T14:32:22","guid":{"rendered":"http:\/\/ksiegarnia-akademicka.pl\/?post_type=product&#038;p=16182"},"modified":"2024-12-05T09:03:39","modified_gmt":"2024-12-05T08:03:39","slug":"ustawa-o-funkcjonowaniu-bankow-spoldzielczych-ich-zrzeszaniu-sie-i-bankach-zrzeszajacych-komentarz","status":"publish","type":"product","link":"http:\/\/ksiegarnia-akademicka.pl\/index.php\/product\/ustawa-o-funkcjonowaniu-bankow-spoldzielczych-ich-zrzeszaniu-sie-i-bankach-zrzeszajacych-komentarz\/","title":{"rendered":"Ustawa o funkcjonowaniu bank\u00f3w sp\u00f3\u0142dzielczych, ich zrzeszaniu si\u0119 i bankach zrzeszaj\u0105cych. Komentarz"},"content":{"rendered":"<p>Redakcja: prof. dr hab Konrad Osajda LL.M., dr hab. Bogus\u0142aw Lackoro\u0144ski<br \/>\nWydawca: C.H. Beck<br \/>\nSeria: Kr\u00f3tkie Komentarze Becka<br \/>\nRok wydania: 2023<br \/>\nOprawa: Mi\u0119kka ze skrzyde\u0142kami<br \/>\nLiczba stron: 380<br \/>\nWymiary: 145&#215;205 mm<br \/>\nWaga: 490 g<br \/>\nISBN: 978-83-8291-725-3<\/p>\n<p>Najobszerniejszy na rynku wydawniczym, komentarz do ustawy z 7.12.2000 r. o funkcjonowaniu bank\u00f3w sp\u00f3\u0142dzielczych, ich zrzeszaniu si\u0119 i bankach zrzeszaj\u0105cych (Dz.U. z 2022 r. poz. 1595 ze zm.).<\/p>\n<p>Autorzy przedstawili ca\u0142o\u015b\u0107 problematyki prawnej zwi\u0105zanej z interpretacj\u0105 i stosowaniem w praktyce poszczeg\u00f3lnych przepis\u00f3w ustawy o funkcjonowaniu bank\u00f3w sp\u00f3\u0142dzielczych, powo\u0142ali w bardzo bogatym zakresie orzecznictwo, a tak\u017ce wypowiedzi przedstawicieli doktryny.<\/p>\n<p>Omawiaj\u0105c problemy powstaj\u0105ce przy interpretacji przepis\u00f3w ustawy o bankach sp\u00f3\u0142dzielczych, komentarze opatrzono uwagami z zakresu prawa sp\u00f3\u0142dzielczego i prawa bankowego oraz innych \u017ar\u00f3de\u0142 prawa.<\/p>\n<p>W publikacji przedstawiono nast\u0119puj\u0105ce zagadnienia:<\/p>\n<p>zakres przedmiotowy ustawy; definicje legalne;<br \/>\nkurs przeliczenia euro na z\u0142ote;<br \/>\ntryb pracy organ\u00f3w kolegialnych bank\u00f3w sp\u00f3\u0142dzielczych;<br \/>\nobowi\u0105zek posiadania co najmniej jednego udzia\u0142u; wypowiedzenie udzia\u0142\u00f3w przez cz\u0142onka banku sp\u00f3\u0142dzielczego; zwrot wyp\u0142at za udzia\u0142y; wstrzymanie zwrotu wyp\u0142at za udzia\u0142y; niezbywalno\u015b\u0107, dziedziczenie udzia\u0142\u00f3w oraz zapis na wypadek \u015bmierci;<br \/>\ncz\u0142onkostwo banku sp\u00f3\u0142dzielczego w organizacjach;<br \/>\nzrzeszanie bank\u00f3w sp\u00f3\u0142dzielczych;<br \/>\nterytorialny zakres dzia\u0142alno\u015bci;<br \/>\nobni\u017cenie kapita\u0142u za\u0142o\u017cycielskiego poni\u017cej minimum;<br \/>\n\u017ar\u00f3d\u0142a funduszu zasobowego;<br \/>\nczynno\u015bci bankowe bank\u00f3w sp\u00f3\u0142dzielczych;<br \/>\nczynno\u015bci bankowe bank\u00f3w sp\u00f3\u0142dzielczych;<br \/>\nczynno\u015bci pozabankowe bank\u00f3w sp\u00f3\u0142dzielczych;<br \/>\nsk\u0142ad rady nadzorczej w banku sp\u00f3\u0142dzielczym;<br \/>\ntworzenie zwi\u0105zk\u00f3w rewizyjnych;<br \/>\n\u0142\u0105czenie si\u0119 bank\u00f3w zrzeszaj\u0105cych;<br \/>\numowa o wsp\u00f3\u0142dzia\u0142aniu bank\u00f3w zrzeszaj\u0105cych;<br \/>\npo\u015brednictwo banku zrzeszaj\u0105cego;<br \/>\nobowi\u0105zek zwi\u0119kszenia funduszy w\u0142asnych przez bank zrzeszaj\u0105cy;<br \/>\ntermin przedstawienia pierwszych projekt\u00f3w umowy zrzeszenia.<br \/>\nPublikacja uwzgl\u0119dnia stan prawny, aktualny na dzie\u0144 3 stycznia 2023 r.<\/p>\n<p>Komentarz z pewno\u015bci\u0105 oka\u017ce si\u0119 przydatny zar\u00f3wno dla praktyk\u00f3w, jak i dla przedstawicieli nauki.<\/p>\n","protected":false},"excerpt":{"rendered":"<p>Redakcja: prof. dr hab Konrad Osajda LL.M., dr hab. Bogus\u0142aw [&hellip;]<\/p>\n","protected":false},"featured_media":16183,"template":"","meta":[],"product_brand":[],"product_cat":[7495,18],"product_tag":[483,5166],"class_list":{"0":"post-16182","1":"product","2":"type-product","3":"status-publish","4":"has-post-thumbnail","6":"product_cat-gospodarcze-i-handlowe","7":"product_cat-prawo","8":"product_tag-prawo-bankowe","9":"product_tag-seria-krotkie-komentarze-becka","11":"first","12":"instock","13":"sale","14":"shipping-taxable","15":"purchasable","16":"product-type-simple"},"_links":{"self":[{"href":"http:\/\/ksiegarnia-akademicka.pl\/index.php\/wp-json\/wp\/v2\/product\/16182","targetHints":{"allow":["GET"]}}],"collection":[{"href":"http:\/\/ksiegarnia-akademicka.pl\/index.php\/wp-json\/wp\/v2\/product"}],"about":[{"href":"http:\/\/ksiegarnia-akademicka.pl\/index.php\/wp-json\/wp\/v2\/types\/product"}],"wp:featuredmedia":[{"embeddable":true,"href":"http:\/\/ksiegarnia-akademicka.pl\/index.php\/wp-json\/wp\/v2\/media\/16183"}],"wp:attachment":[{"href":"http:\/\/ksiegarnia-akademicka.pl\/index.php\/wp-json\/wp\/v2\/media?parent=16182"}],"wp:term":[{"taxonomy":"product_brand","embeddable":true,"href":"http:\/\/ksiegarnia-akademicka.pl\/index.php\/wp-json\/wp\/v2\/product_brand?post=16182"},{"taxonomy":"product_cat","embeddable":true,"href":"http:\/\/ksiegarnia-akademicka.pl\/index.php\/wp-json\/wp\/v2\/product_cat?post=16182"},{"taxonomy":"product_tag","embeddable":true,"href":"http:\/\/ksiegarnia-akademicka.pl\/index.php\/wp-json\/wp\/v2\/product_tag?post=16182"}],"curies":[{"name":"wp","href":"https:\/\/api.w.org\/{rel}","templated":true}]}}