{"id":16089,"date":"2023-01-17T09:08:45","date_gmt":"2023-01-17T08:08:45","guid":{"rendered":"http:\/\/ksiegarnia-akademicka.pl\/?post_type=product&#038;p=16089"},"modified":"2023-01-17T09:08:45","modified_gmt":"2023-01-17T08:08:45","slug":"reklama-aspekty-prawne-nowe-wyzwania","status":"publish","type":"product","link":"http:\/\/ksiegarnia-akademicka.pl\/index.php\/product\/reklama-aspekty-prawne-nowe-wyzwania\/","title":{"rendered":"Reklama Aspekty prawne Nowe wyzwania"},"content":{"rendered":"<p>Redakcja: Namys\u0142owska Monika<br \/>\nWydawca: Wolters Kluwer<br \/>\nOprawa: Twarda<br \/>\nFormat: 17.6&#215;25.0cm<br \/>\nLiczba stron: 880<br \/>\nWydanie: 1<br \/>\nRok wydania: 2023<br \/>\nJ\u0119zyk wydania: polski<\/p>\n<p>W ksi\u0105\u017cce om\u00f3wiono istotne w praktyce i dyskusyjne w nauce kluczowe zagadnienia dotycz\u0105ce prawa reklamy, w tym m.in.:<br \/>\n\u2022 zwalczanie nieuczciwej reklamy (istotno\u015b\u0107 wprowadzenia w b\u0142\u0105d, u\u017cycie znaku towarowego konkurenta w reklamie por\u00f3wnawczej, reklama wywo\u0142uj\u0105ca l\u0119k, reklama ukryta, greenwashing);<br \/>\n\u2022 reklama a nowe technologie i ochrona danych osobowych (reklama online a dane osobowe, reklama a oprogramowanie komputerowe, technologia mieszanej rzeczywisto\u015bci w reklamie);<br \/>\n\u2022 reklama a ochrona w\u0142asno\u015bci intelektualnej (reklama na\u015bladowcza, body image advertising);<br \/>\n\u2022 reklama wybranych towar\u00f3w i us\u0142ug (reklama podgrzewanych wyrob\u00f3w tytoniowych, reklama \u017cywno\u015bci dla dzieci, reklama suplement\u00f3w diety, reklama lek\u00f3w biologicznych);<br \/>\n\u2022 dochodzenie roszcze\u0144 (praktyczne aspekty post\u0119powania s\u0105dowego, ochrona zbiorowych interes\u00f3w konsument\u00f3w, reklamowa samoregulacja);<br \/>\n\u2022 problemy interdyscyplinarne (psychologia a model konsumenta, psychologiczna perspektywa reklamy zawod\u00f3w prawniczych, nadu\u017cycie pozycji dominuj\u0105cej na rynkach reklamy internetowej, przejrzysto\u015b\u0107 w reklamie politycznej).<\/p>\n<p>Publikacja jest przeznaczona dla prawnik\u00f3w praktyk\u00f3w zajmuj\u0105cych si\u0119 prawem reklamy, ochron\u0105 konsument\u00f3w i konkurent\u00f3w oraz dla przedsi\u0119biorc\u00f3w, reklamodawc\u00f3w i tw\u00f3rc\u00f3w reklamy. Tematyka przedstawiona w publikacji zainteresuje r\u00f3wnie\u017c przedstawicieli nauki oraz student\u00f3w prawa, administracji, marketingu, psychologii, socjologii i dziennikarstwa.<\/p>\n<p>\u201eNie ulega kwestii, \u017ce jest to opracowanie aktualne, bardzo potrzebne zar\u00f3wno praktykom, jak i osobom naukowo zajmuj\u0105cym si\u0119 szeroko rozumianymi zagadnieniami reklamy. Mo\u017cna kolokwialnie rzec, i\u017c \u00abka\u017cdy znajdzie tu co\u015b dla siebie\u00bb, niezale\u017cnie od tego, czy zajmuje si\u0119 reklam\u0105 w sferze administracyjnej, gospodarczej, handlowej, cywilistycznej, medycznej czy proceduralnej\u201d.<br \/>\nDr hab. Monika Jagielska, prof. U\u015a<\/p>\n","protected":false},"excerpt":{"rendered":"<p>Redakcja: Namys\u0142owska Monika Wydawca: Wolters Kluwer Oprawa: Twarda Format: 17.6&#215;25.0cm [&hellip;]<\/p>\n","protected":false},"featured_media":16090,"template":"","meta":[],"product_brand":[],"product_cat":[29],"product_tag":[1757],"class_list":{"0":"post-16089","1":"product","2":"type-product","3":"status-publish","4":"has-post-thumbnail","6":"product_cat-marketing-i-reklama","7":"product_tag-reklama","9":"first","10":"instock","11":"sale","12":"shipping-taxable","13":"purchasable","14":"product-type-simple"},"_links":{"self":[{"href":"http:\/\/ksiegarnia-akademicka.pl\/index.php\/wp-json\/wp\/v2\/product\/16089","targetHints":{"allow":["GET"]}}],"collection":[{"href":"http:\/\/ksiegarnia-akademicka.pl\/index.php\/wp-json\/wp\/v2\/product"}],"about":[{"href":"http:\/\/ksiegarnia-akademicka.pl\/index.php\/wp-json\/wp\/v2\/types\/product"}],"wp:featuredmedia":[{"embeddable":true,"href":"http:\/\/ksiegarnia-akademicka.pl\/index.php\/wp-json\/wp\/v2\/media\/16090"}],"wp:attachment":[{"href":"http:\/\/ksiegarnia-akademicka.pl\/index.php\/wp-json\/wp\/v2\/media?parent=16089"}],"wp:term":[{"taxonomy":"product_brand","embeddable":true,"href":"http:\/\/ksiegarnia-akademicka.pl\/index.php\/wp-json\/wp\/v2\/product_brand?post=16089"},{"taxonomy":"product_cat","embeddable":true,"href":"http:\/\/ksiegarnia-akademicka.pl\/index.php\/wp-json\/wp\/v2\/product_cat?post=16089"},{"taxonomy":"product_tag","embeddable":true,"href":"http:\/\/ksiegarnia-akademicka.pl\/index.php\/wp-json\/wp\/v2\/product_tag?post=16089"}],"curies":[{"name":"wp","href":"https:\/\/api.w.org\/{rel}","templated":true}]}}