{"id":15933,"date":"2022-12-07T10:10:32","date_gmt":"2022-12-07T09:10:32","guid":{"rendered":"http:\/\/ksiegarnia-akademicka.pl\/?post_type=product&#038;p=15933"},"modified":"2022-12-07T10:10:32","modified_gmt":"2022-12-07T09:10:32","slug":"antysprzedaz","status":"publish","type":"product","link":"http:\/\/ksiegarnia-akademicka.pl\/index.php\/product\/antysprzedaz\/","title":{"rendered":"Antysprzeda\u017c"},"content":{"rendered":"<p>Autor:<br \/>\nDariusz Milczarek<br \/>\nWydawca: Po Godzinach<br \/>\nOprawa: Mi\u0119kka<br \/>\nLiczba stron: 232<br \/>\nRok wydania: 2022<br \/>\nJ\u0119zyk wydania: polski<\/p>\n<p>Czy zastanawia\u0142e\u015b\/-a\u015b si\u0119 kiedykolwiek nad tym, dlaczego sprzeda\u017c bywa tak bardzo trudna, mozolna i nierzadko frustruj\u0105ca?<\/p>\n<p>Je\u015bli do dzi\u015b nie znalaz\u0142e\u015b\/-a\u015b satysfakcjonuj\u0105cej Ci\u0119 odpowiedzi, to prawdopodobnie ta publikacja jest napisana w\u0142a\u015bnie dla Ciebie.<\/p>\n<p>Ta ksi\u0105\u017cka drogi czytelniku jest w takim samym stopniu herezj\u0105, co inspiracj\u0105. U\u017cytecznym poradnikiem i jednocze\u015bnie cyniczn\u0105 rozprawk\u0105 filozoficzn\u0105. O sprzeda\u017cy, \u017cyciu, l\u0119kach, k\u0142amstwach i odwadze. Wci\u0105gnie Ci\u0119 praktycznie od samego pocz\u0105tku\u2026 potem Ci\u0119 prze\u017cuje\u2026 i ostatecznie odmieni.<\/p>\n<p>Dariusz Milczarek. Cz\u0142owiek wielu profesji i pasji \u2013 sprzedawca, konsultant, nauczyciel, mened\u017cer, przedsi\u0119biorca, aktor i m\u00f3wca motywacyjny. Jeden z pionier\u00f3w i wsp\u00f3\u0142tw\u00f3rc\u00f3w polskiego rynku doradztwa i edukacji biznesowej. Od siedemnastu lat propagator i entuzjasta Systemu Sprzeda\u017cy Sandlera. Nietuzinkowa osobowo\u015b\u0107, niekwestionowany autorytet i mentor dla wielu handlowc\u00f3w oraz mened\u017cer\u00f3w, kt\u00f3rzy zetkn\u0119li si\u0119 z nim na swojej drodze.<\/p>\n","protected":false},"excerpt":{"rendered":"<p>Autor: Dariusz Milczarek Wydawca: Po Godzinach Oprawa: Mi\u0119kka Liczba stron: [&hellip;]<\/p>\n","protected":false},"featured_media":15934,"template":"","meta":[],"product_brand":[],"product_cat":[33],"product_tag":[220],"class_list":{"0":"post-15933","1":"product","2":"type-product","3":"status-publish","4":"has-post-thumbnail","6":"product_cat-handel","7":"product_tag-handel","9":"first","10":"instock","11":"sale","12":"shipping-taxable","13":"purchasable","14":"product-type-simple"},"_links":{"self":[{"href":"http:\/\/ksiegarnia-akademicka.pl\/index.php\/wp-json\/wp\/v2\/product\/15933","targetHints":{"allow":["GET"]}}],"collection":[{"href":"http:\/\/ksiegarnia-akademicka.pl\/index.php\/wp-json\/wp\/v2\/product"}],"about":[{"href":"http:\/\/ksiegarnia-akademicka.pl\/index.php\/wp-json\/wp\/v2\/types\/product"}],"wp:featuredmedia":[{"embeddable":true,"href":"http:\/\/ksiegarnia-akademicka.pl\/index.php\/wp-json\/wp\/v2\/media\/15934"}],"wp:attachment":[{"href":"http:\/\/ksiegarnia-akademicka.pl\/index.php\/wp-json\/wp\/v2\/media?parent=15933"}],"wp:term":[{"taxonomy":"product_brand","embeddable":true,"href":"http:\/\/ksiegarnia-akademicka.pl\/index.php\/wp-json\/wp\/v2\/product_brand?post=15933"},{"taxonomy":"product_cat","embeddable":true,"href":"http:\/\/ksiegarnia-akademicka.pl\/index.php\/wp-json\/wp\/v2\/product_cat?post=15933"},{"taxonomy":"product_tag","embeddable":true,"href":"http:\/\/ksiegarnia-akademicka.pl\/index.php\/wp-json\/wp\/v2\/product_tag?post=15933"}],"curies":[{"name":"wp","href":"https:\/\/api.w.org\/{rel}","templated":true}]}}