{"id":15868,"date":"2022-12-01T10:15:12","date_gmt":"2022-12-01T09:15:12","guid":{"rendered":"http:\/\/ksiegarnia-akademicka.pl\/?post_type=product&#038;p=15868"},"modified":"2022-12-01T10:15:13","modified_gmt":"2022-12-01T09:15:13","slug":"umowy-i-pisma-z-zakresu-materialnego-prawa-pracy-z-objasnieniami-i-wzorami-do-pobrania","status":"publish","type":"product","link":"http:\/\/ksiegarnia-akademicka.pl\/index.php\/product\/umowy-i-pisma-z-zakresu-materialnego-prawa-pracy-z-objasnieniami-i-wzorami-do-pobrania\/","title":{"rendered":"Umowy i pisma z zakresu materialnego prawa pracy z obja\u015bnieniami i wzorami do pobrania"},"content":{"rendered":"<p>Autor: dr Stanis\u0142aw Piwnik, adw. Mateusz Tomicki<br \/>\nSeria: Wzory Pism Becka<br \/>\nRok wydania: 2022<br \/>\nWydanie: 3<br \/>\nOprawa: Mi\u0119kka ze skrzyde\u0142kami<br \/>\nLiczba stron: 689<br \/>\nWymiary: 145&#215;205 mm<br \/>\nWaga: 760 g<br \/>\nISBN: 978-83-8291-524-2<\/p>\n<p>Kompleksowe zestawienie i opracowanie wzor\u00f3w najcz\u0119\u015bciej wyst\u0119puj\u0105cych w praktyce, tworzonych na podstawie przepis\u00f3w Kodeksu pracy.<br \/>\nKolejne, 3 wydanie publikacji uwzgl\u0119dnia najnowsze projekty nowelizacji Kodeksu pracy, tj.:<\/p>\n<p>projekt ustawy o zmianie ustawy &#8211; Kodeks pracy oraz niekt\u00f3rych innych ustaw (druk sejmowy Nr 2335) &#8211; kt\u00f3ry wprowadza na sta\u0142e do Kodeksu pracy mo\u017cliwo\u015bci wykonywania pracy zdalnej oraz stwarza podstawy dla pracodawcy do wprowadzenia i przeprowadzania, gdy jest to niezb\u0119dne dla ochrony okre\u015blonych d\u00f3br, prewencyjnej kontroli pracownik\u00f3w na obecno\u015b\u0107 w ich organizmach alkoholu lub \u015brodk\u00f3w dzia\u0142aj\u0105cych podobnie do alkoholu;<br \/>\nprojekt ustawy o zmianie ustawy &#8211; Kodeks pracy oraz niekt\u00f3rych innych ustaw (druk RCL NR UC118) &#8211; kt\u00f3ry ma na celu wdro\u017cenie do polskiego porz\u0105dku prawnego dyrektywy Parlamentu Europejskiego i Rady (UE) 2019\/1152 z 20.6.2019 r. w sprawie przejrzystych i przewidywalnych warunk\u00f3w pracy w Unii Europejskiej (Dz. Urz. UE. L Nr 186 z 11.07.2019, s. 105).<br \/>\nPublikacja precyzuje zagadnienia uwzgl\u0119dnione w nowelizacji w zakresie:<\/p>\n<p>zasad przeprowadzania kontroli na obecno\u015b\u0107 alkoholu przez pracodawc\u0119 oraz przechowywania danych,<br \/>\nobowi\u0105zk\u00f3w pracodawcy w celu zapewnienia pracownikowi bezpiecznych i higienicznych warunk\u00f3w pracy zdalnej,<br \/>\nsposob\u00f3w uzgodnienia mi\u0119dzy stronami umowy o prac\u0119 dotycz\u0105cych wykonywania pracy zdalnej,<br \/>\nmo\u017cliwo\u015bci wykonywania pracy zdalnej na polecenie pracodawcy,<br \/>\nzasady kontroli wykonywanej pracy przez pracownika pracuj\u0105cego zdalnie.<br \/>\nPonadto w publikacji mo\u017cna znale\u017a\u0107 wzory dotycz\u0105ce:<\/p>\n<p>powstania stosunku pracy,<br \/>\nzatrudnienia w formie um\u00f3w cywilnoprawnych nazwanych i nienazwanych,<br \/>\nustania stosunku pracy,<br \/>\nzwolnie\u0144 grupowych,<br \/>\nzmiany stosunku pracy,<br \/>\nwynagrodzenia za prac\u0119 i innych \u015bwiadcze\u0144,<br \/>\nochrony roszcze\u0144 pracowniczych w razie niewyp\u0142acalno\u015bci pracodawcy,<br \/>\nobowi\u0105zk\u00f3w pracownika i pracodawcy,<br \/>\nodpowiedzialno\u015bci porz\u0105dkowej pracownik\u00f3w,<br \/>\nodpowiedzialno\u015bci materialnej pracownik\u00f3w.<br \/>\nKa\u017cdy z wzor\u00f3w zawartych w opracowaniu uzupe\u0142niony zosta\u0142 o uwagi i obja\u015bnienia z licznymi powo\u0142aniami na Kodeks pracy oraz Kodeks post\u0119powania cywilnego. Ponadto, obja\u015bnienia opatrzone zosta\u0142y has\u0142ami i po\u0142\u0105czone z odpowiednim fragmentem wzoru poprzez odpowiedni system literowych odes\u0142a\u0144. Ca\u0142o\u015b\u0107 dope\u0142niona zosta\u0142a orzecznictwem wraz z tezami dotycz\u0105cymi problematyki stosowania poszczeg\u00f3lnego pisma.<\/p>\n<p>Publikacja stanowi nieodzown\u0105 pomoc dla os\u00f3b chc\u0105cych samodzielnie sporz\u0105dzi\u0107 okre\u015blone pismo, jednak ze wzgl\u0119du na ich szeroki zakres i uniwersalny charakter, a tak\u017ce zachowanie nazewnictwa i struktury s\u0105d\u00f3w oraz innych organ\u00f3w mog\u0105 by\u0107 one bardzo pomocne osobom \u015bwiadcz\u0105cym profesjonaln\u0105 pomoc prawn\u0105, tj. radcom prawnym i adwokatom.<\/p>\n<p>Ksi\u0105\u017cka skierowana jest tak\u017ce do aplikant\u00f3w, student\u00f3w prawa oraz os\u00f3b prywatnych, kt\u00f3re na co dzie\u0144 spotykaj\u0105 si\u0119 z problemami z zakresu prawa pracy.<\/p>\n","protected":false},"excerpt":{"rendered":"<p>Autor: dr Stanis\u0142aw Piwnik, adw. Mateusz Tomicki Seria: Wzory Pism [&hellip;]<\/p>\n","protected":false},"featured_media":15869,"template":"","meta":[],"product_brand":[],"product_cat":[18,7550],"product_tag":[793,7686],"class_list":{"0":"post-15868","1":"product","2":"type-product","3":"status-publish","4":"has-post-thumbnail","6":"product_cat-prawo","7":"product_cat-prawo-pracy","8":"product_tag-prawo-pracy","9":"product_tag-seria-wzory-pism-becka","11":"first","12":"instock","13":"sale","14":"shipping-taxable","15":"purchasable","16":"product-type-simple"},"_links":{"self":[{"href":"http:\/\/ksiegarnia-akademicka.pl\/index.php\/wp-json\/wp\/v2\/product\/15868","targetHints":{"allow":["GET"]}}],"collection":[{"href":"http:\/\/ksiegarnia-akademicka.pl\/index.php\/wp-json\/wp\/v2\/product"}],"about":[{"href":"http:\/\/ksiegarnia-akademicka.pl\/index.php\/wp-json\/wp\/v2\/types\/product"}],"wp:featuredmedia":[{"embeddable":true,"href":"http:\/\/ksiegarnia-akademicka.pl\/index.php\/wp-json\/wp\/v2\/media\/15869"}],"wp:attachment":[{"href":"http:\/\/ksiegarnia-akademicka.pl\/index.php\/wp-json\/wp\/v2\/media?parent=15868"}],"wp:term":[{"taxonomy":"product_brand","embeddable":true,"href":"http:\/\/ksiegarnia-akademicka.pl\/index.php\/wp-json\/wp\/v2\/product_brand?post=15868"},{"taxonomy":"product_cat","embeddable":true,"href":"http:\/\/ksiegarnia-akademicka.pl\/index.php\/wp-json\/wp\/v2\/product_cat?post=15868"},{"taxonomy":"product_tag","embeddable":true,"href":"http:\/\/ksiegarnia-akademicka.pl\/index.php\/wp-json\/wp\/v2\/product_tag?post=15868"}],"curies":[{"name":"wp","href":"https:\/\/api.w.org\/{rel}","templated":true}]}}