{"id":15802,"date":"2022-11-24T10:16:31","date_gmt":"2022-11-24T09:16:31","guid":{"rendered":"http:\/\/ksiegarnia-akademicka.pl\/?post_type=product&#038;p=15802"},"modified":"2024-12-05T09:10:13","modified_gmt":"2024-12-05T08:10:13","slug":"kobieta-ktora-kochala-owady","status":"publish","type":"product","link":"http:\/\/ksiegarnia-akademicka.pl\/index.php\/product\/kobieta-ktora-kochala-owady\/","title":{"rendered":"Kobieta kt\u00f3ra kocha\u0142a owady"},"content":{"rendered":"<p>Autor:<br \/>\nAhava Selja<br \/>\nT\u0142umacze: Polanowska Justyna<br \/>\nWydawca: Mamania<br \/>\nOprawa: Mi\u0119kka ze skrzyde\u0142kami<br \/>\nFormat: 14.0&#215;20.5cm<br \/>\nLiczba stron: 272<br \/>\nWydanie: 1<br \/>\nRok wydania: 2022<br \/>\nJ\u0119zyk wydania: polski<\/p>\n<p>Pi\u0119kna, tajemnicza i pe\u0142na pasji literacka podr\u00f3\u017c od czas\u00f3w proces\u00f3w czarownic do wsp\u00f3\u0142czesnego Berlina. Maria, urodzona w epoce proces\u00f3w czarownic, od dzieci\u0144stwa fascynowa\u0142a si\u0119 owadami. Zaczyna rysowa\u0107 ich metamorficzne cykle \u017cycia, podobnie jak jej historyczny pierwowz\u00f3r, niemiecka przyrodniczka Maria Sibylla Merian (1647\u20131717). W miar\u0119 up\u0142ywu czasu \u015bwiat si\u0119 zmienia, a religia znajduje konkurenta w nauce. I tak jak owady przechodz\u0105 transformacj\u0119, tak z czasem zmienia si\u0119 te\u017c Maria. Lecz stary \u015bwiat nie poddaje si\u0119 bez walki, a wok\u00f3\u0142 p\u0142on\u0105 stosy\u2026 Kobieta, kt\u00f3ra kocha\u0142a owady to zachwycaj\u0105ca opowie\u015b\u0107 o relacji cz\u0142owieka z natur\u0105, ale przede wszystkim wci\u0105gaj\u0105ca historia kobiety pod\u0105\u017caj\u0105cej pe\u0142n\u0105 wyzwa\u0144 drog\u0105 wytyczon\u0105 w\u0142asnymi pasjami, mimo przeszk\u00f3d, jakie stawia\u0142a jej epoka.<br \/>\n\u201eKobieta, kt\u00f3ra kocha\u0142a owady jest jak japo\u0144ski drzeworyt \u2013 \u0142agodna, egzotyczna i powoli rozwijaj\u0105ca si\u0119. Enigmatyczna i bardzo, bardzo fascynuj\u0105ca\u201d. \u201eHelsingin Sanomat\u201d<\/p>\n<p>Selja Ahava \u2013 fi\u0144ska pisarka i scenarzystka, uhonorowana Europejsk\u0105 Nagrod\u0105 Literack\u0105 za \u201eRzeczy, kt\u00f3re spadaj\u0105 z nieba\u201d, ksi\u0105\u017ck\u0119, kt\u00f3ra r\u00f3wnie\u017c w Polsce zachwyci\u0142a czytelnik\u00f3w.<\/p>\n","protected":false},"excerpt":{"rendered":"<p>Autor: Ahava Selja T\u0142umacze: Polanowska Justyna Wydawca: Mamania Oprawa: Mi\u0119kka [&hellip;]<\/p>\n","protected":false},"featured_media":15803,"template":"","meta":[],"product_brand":[],"product_cat":[38,7707],"product_tag":[71,5953],"class_list":{"0":"post-15802","1":"product","2":"type-product","3":"status-publish","4":"has-post-thumbnail","6":"product_cat-historia","7":"product_cat-literatura","8":"product_tag-historia","9":"product_tag-literatura","11":"first","12":"instock","13":"sale","14":"shipping-taxable","15":"purchasable","16":"product-type-simple"},"_links":{"self":[{"href":"http:\/\/ksiegarnia-akademicka.pl\/index.php\/wp-json\/wp\/v2\/product\/15802","targetHints":{"allow":["GET"]}}],"collection":[{"href":"http:\/\/ksiegarnia-akademicka.pl\/index.php\/wp-json\/wp\/v2\/product"}],"about":[{"href":"http:\/\/ksiegarnia-akademicka.pl\/index.php\/wp-json\/wp\/v2\/types\/product"}],"wp:featuredmedia":[{"embeddable":true,"href":"http:\/\/ksiegarnia-akademicka.pl\/index.php\/wp-json\/wp\/v2\/media\/15803"}],"wp:attachment":[{"href":"http:\/\/ksiegarnia-akademicka.pl\/index.php\/wp-json\/wp\/v2\/media?parent=15802"}],"wp:term":[{"taxonomy":"product_brand","embeddable":true,"href":"http:\/\/ksiegarnia-akademicka.pl\/index.php\/wp-json\/wp\/v2\/product_brand?post=15802"},{"taxonomy":"product_cat","embeddable":true,"href":"http:\/\/ksiegarnia-akademicka.pl\/index.php\/wp-json\/wp\/v2\/product_cat?post=15802"},{"taxonomy":"product_tag","embeddable":true,"href":"http:\/\/ksiegarnia-akademicka.pl\/index.php\/wp-json\/wp\/v2\/product_tag?post=15802"}],"curies":[{"name":"wp","href":"https:\/\/api.w.org\/{rel}","templated":true}]}}