{"id":15733,"date":"2022-11-09T13:09:51","date_gmt":"2022-11-09T12:09:51","guid":{"rendered":"http:\/\/ksiegarnia-akademicka.pl\/?post_type=product&#038;p=15733"},"modified":"2022-11-09T13:15:08","modified_gmt":"2022-11-09T12:15:08","slug":"statystyczny-drogowskaz-2-praktyczne-wprowadzenie-do-analizy-wariancji","status":"publish","type":"product","link":"http:\/\/ksiegarnia-akademicka.pl\/index.php\/product\/statystyczny-drogowskaz-2-praktyczne-wprowadzenie-do-analizy-wariancji\/","title":{"rendered":"Statystyczny drogowskaz 2 Praktyczne wprowadzenie do analizy wariancji"},"content":{"rendered":"<p>Redakcja: Bedy\u0144ska Sylwia, Cyprya\u0144ska Marzena<br \/>\nWydawca: Sedno<br \/>\nOprawa: Mi\u0119kka<br \/>\nFormat: 19.0&#215;24.0cm<br \/>\nLiczba stron: 254<br \/>\nRok wydania: 2022<br \/>\nJ\u0119zyk wydania: polski<\/p>\n<p>Ksi\u0105\u017cka w niezwykle jasny spos\u00f3b wprowadza Czytelnika w \u015bwiat podstawowej wiedzy dotycz\u0105cej r\u00f3\u017cnych schemat\u00f3w analiz wariancji:<br \/>\n\u2013 pokazuje wykonanie ka\u017cdej omawianej analizy w SPSS, w prostych krokach, przy u\u017cyciu praktycznych przyk\u0142ad\u00f3w i wskaz\u00f3wek, \u0142\u0105cznie z wykorzystaniem j\u0119zyka polece\u0144,<br \/>\n\u2013 prezentuje wykorzystanie przyk\u0142ad\u00f3w z realnych bada\u0144 lub wynik\u00f3w wzorowanych na prawdziwych badaniach psychologicznych, w kt\u00f3rych zosta\u0142y zastosowane r\u00f3\u017cne omawiane formy analizy wariancji,<br \/>\n\u2013 t\u0142umaczy poj\u0119cia z zakresu statystyki, kt\u00f3re trudno znale\u017a\u0107 w tak czytelnej formie w innych podr\u0119cznikach (poj\u0119cie sferyczno\u015bci, zastosowanie konkretnych poprawek w przypadku niespe\u0142nienia warunk\u00f3w parametrycznych dla analizy wariancji lub w przypadku por\u00f3wna\u0144 wielokrotnych, zasady testowania konkretnych hipotez przy u\u017cyciu analiz kontrast\u00f3w, interpretacja interakcji w przypadku z\u0142o\u017conych plan\u00f3w eksperymentalnych).<br \/>\nStatystyczny drogowskaz 2 pomo\u017ce poradzi\u0107 sobie z nawet najtrudniejszymi zagadnieniami analizy r\u00f3\u017cnic mi\u0119dzy grupami i mi\u0119dzy pomiarami.<\/p>\n","protected":false},"excerpt":{"rendered":"<p>Redakcja: Bedy\u0144ska Sylwia, Cyprya\u0144ska Marzena Wydawca: Sedno Oprawa: Mi\u0119kka Format: [&hellip;]<\/p>\n","protected":false},"featured_media":15734,"template":"","meta":[],"product_brand":[],"product_cat":[27,7509],"product_tag":[1186,1659,1612],"class_list":{"0":"post-15733","1":"product","2":"type-product","3":"status-publish","4":"has-post-thumbnail","6":"product_cat-nauki-spoleczne","7":"product_cat-psychologia","8":"product_tag-psychologia","9":"product_tag-psychoterapia","10":"product_tag-statystyka","12":"first","13":"instock","14":"sale","15":"shipping-taxable","16":"purchasable","17":"product-type-simple"},"_links":{"self":[{"href":"http:\/\/ksiegarnia-akademicka.pl\/index.php\/wp-json\/wp\/v2\/product\/15733","targetHints":{"allow":["GET"]}}],"collection":[{"href":"http:\/\/ksiegarnia-akademicka.pl\/index.php\/wp-json\/wp\/v2\/product"}],"about":[{"href":"http:\/\/ksiegarnia-akademicka.pl\/index.php\/wp-json\/wp\/v2\/types\/product"}],"wp:featuredmedia":[{"embeddable":true,"href":"http:\/\/ksiegarnia-akademicka.pl\/index.php\/wp-json\/wp\/v2\/media\/15734"}],"wp:attachment":[{"href":"http:\/\/ksiegarnia-akademicka.pl\/index.php\/wp-json\/wp\/v2\/media?parent=15733"}],"wp:term":[{"taxonomy":"product_brand","embeddable":true,"href":"http:\/\/ksiegarnia-akademicka.pl\/index.php\/wp-json\/wp\/v2\/product_brand?post=15733"},{"taxonomy":"product_cat","embeddable":true,"href":"http:\/\/ksiegarnia-akademicka.pl\/index.php\/wp-json\/wp\/v2\/product_cat?post=15733"},{"taxonomy":"product_tag","embeddable":true,"href":"http:\/\/ksiegarnia-akademicka.pl\/index.php\/wp-json\/wp\/v2\/product_tag?post=15733"}],"curies":[{"name":"wp","href":"https:\/\/api.w.org\/{rel}","templated":true}]}}