{"id":1561,"date":"2018-05-22T12:43:55","date_gmt":"2018-05-22T10:43:55","guid":{"rendered":"http:\/\/ksiegarnia-akademicka.pl\/index.php\/product\/inwestycje-alternatywne\/"},"modified":"2018-07-25T09:25:32","modified_gmt":"2018-07-25T07:25:32","slug":"inwestycje-alternatywne","status":"publish","type":"product","link":"http:\/\/ksiegarnia-akademicka.pl\/index.php\/product\/inwestycje-alternatywne\/","title":{"rendered":"Inwestycje alternatywne."},"content":{"rendered":"<p>Redakcja: Pruchnicka-Grabias Izabela<br \/>\nWydawca: CeDeWu<br \/>\nOprawa: Mi\u0119kka<br \/>\nFormat: 16.5&#215;23.5cm<br \/>\nLiczba stron: 280<br \/>\nWydanie: 1<br \/>\nRok wydania: 2008<\/p>\n<p>Ksi\u0105\u017cka, przygotowana przez ekonomist\u00f3w pochodz\u0105cych ze znanych polskich o\u015brodk\u00f3w akademickich, jest pierwsz\u0105 pozycj\u0105 tak kompleksowo po\u015bwi\u0119con\u0105 szerokiemu wachlarzowi inwestycji alternatywnych. Autorzy poddaj\u0105 analizie r\u00f3\u017cne ich rodzaje, pocz\u0105wszy od funduszy hedgingowych, funduszy venture capital i funduszy nieruchomo\u015bci, poprzez wykupy mened\u017cerskie i wspomagane, a\u017c po produkty strukturyzowane oraz z\u0142oto i rynki kolekcjonerskie. W kolejnych rozdzia\u0142ach pokazali, i\u017c instrumenty te s\u0105 godnym uwagi narz\u0119dziem s\u0142u\u017c\u0105cym do zdywersyfikowania klasycznego portfela akcji czy obligacji.<\/p>\n<p>W opracowaniu nie zabrak\u0142o r\u00f3wnie\u017c odniesienia do trudno\u015bci zwi\u0105zanych z poszczeg\u00f3lnymi rodzajami inwestycji, z uwzgl\u0119dnieniem pocz\u0105tkuj\u0105cego w tym zakresie rynku polskiego. Tematyka ta nabiera szczeg\u00f3lnego znaczenia w dobie niepewnej sytuacji gospodarczej, gdy coraz trudniej jest podejmowa\u0107 trafne decyzje inwestycyjne odno\u015bnie lokowania kapita\u0142u.<\/p>\n<p>Monografia ze wzgl\u0119du na aspekty zar\u00f3wno teoretyczne, jak i praktyczne, jest ciekaw\u0105 lektur\u0105 nie tylko dla uczestnik\u00f3w rynku finansowego, lecz tak\u017ce dla student\u00f3w i pracownik\u00f3w nauki, zajmuj\u0105cych si\u0119 odkrywaniem jego tajemnic.<\/p>\n","protected":false},"excerpt":{"rendered":"<p>Redakcja: Pruchnicka-Grabias Izabela Wydawca: CeDeWu Oprawa: Mi\u0119kka Format: 16.5&#215;23.5cm Liczba [&hellip;]<\/p>\n","protected":false},"featured_media":8259,"template":"","meta":[],"product_brand":[],"product_cat":[20,7503,7504],"product_tag":[3914,4392,4305,705,4393,4391],"class_list":{"0":"post-1561","1":"product","2":"type-product","3":"status-publish","4":"has-post-thumbnail","6":"product_cat-bankowosc","7":"product_cat-bankowosc-i-prawo-bankowe","8":"product_cat-rynek-pieniezny-i-kapitalowy","9":"product_tag-fundusze-hedgingowe","10":"product_tag-fuzje-i-wykupy","11":"product_tag-inwestycje","12":"product_tag-nieruchomosci","13":"product_tag-rynki-kolekcjonerskie","14":"product_tag-venture-capital","16":"first","17":"instock","18":"sale","19":"shipping-taxable","20":"purchasable","21":"product-type-simple"},"_links":{"self":[{"href":"http:\/\/ksiegarnia-akademicka.pl\/index.php\/wp-json\/wp\/v2\/product\/1561","targetHints":{"allow":["GET"]}}],"collection":[{"href":"http:\/\/ksiegarnia-akademicka.pl\/index.php\/wp-json\/wp\/v2\/product"}],"about":[{"href":"http:\/\/ksiegarnia-akademicka.pl\/index.php\/wp-json\/wp\/v2\/types\/product"}],"wp:featuredmedia":[{"embeddable":true,"href":"http:\/\/ksiegarnia-akademicka.pl\/index.php\/wp-json\/wp\/v2\/media\/8259"}],"wp:attachment":[{"href":"http:\/\/ksiegarnia-akademicka.pl\/index.php\/wp-json\/wp\/v2\/media?parent=1561"}],"wp:term":[{"taxonomy":"product_brand","embeddable":true,"href":"http:\/\/ksiegarnia-akademicka.pl\/index.php\/wp-json\/wp\/v2\/product_brand?post=1561"},{"taxonomy":"product_cat","embeddable":true,"href":"http:\/\/ksiegarnia-akademicka.pl\/index.php\/wp-json\/wp\/v2\/product_cat?post=1561"},{"taxonomy":"product_tag","embeddable":true,"href":"http:\/\/ksiegarnia-akademicka.pl\/index.php\/wp-json\/wp\/v2\/product_tag?post=1561"}],"curies":[{"name":"wp","href":"https:\/\/api.w.org\/{rel}","templated":true}]}}