{"id":1552,"date":"2018-05-22T12:43:54","date_gmt":"2018-05-22T10:43:54","guid":{"rendered":"http:\/\/ksiegarnia-akademicka.pl\/index.php\/product\/fundusze-unijne-zasady-finansowania-projektow-ze-srodkow-unijnych-w-polsce-w-latach-2007-2013\/"},"modified":"2024-12-14T13:28:41","modified_gmt":"2024-12-14T12:28:41","slug":"fundusze-unijne-zasady-finansowania-projektow-ze-srodkow-unijnych-w-polsce-w-latach-2007-2013","status":"publish","type":"product","link":"http:\/\/ksiegarnia-akademicka.pl\/index.php\/product\/fundusze-unijne-zasady-finansowania-projektow-ze-srodkow-unijnych-w-polsce-w-latach-2007-2013\/","title":{"rendered":"Fundusze unijne. Zasady finansowania projekt\u00f3w ze \u015brodk\u00f3w unijnych w Polsce w latach 2007-2013."},"content":{"rendered":"<p>Po\u017adzik Rafa\u0142, Lejcyk Monika<br \/>\nWydawca: Oficyna Wydawnicza VERBA<br \/>\nRok wydania: 2010<br \/>\nWydanie: 3, zmienione<br \/>\nMiejsce wydania: Lublin<br \/>\nStan prawny: 1 wrze\u015bnia 2010 r.<br \/>\nStron: 215<br \/>\nFormat: B5<br \/>\nISBN: 9788389468864<\/p>\n<p>Niniejsza ksi\u0105\u017cka zosta\u0142a przygotowana z my\u015bl\u0105 o studentach oraz z przeznaczeniem dla wszystkich, kt\u00f3rzy s\u0105 zainteresowani funduszami unijnymi i projektami realizowanymi ze \u015brodk\u00f3w pochodz\u0105cych z tych funduszy. Stanowi ona opracowanie o charakterze informacyjno-dydaktycznym, a zamierzeniem autora by\u0142o przedstawienie powy\u017cszej problematyki w przyst\u0119pny spos\u00f3b. Zosta\u0142y w niej om\u00f3wione najwa\u017cniejsze regulacje prawne zwi\u0105zane z nowym okresem programowania (perspektyw\u0105 finansow\u0105) na lata 2007-2013- Ponadto zosta\u0142y wyja\u015bnione podstawowe poj\u0119cia, zasady i tryby wyboru projekt\u00f3w oraz skomplikowany system instytucjonalny.[&#8230;]<\/p>\n","protected":false},"excerpt":{"rendered":"<p>Po\u017adzik Rafa\u0142, Lejcyk Monika Wydawca: Oficyna Wydawnicza VERBA Rok wydania: [&hellip;]<\/p>\n","protected":false},"featured_media":9718,"template":"","meta":[],"product_brand":[],"product_cat":[25],"product_tag":[1642,250,4383],"class_list":{"0":"post-1552","1":"product","2":"type-product","3":"status-publish","4":"has-post-thumbnail","6":"product_cat-unia-europejska","7":"product_tag-fundusze-unijne","8":"product_tag-unia-europejska","9":"product_tag-zasady-finansowania","11":"first","12":"instock","13":"sale","14":"shipping-taxable","15":"purchasable","16":"product-type-simple"},"_links":{"self":[{"href":"http:\/\/ksiegarnia-akademicka.pl\/index.php\/wp-json\/wp\/v2\/product\/1552","targetHints":{"allow":["GET"]}}],"collection":[{"href":"http:\/\/ksiegarnia-akademicka.pl\/index.php\/wp-json\/wp\/v2\/product"}],"about":[{"href":"http:\/\/ksiegarnia-akademicka.pl\/index.php\/wp-json\/wp\/v2\/types\/product"}],"wp:featuredmedia":[{"embeddable":true,"href":"http:\/\/ksiegarnia-akademicka.pl\/index.php\/wp-json\/wp\/v2\/media\/9718"}],"wp:attachment":[{"href":"http:\/\/ksiegarnia-akademicka.pl\/index.php\/wp-json\/wp\/v2\/media?parent=1552"}],"wp:term":[{"taxonomy":"product_brand","embeddable":true,"href":"http:\/\/ksiegarnia-akademicka.pl\/index.php\/wp-json\/wp\/v2\/product_brand?post=1552"},{"taxonomy":"product_cat","embeddable":true,"href":"http:\/\/ksiegarnia-akademicka.pl\/index.php\/wp-json\/wp\/v2\/product_cat?post=1552"},{"taxonomy":"product_tag","embeddable":true,"href":"http:\/\/ksiegarnia-akademicka.pl\/index.php\/wp-json\/wp\/v2\/product_tag?post=1552"}],"curies":[{"name":"wp","href":"https:\/\/api.w.org\/{rel}","templated":true}]}}