{"id":15200,"date":"2022-01-29T10:52:17","date_gmt":"2022-01-29T09:52:17","guid":{"rendered":"http:\/\/ksiegarnia-akademicka.pl\/?post_type=product&#038;p=15200"},"modified":"2022-01-29T10:52:17","modified_gmt":"2022-01-29T09:52:17","slug":"podatki-2022","status":"publish","type":"product","link":"http:\/\/ksiegarnia-akademicka.pl\/index.php\/product\/podatki-2022\/","title":{"rendered":"Podatki 2022"},"content":{"rendered":"<p>Wydawca: Wolters Kluwer<br \/>\nOprawa: Mi\u0119kka<br \/>\nFormat: 21.0&#215;29.7cm<br \/>\nLiczba stron: 464<br \/>\nWydanie: 23<br \/>\nRok wydania: 2022<\/p>\n<p>Podatki 2022 to zbi\u00f3r najwa\u017cniejszych przepis\u00f3w podatkowych zawieraj\u0105cy, najnowsze zmiany podatkowe w ramach tzw. polskiego \u0142adu, wprowadzone przez ustawodawc\u0119.<br \/>\nPodatki 2022 to zbi\u00f3r najwa\u017cniejszych przepis\u00f3w podatkowych zawieraj\u0105cy najnowsze zmiany wprowadzone przez ustawodawc\u0119.<\/p>\n<p>W publikacji znajdziesz teksty ustaw:<\/p>\n<p>o podatku dochodowym od os\u00f3b fizycznych,<br \/>\no podatku dochodowym od os\u00f3b prawnych,<br \/>\no podatku od towar\u00f3w i us\u0142ug,<br \/>\no zrycza\u0142towanym podatku dochodowym od niekt\u00f3rych przychod\u00f3w osi\u0105ganych przez osoby fizyczne,<br \/>\nOrdynacji podatkowej.<br \/>\nWszystkie akty prawne zosta\u0142y przygotowane ze stanem prawnym na 1 stycznia 2022 r.<\/p>\n<p>Podatek dochodowy od os\u00f3b fizycznych, to m.in.:<\/p>\n<p>&#8211; podwy\u017cszenie kwoty wolnej od podatku oraz zmiany w skali podatkowej PIT,<\/p>\n<p>&#8211; uproszczenia we wsp\u00f3lnym rozliczaniu ma\u0142\u017conk\u00f3w,<\/p>\n<p>&#8211; tzw. ulga dla klasy \u015bredniej,<\/p>\n<p>&#8211; zwolnienie z opodatkowania dla os\u00f3b kontynuuj\u0105cych prac\u0119 po osi\u0105gni\u0119ciu wieku emerytalnego,<\/p>\n<p>&#8211; preferencje podatkowe dla rodzin z czw\u00f3rk\u0105 i wi\u0119cej dzieci oraz podatnik\u00f3w przenosz\u0105cych do Polski miejsce zamieszkania dla cel\u00f3w podatkowych,<\/p>\n<p>&#8211; rozszerzenie zakresu ulgi rehabilitacyjnej,<\/p>\n<p>&#8211; nowe ulgi dla przedsi\u0119biorc\u00f3w,<\/p>\n<p>&#8211; obni\u017cenie niekt\u00f3rych stawek w przypadku zrycza\u0142towanego podatku od przychod\u00f3w ewidencjonowanych.<\/p>\n<p>Podatek dochodowy od os\u00f3b prawnych, to m.in.:<\/p>\n<p>&#8211; podatek minimalny,<\/p>\n<p>&#8211; przerzucone dochody,<\/p>\n<p>&#8211; ograniczenia w amortyzacji budynk\u00f3w,<\/p>\n<p>&#8211; koszty finansowania d\u0142u\u017cnego,<\/p>\n<p>&#8211; zmiany w podatku u \u017ar\u00f3d\u0142a,<\/p>\n<p>&#8211; koniec limitu na us\u0142ugi niematerialne,<\/p>\n<p>&#8211; ulga na robotyzacj\u0119 i ulga na rozw\u00f3j,<\/p>\n<p>&#8211; zmiany w cenach transferowych,<\/p>\n<p>&#8211; uproszczenie w tzw. esto\u0144skim CIT<\/p>\n<p>Podatek od towar\u00f3w i us\u0142ug, to m.in.:<\/p>\n<p>&#8211; grupy VAT,<\/p>\n<p>&#8211; opodatkowanie us\u0142ug finansowych,<\/p>\n<p>&#8211; Krajowy System e-Faktur,<\/p>\n<p>&#8211; SLIM VAT II,<\/p>\n<p>&#8211; p\u0142atno\u015bci bezgot\u00f3wkowe dla konsument\u00f3w.<\/p>\n<p>Ordynacja podatkowa, to m.in.:<\/p>\n<p>&#8211; porozumienie inwestycyjne,<\/p>\n<p>&#8211; usprawnienie stosowania klauzuli GAAR,<\/p>\n<p>Rycza\u0142t od przychod\u00f3w ewidencjonowanych, to m.in.:<\/p>\n<p>&#8211; nowe zasady naliczania sk\u0142adki zdrowotnej,<\/p>\n<p>&#8211; obni\u017cenie stawek rycza\u0142tu dla niekt\u00f3rych bran\u017c,<\/p>\n<p>&#8211; rozszerzenie definicji wolnego zawodu,<\/p>\n<p>&#8211; podniesienia limitu przychod\u00f3w warunkuj\u0105cego wyb\u00f3r rycza\u0142tu od przychod\u00f3w ewidencjonowanych,<\/p>\n<p>&#8211; podniesienie limitu przychod\u00f3w uprawniaj\u0105cego do kwartalnych wp\u0142at rycza\u0142tu.<\/p>\n","protected":false},"excerpt":{"rendered":"<p>Wydawca: Wolters Kluwer Oprawa: Mi\u0119kka Format: 21.0&#215;29.7cm Liczba stron: 464 [&hellip;]<\/p>\n","protected":false},"featured_media":15201,"template":"","meta":[],"product_brand":[],"product_cat":[22],"product_tag":[355],"class_list":{"0":"post-15200","1":"product","2":"type-product","3":"status-publish","4":"has-post-thumbnail","6":"product_cat-podatki-i-prawo-podatkowe","7":"product_tag-podatki","9":"first","10":"instock","11":"sale","12":"shipping-taxable","13":"purchasable","14":"product-type-simple"},"_links":{"self":[{"href":"http:\/\/ksiegarnia-akademicka.pl\/index.php\/wp-json\/wp\/v2\/product\/15200","targetHints":{"allow":["GET"]}}],"collection":[{"href":"http:\/\/ksiegarnia-akademicka.pl\/index.php\/wp-json\/wp\/v2\/product"}],"about":[{"href":"http:\/\/ksiegarnia-akademicka.pl\/index.php\/wp-json\/wp\/v2\/types\/product"}],"wp:featuredmedia":[{"embeddable":true,"href":"http:\/\/ksiegarnia-akademicka.pl\/index.php\/wp-json\/wp\/v2\/media\/15201"}],"wp:attachment":[{"href":"http:\/\/ksiegarnia-akademicka.pl\/index.php\/wp-json\/wp\/v2\/media?parent=15200"}],"wp:term":[{"taxonomy":"product_brand","embeddable":true,"href":"http:\/\/ksiegarnia-akademicka.pl\/index.php\/wp-json\/wp\/v2\/product_brand?post=15200"},{"taxonomy":"product_cat","embeddable":true,"href":"http:\/\/ksiegarnia-akademicka.pl\/index.php\/wp-json\/wp\/v2\/product_cat?post=15200"},{"taxonomy":"product_tag","embeddable":true,"href":"http:\/\/ksiegarnia-akademicka.pl\/index.php\/wp-json\/wp\/v2\/product_tag?post=15200"}],"curies":[{"name":"wp","href":"https:\/\/api.w.org\/{rel}","templated":true}]}}

<p>Wydawca: Wolters Kluwer<br />
Oprawa: Miękka<br />
Format: 21.0&#215;29.7cm<br />
Liczba stron: 464<br />
Wydanie: 23<br />
Rok wydania: 2022</p>
<p>Podatki 2022 to zbiór najważniejszych przepisów podatkowych zawierający, najnowsze zmiany podatkowe w ramach tzw. polskiego ładu, wprowadzone przez ustawodawcę.<br />
Podatki 2022 to zbiór najważniejszych przepisów podatkowych zawierający najnowsze zmiany wprowadzone przez ustawodawcę.</p>
<p>W publikacji znajdziesz teksty ustaw:</p>
<p>o podatku dochodowym od osób fizycznych,<br />
o podatku dochodowym od osób prawnych,<br />
o podatku od towarów i usług,<br />
o zryczałtowanym podatku dochodowym od niektórych przychodów osiąganych przez osoby fizyczne,<br />
Ordynacji podatkowej.<br />
Wszystkie akty prawne zostały przygotowane ze stanem prawnym na 1 stycznia 2022 r.</p>
<p>Podatek dochodowy od osób fizycznych, to m.in.:</p>
<p>&#8211; podwyższenie kwoty wolnej od podatku oraz zmiany w skali podatkowej PIT,</p>
<p>&#8211; uproszczenia we wspólnym rozliczaniu małżonków,</p>
<p>&#8211; tzw. ulga dla klasy średniej,</p>
<p>&#8211; zwolnienie z opodatkowania dla osób kontynuujących pracę po osiągnięciu wieku emerytalnego,</p>
<p>&#8211; preferencje podatkowe dla rodzin z czwórką i więcej dzieci oraz podatników przenoszących do Polski miejsce zamieszkania dla celów podatkowych,</p>
<p>&#8211; rozszerzenie zakresu ulgi rehabilitacyjnej,</p>
<p>&#8211; nowe ulgi dla przedsiębiorców,</p>
<p>&#8211; obniżenie niektórych stawek w przypadku zryczałtowanego podatku od przychodów ewidencjonowanych.</p>
<p>Podatek dochodowy od osób prawnych, to m.in.:</p>
<p>&#8211; podatek minimalny,</p>
<p>&#8211; przerzucone dochody,</p>
<p>&#8211; ograniczenia w amortyzacji budynków,</p>
<p>&#8211; koszty finansowania dłużnego,</p>
<p>&#8211; zmiany w podatku u źródła,</p>
<p>&#8211; koniec limitu na usługi niematerialne,</p>
<p>&#8211; ulga na robotyzację i ulga na rozwój,</p>
<p>&#8211; zmiany w cenach transferowych,</p>
<p>&#8211; uproszczenie w tzw. estońskim CIT</p>
<p>Podatek od towarów i usług, to m.in.:</p>
<p>&#8211; grupy VAT,</p>
<p>&#8211; opodatkowanie usług finansowych,</p>
<p>&#8211; Krajowy System e-Faktur,</p>
<p>&#8211; SLIM VAT II,</p>
<p>&#8211; płatności bezgotówkowe dla konsumentów.</p>
<p>Ordynacja podatkowa, to m.in.:</p>
<p>&#8211; porozumienie inwestycyjne,</p>
<p>&#8211; usprawnienie stosowania klauzuli GAAR,</p>
<p>Ryczałt od przychodów ewidencjonowanych, to m.in.:</p>
<p>&#8211; nowe zasady naliczania składki zdrowotnej,</p>
<p>&#8211; obniżenie stawek ryczałtu dla niektórych branż,</p>
<p>&#8211; rozszerzenie definicji wolnego zawodu,</p>
<p>&#8211; podniesienia limitu przychodów warunkującego wybór ryczałtu od przychodów ewidencjonowanych,</p>
<p>&#8211; podniesienie limitu przychodów uprawniającego do kwartalnych wpłat ryczałtu.</p>

<p>Wydawca: Wolters Kluwer Oprawa: Miękka Format: 21.0&#215;29.7cm Liczba stron: 464 [&hellip;]</p>
