{"id":15160,"date":"2022-01-21T16:04:30","date_gmt":"2022-01-21T15:04:30","guid":{"rendered":"http:\/\/ksiegarnia-akademicka.pl\/?post_type=product&#038;p=15160"},"modified":"2022-01-21T16:04:31","modified_gmt":"2022-01-21T15:04:31","slug":"crash-course-ortopedia-i-reumatologia","status":"publish","type":"product","link":"http:\/\/ksiegarnia-akademicka.pl\/index.php\/product\/crash-course-ortopedia-i-reumatologia\/","title":{"rendered":"Crash Course Ortopedia i reumatologia"},"content":{"rendered":"<p>Autor:<br \/>\nPaul Haslam<br \/>\nAnnabel Coote<br \/>\nT\u0142umacze: Barczy\u0144ski Andrzej, Bielecki Tomasz, Drygalski Marcin<br \/>\nWydawca: Edra Urban &amp; Partner<br \/>\nOprawa: Mi\u0119kka<br \/>\nFormat: 17.5&#215;25.5cm<br \/>\nLiczba stron: 232<br \/>\nWydanie: 3<br \/>\nRok wydania: 2016<br \/>\nJ\u0119zyk wydania: polski<\/p>\n<p>Seria podr\u0119cznik\u00f3w Crash Course to idealne antidotum na stres egzaminacyjny.<\/p>\n<p>Dzi\u0119ki niej zaoszcz\u0119dzisz czas i zyskasz pewno\u015b\u0107, \u017ce dysponujesz zebranymi w jednym miejscu informacjami,<br \/>\nkt\u00f3rych potrzebujesz, aby zaliczy\u0107 zaj\u0119cia z danej dziedziny i zda\u0107 egzamin. Formu\u0142a serii sprawdza si\u0119 od kilkunastu lat. Niezwykle przejrzysta forma podr\u0119cznik\u00f3w, liczne tabele, ryciny i zestawienia s\u0105 tak przemy\u015blane, aby zainteresowa\u0107 studenta i u\u0142atwi\u0107 mu nauk\u0119.<br \/>\nAutorami s\u0105 studenci i nauczyciele akademiccy, czyli osoby, kt\u00f3re doskonale wiedz\u0105, na czym polega zdawanie egzaminu i jaki zakres materia\u0142u nale\u017cy przyswoi\u0107, aby ten cel osi\u0105gn\u0105\u0107. Ani na chwil\u0119 nie zapominaj\u0105 oni o potrzebach swoich czytelnik\u00f3w. Podkre\u015blaj\u0105 i dowcipnie obrazuj\u0105 najwa\u017cniejsze informacje, podaj\u0105 najcz\u0119\u015bciej spotykane pytania egzaminacyjne, pomijaj\u0105 za\u015b rzeczy zb\u0119dne i nieistotne.<\/p>\n","protected":false},"excerpt":{"rendered":"<p>Autor: Paul Haslam Annabel Coote T\u0142umacze: Barczy\u0144ski Andrzej, Bielecki Tomasz, [&hellip;]<\/p>\n","protected":false},"featured_media":15161,"template":"","meta":[],"product_brand":[],"product_cat":[7493],"product_tag":[8154,8152],"class_list":{"0":"post-15160","1":"product","2":"type-product","3":"status-publish","4":"has-post-thumbnail","6":"product_cat-medycyna","7":"product_tag-ortopedia-i-reumatologia","8":"product_tag-seria-crash-course","10":"first","11":"instock","12":"sale","13":"shipping-taxable","14":"purchasable","15":"product-type-simple"},"_links":{"self":[{"href":"http:\/\/ksiegarnia-akademicka.pl\/index.php\/wp-json\/wp\/v2\/product\/15160","targetHints":{"allow":["GET"]}}],"collection":[{"href":"http:\/\/ksiegarnia-akademicka.pl\/index.php\/wp-json\/wp\/v2\/product"}],"about":[{"href":"http:\/\/ksiegarnia-akademicka.pl\/index.php\/wp-json\/wp\/v2\/types\/product"}],"wp:featuredmedia":[{"embeddable":true,"href":"http:\/\/ksiegarnia-akademicka.pl\/index.php\/wp-json\/wp\/v2\/media\/15161"}],"wp:attachment":[{"href":"http:\/\/ksiegarnia-akademicka.pl\/index.php\/wp-json\/wp\/v2\/media?parent=15160"}],"wp:term":[{"taxonomy":"product_brand","embeddable":true,"href":"http:\/\/ksiegarnia-akademicka.pl\/index.php\/wp-json\/wp\/v2\/product_brand?post=15160"},{"taxonomy":"product_cat","embeddable":true,"href":"http:\/\/ksiegarnia-akademicka.pl\/index.php\/wp-json\/wp\/v2\/product_cat?post=15160"},{"taxonomy":"product_tag","embeddable":true,"href":"http:\/\/ksiegarnia-akademicka.pl\/index.php\/wp-json\/wp\/v2\/product_tag?post=15160"}],"curies":[{"name":"wp","href":"https:\/\/api.w.org\/{rel}","templated":true}]}}