{"id":15091,"date":"2022-01-10T09:01:32","date_gmt":"2022-01-10T08:01:32","guid":{"rendered":"http:\/\/ksiegarnia-akademicka.pl\/?post_type=product&#038;p=15091"},"modified":"2024-12-05T08:57:16","modified_gmt":"2024-12-05T07:57:16","slug":"nowoczesna-diagnostyka-w-onkologii-innowacje-rekomendacje-i-sciezki-postepowania-w-onkologii-personalizowanej-w-gabinecie-lekarza-specjalisty-onkologia","status":"publish","type":"product","link":"http:\/\/ksiegarnia-akademicka.pl\/index.php\/product\/nowoczesna-diagnostyka-w-onkologii-innowacje-rekomendacje-i-sciezki-postepowania-w-onkologii-personalizowanej-w-gabinecie-lekarza-specjalisty-onkologia\/","title":{"rendered":"Nowoczesna diagnostyka w onkologii Innowacje, rekomendacje i \u015bcie\u017cki post\u0119powania w onkologii personalizowanej W gabinecie lekarza specjalisty. Onkologia"},"content":{"rendered":"<p>Nale\u017cy do serii:<br \/>\nW GABINECIE LEKARZA SPECJALISTY<br \/>\nAutor:<br \/>\nPaula Dobosz<br \/>\nRedakcja: Dobosz Paula<br \/>\nWydawca: PZWL<br \/>\nOprawa: Mi\u0119kka<br \/>\nFormat: 15.0&#215;23.5cm<br \/>\nLiczba stron: 144<br \/>\nWydanie: 1<br \/>\nRok wydania: 2021<br \/>\nJ\u0119zyk wydania: polski<\/p>\n<p>Kolejne wydanie onkologiczne z serii \u201eW gabinecie lekarza specjalisty\u201d \u2013 tym razem zosta\u0142o w ca\u0142o\u015bci po\u015bwi\u0119cone nowoczesnej diagnostyce w onkologii personalizowanej. Monografia zosta\u0142a przygotowana pod redakcj\u0105 naukow\u0105 dr hab. n. med. Pauli Dobosz. Autorzy z du\u017c\u0105 dok\u0142adno\u015bci\u0105 i pasj\u0105 omawiaj\u0105 tak ciekawe i wa\u017cne zagadnienia jak: sztuczna inteligencja w onkologii, innowacje w diagnostyce nowotwor\u00f3w, precyzyjne zapobieganie i leczenie nowotwor\u00f3w \u2013 w tym nowe wyzwania dla p\u0142ynnych biopsji, prezentuj\u0105 tak\u017ce techniki obrazowania molekularnego w onkologii trzustki oraz technik utrwalania. Publikacja skierowana jest do praktykuj\u0105cych lekarzy onkolog\u00f3w, immunolog\u00f3w klinicznych, genetyk\u00f3w oraz specjalist\u00f3w z innych dziedzin, kt\u00f3rzy w codziennej praktyce spotykaj\u0105 si\u0119 z pacjentami onkologicznym. Jest to r\u00f3wnie\u017c zalecana lektura dla wszystkich specjalist\u00f3w oraz student\u00f3w, kt\u00f3rzy potrzebuj\u0105 rzetelnej, usystematyzowanej i najnowszej wiedzy o nowoczesnych formach diagnostyki w onkologii. SPIS ROZDZIA\u0141\u00d3W S\u0142owo wst\u0119pne \u2013 Paula Dobosz Precyzyjne zapobieganie i leczenie nowotwor\u00f3w: nowe wyzwania dla p\u0142ynnych biopsji &#8211; Marta \u0141ukasiewicz, Anna \u017baczek, Anna Supernat Sztuczna inteligencja w onkologii &#8211; nowe narz\u0119dzia do diagnostyki i medycyny spersonalizowanej &#8211; Krzysztof Pastuszak, Micha\u0142 \u017buk, Anna Supernat Innowacje w diagnostyce nowotwor\u00f3w: genomika, sekwencjonowanie nowej generacji i sztuczna inteligencja \u2013 Marzena Wojtaszewska, Maciej D\u0105browski Nowa era technik utrwalania w onkologii: czy czas odej\u015b\u0107 od bloczk\u00f3w parafinowych? \u2013 Maria St\u0119pie\u0144, Karolina Lisicka, Paula Dobosz Techniki obrazowania molekularnego w onkologii trzustki &#8211; Maciej Bobowicz<\/p>\n","protected":false},"excerpt":{"rendered":"<p>Nale\u017cy do serii: W GABINECIE LEKARZA SPECJALISTY Autor: Paula Dobosz [&hellip;]<\/p>\n","protected":false},"featured_media":15092,"template":"","meta":[],"product_brand":[],"product_cat":[7493],"product_tag":[3994,6913],"class_list":{"0":"post-15091","1":"product","2":"type-product","3":"status-publish","4":"has-post-thumbnail","6":"product_cat-medycyna","7":"product_tag-medycyna","8":"product_tag-onkologia","10":"first","11":"instock","12":"sale","13":"shipping-taxable","14":"purchasable","15":"product-type-simple"},"_links":{"self":[{"href":"http:\/\/ksiegarnia-akademicka.pl\/index.php\/wp-json\/wp\/v2\/product\/15091","targetHints":{"allow":["GET"]}}],"collection":[{"href":"http:\/\/ksiegarnia-akademicka.pl\/index.php\/wp-json\/wp\/v2\/product"}],"about":[{"href":"http:\/\/ksiegarnia-akademicka.pl\/index.php\/wp-json\/wp\/v2\/types\/product"}],"wp:featuredmedia":[{"embeddable":true,"href":"http:\/\/ksiegarnia-akademicka.pl\/index.php\/wp-json\/wp\/v2\/media\/15092"}],"wp:attachment":[{"href":"http:\/\/ksiegarnia-akademicka.pl\/index.php\/wp-json\/wp\/v2\/media?parent=15091"}],"wp:term":[{"taxonomy":"product_brand","embeddable":true,"href":"http:\/\/ksiegarnia-akademicka.pl\/index.php\/wp-json\/wp\/v2\/product_brand?post=15091"},{"taxonomy":"product_cat","embeddable":true,"href":"http:\/\/ksiegarnia-akademicka.pl\/index.php\/wp-json\/wp\/v2\/product_cat?post=15091"},{"taxonomy":"product_tag","embeddable":true,"href":"http:\/\/ksiegarnia-akademicka.pl\/index.php\/wp-json\/wp\/v2\/product_tag?post=15091"}],"curies":[{"name":"wp","href":"https:\/\/api.w.org\/{rel}","templated":true}]}}