{"id":15039,"date":"2021-12-20T13:00:11","date_gmt":"2021-12-20T12:00:11","guid":{"rendered":"http:\/\/ksiegarnia-akademicka.pl\/?post_type=product&#038;p=15039"},"modified":"2021-12-20T13:00:51","modified_gmt":"2021-12-20T12:00:51","slug":"lesmian-encyklopedia","status":"publish","type":"product","link":"http:\/\/ksiegarnia-akademicka.pl\/index.php\/product\/lesmian-encyklopedia\/","title":{"rendered":"Le\u015bmian Encyklopedia"},"content":{"rendered":"<p>Autor:<br \/>\nJaros\u0142aw Marek Rymkiewicz<br \/>\nWydawca: Evviva Larte<br \/>\nOprawa: Twarda<br \/>\nFormat: 17.0&#215;24.0cm<br \/>\nLiczba stron: 376<br \/>\nRok wydania: 2021<br \/>\nJ\u0119zyk wydania: polski<\/p>\n<p>Rymkiewicz wprowadzi\u0142 do literatury nowatorsk\u0105 form\u0119, pozwalaj\u0105c\u0105 w oryginalny spos\u00f3b uj\u0105\u0107 \u017cycie i tw\u00f3rczo\u015b\u0107 poet\u00f3w (pisa\u0142 te\u017c o Mickiewiczu, S\u0142owackim, Fredrze). Encyklopedia, sk\u0142adaj\u0105ca si\u0119 z alfabetycznie uporz\u0105dkowanych hase\u0142 \u2013 fragment\u00f3w, wydaje si\u0119 obejmowa\u0107 ca\u0142o\u015b\u0107, takie jest d\u0105\u017cenie autora. A przecie\u017c \u2013 jak sam wielokrotnie przyznawa\u0142 \u2013 z przesz\u0142o\u015bci i z czyjego\u015b \u017cycia zostaj\u0105 tylko u\u0142amki, fragmenty, tropy, kt\u00f3re czasem pozwalaj\u0105 si\u0119 domy\u015bla\u0107 brakuj\u0105cych cz\u0119\u015bci, a czasem prowadz\u0105 na manowce.<\/p>\n","protected":false},"excerpt":{"rendered":"<p>Autor: Jaros\u0142aw Marek Rymkiewicz Wydawca: Evviva Larte Oprawa: Twarda Format: [&hellip;]<\/p>\n","protected":false},"featured_media":15040,"template":"","meta":[],"product_brand":[],"product_cat":[7627],"product_tag":[5658,6300,8020,8148],"class_list":{"0":"post-15039","1":"product","2":"type-product","3":"status-publish","4":"has-post-thumbnail","6":"product_cat-historia-literatury","7":"product_tag-historia-literatury","8":"product_tag-literatura-polska","9":"product_tag-pisarze","10":"product_tag-poeci","12":"first","13":"instock","14":"sale","15":"shipping-taxable","16":"purchasable","17":"product-type-simple"},"_links":{"self":[{"href":"http:\/\/ksiegarnia-akademicka.pl\/index.php\/wp-json\/wp\/v2\/product\/15039","targetHints":{"allow":["GET"]}}],"collection":[{"href":"http:\/\/ksiegarnia-akademicka.pl\/index.php\/wp-json\/wp\/v2\/product"}],"about":[{"href":"http:\/\/ksiegarnia-akademicka.pl\/index.php\/wp-json\/wp\/v2\/types\/product"}],"wp:featuredmedia":[{"embeddable":true,"href":"http:\/\/ksiegarnia-akademicka.pl\/index.php\/wp-json\/wp\/v2\/media\/15040"}],"wp:attachment":[{"href":"http:\/\/ksiegarnia-akademicka.pl\/index.php\/wp-json\/wp\/v2\/media?parent=15039"}],"wp:term":[{"taxonomy":"product_brand","embeddable":true,"href":"http:\/\/ksiegarnia-akademicka.pl\/index.php\/wp-json\/wp\/v2\/product_brand?post=15039"},{"taxonomy":"product_cat","embeddable":true,"href":"http:\/\/ksiegarnia-akademicka.pl\/index.php\/wp-json\/wp\/v2\/product_cat?post=15039"},{"taxonomy":"product_tag","embeddable":true,"href":"http:\/\/ksiegarnia-akademicka.pl\/index.php\/wp-json\/wp\/v2\/product_tag?post=15039"}],"curies":[{"name":"wp","href":"https:\/\/api.w.org\/{rel}","templated":true}]}}