{"id":14760,"date":"2021-10-26T09:03:30","date_gmt":"2021-10-26T07:03:30","guid":{"rendered":"http:\/\/ksiegarnia-akademicka.pl\/?post_type=product&#038;p=14760"},"modified":"2024-12-05T08:46:09","modified_gmt":"2024-12-05T07:46:09","slug":"praktyczne-zastosowanie-narzedzi-seo-w-twojej-firmie","status":"publish","type":"product","link":"http:\/\/ksiegarnia-akademicka.pl\/index.php\/product\/praktyczne-zastosowanie-narzedzi-seo-w-twojej-firmie\/","title":{"rendered":"Praktyczne zastosowanie narz\u0119dzi SEO w Twojej firmie"},"content":{"rendered":"<p>Autor:<br \/>\nPawe\u0142 Cengiel<br \/>\nWydawca: onepress<br \/>\nOprawa: Mi\u0119kka<br \/>\nFormat: 16.8&#215;23.7cm<br \/>\nLiczba stron: 400<br \/>\nRok wydania: 2021<br \/>\nJ\u0119zyk wydania: polski<\/p>\n<p>Zdob\u0105d\u017a praktyczn\u0105 wiedz\u0119 i zwi\u0119ksz widoczno\u015b\u0107 swojego serwisu w wyszukiwarce Google!<\/h3>\n<p>Dzi\u0119ki zebranym w poradniku wskaz&oacute;wkom, jak u\u017cywa\u0107 narz\u0119dzi stosowanych na co dzie\u0144 w bran\u017cy SEO, poznasz najwa\u017cniejsze aspekty pozycjonowania. Opisano tu a\u017c 32 aplikacje wraz z instrukcjami ich u\u017cycia &#8211; to solidna porcja wiedzy, kt&oacute;ra przygotuje Ci\u0119 do wykonywania wielu zada\u0144 zwi\u0105zanych z prowadzeniem kampanii SEO.<\/p>\n<p>Ksi\u0105\u017cka krok po kroku wprowadza w ten proces: od planowania kampanii, przez analiz\u0119 w\u0142asnego serwisu pod k\u0105tem technicznym, po napraw\u0119 wyst\u0119puj\u0105cych w nim b\u0142\u0119d&oacute;w i optymalizacj\u0119. Zawiera r&oacute;wnie\u017c zagadnienia dotycz\u0105ce analizy konkurencji w wynikach organicznych wyszukiwarki Google i raportowania osi\u0105gni\u0119tych rezultat&oacute;w. Nauczysz si\u0119, jak odnajdywa\u0107 najpopularniejsze frazy wpisywane przez u\u017cytkownik&oacute;w do wyszukiwarki Google i tworzy\u0107 dzi\u0119ki temu lepsze tre\u015bci, a tak\u017ce jak dociera\u0107 do \u017ar&oacute;de\u0142 pozyskiwania link&oacute;w pozycjonuj\u0105cych. Dowiesz si\u0119 te\u017c, jak analizowa\u0107 informacje o u\u017cytkownikach wchodz\u0105cych do Twojego serwisu. Przygotowany przez autora zestaw porad i praktycznych wskaz&oacute;wek pomo\u017ce Ci skutecznie ograniczy\u0107 najcz\u0119\u015bciej pope\u0142niane b\u0142\u0119dy wynikaj\u0105ce z niew\u0142a\u015bciwej optymalizacji serwisu, unikn\u0105\u0107 kary za techniki niezgodne ze wskaz&oacute;wkami Google dla webmaster&oacute;w i zwi\u0119kszy\u0107 liczb\u0119 wej\u015b\u0107 u\u017cytkownik&oacute;w z wynik&oacute;w organicznych.<\/p>\n","protected":false},"excerpt":{"rendered":"<p>Autor: Pawe\u0142 Cengiel Wydawca: onepress Oprawa: Mi\u0119kka Format: 16.8&#215;23.7cm Liczba [&hellip;]<\/p>\n","protected":false},"featured_media":14761,"template":"","meta":[],"product_brand":[],"product_cat":[36,29,31,7515],"product_tag":[1405,456,1182],"class_list":{"0":"post-14760","1":"product","2":"type-product","3":"status-publish","4":"has-post-thumbnail","6":"product_cat-informatyka","7":"product_cat-marketing-i-reklama","8":"product_cat-przedsiebiorstwo","9":"product_cat-zarzadzanie-przedsiebiorstwem","10":"product_tag-internet","11":"product_tag-marketing","12":"product_tag-pozycjonowanie","14":"first","15":"instock","16":"sale","17":"shipping-taxable","18":"purchasable","19":"product-type-simple"},"_links":{"self":[{"href":"http:\/\/ksiegarnia-akademicka.pl\/index.php\/wp-json\/wp\/v2\/product\/14760","targetHints":{"allow":["GET"]}}],"collection":[{"href":"http:\/\/ksiegarnia-akademicka.pl\/index.php\/wp-json\/wp\/v2\/product"}],"about":[{"href":"http:\/\/ksiegarnia-akademicka.pl\/index.php\/wp-json\/wp\/v2\/types\/product"}],"wp:featuredmedia":[{"embeddable":true,"href":"http:\/\/ksiegarnia-akademicka.pl\/index.php\/wp-json\/wp\/v2\/media\/14761"}],"wp:attachment":[{"href":"http:\/\/ksiegarnia-akademicka.pl\/index.php\/wp-json\/wp\/v2\/media?parent=14760"}],"wp:term":[{"taxonomy":"product_brand","embeddable":true,"href":"http:\/\/ksiegarnia-akademicka.pl\/index.php\/wp-json\/wp\/v2\/product_brand?post=14760"},{"taxonomy":"product_cat","embeddable":true,"href":"http:\/\/ksiegarnia-akademicka.pl\/index.php\/wp-json\/wp\/v2\/product_cat?post=14760"},{"taxonomy":"product_tag","embeddable":true,"href":"http:\/\/ksiegarnia-akademicka.pl\/index.php\/wp-json\/wp\/v2\/product_tag?post=14760"}],"curies":[{"name":"wp","href":"https:\/\/api.w.org\/{rel}","templated":true}]}}