{"id":14473,"date":"2021-04-20T09:48:55","date_gmt":"2021-04-20T07:48:55","guid":{"rendered":"http:\/\/ksiegarnia-akademicka.pl\/?post_type=product&#038;p=14473"},"modified":"2021-04-20T09:48:57","modified_gmt":"2021-04-20T07:48:57","slug":"prosze-bardzo","status":"publish","type":"product","link":"http:\/\/ksiegarnia-akademicka.pl\/index.php\/product\/prosze-bardzo\/","title":{"rendered":"Prosz\u0119 bardzo"},"content":{"rendered":"<p>Autor:<br \/>\nAnda Rottenberg<br \/>\nWydawca: Marginesy<br \/>\nOprawa: Mi\u0119kka ze skrzyde\u0142kami<br \/>\nFormat: 15.0&#215;23.0cm<br \/>\nLiczba stron: 424<br \/>\nRok wydania: 2021<br \/>\nJ\u0119zyk wydania: polski<\/p>\n<p>Anda Rottenberg rekonstruuje dzieje w\u0142asnej rodziny, niejednorodnej pod wzgl\u0119dem etnicznym i wyznaniowym. Babka ze strony ojca jako ortodoksyjna \u017byd\u00f3wka nosi\u0142a peruk\u0119 i przestrzega\u0142a restrykcyjnych zasad koszerno\u015bci. Krewni po k\u0105dzieli byli pochodzenia rosyjskiego, a wszelkie uroczysto\u015bci obchodzili w obrz\u0105dku prawos\u0142awnym. Dlatego te\u017c autorka swoich korzeni szuka m.in. na nowos\u0105deckim kirkucie i w Nowosybirsku. Rodzinnymi opowie\u015bciami oswaja nieobecnych. Niczego nie retuszuje. Nie przemilcza i tego, \u017ce wujek by\u0142 pionierem i komsomolcem. Wspomina o skandalu obyczajowym, jaki wybuch\u0142 tu\u017c po \u015blubie jednej z ciotek. Opowiada przy tym niezwyk\u0142\u0105 histori\u0119 \u0142agrow\u0105 o znajomo\u015bci swoich przysz\u0142ych rodzic\u00f3w. Z fragmentarycznych relacji, z dokument\u00f3w urz\u0119dowych usi\u0142uje wydoby\u0107 informacje o konkretnych osobach, kt\u00f3re zgin\u0119\u0142y w obozach koncentracyjnych i gu\u0142agach. Anda Rottenberg nie zapomina r\u00f3wnie\u017c o \u017cywych. Krewnych odnajduje zar\u00f3wno w Rosji, jak w Szwajcarii i Kanadzie. Poszukiwania korzeni Anda Rottenberg przeplata z w\u0105tkiem dramatycznej historii zaginionego syna, o czym opowiada odwa\u017cnie i szczerze. To ksi\u0105\u017cka o trudnych relacjach, mi\u0142o\u015bci, cierpieniu, poszukiwaniu to\u017csamo\u015bci, oczekiwaniu, stracie, \u015bmierci i pogodzeniu z losem. O upadkach i o podnoszeniu si\u0119. Anda Rottenberg (ur. 1944) \u2013 polska historyczka sztuki, krytyczka i publicystka, organizatorka i kuratorka licznych wystaw. Jest r\u00f3wnie\u017c autork\u0105 po\u015bwi\u0119conych sztuce artyku\u0142\u00f3w naukowych i esej\u00f3w, zamieszczanych w krajowych i zagranicznych wydawnictwach. W latach 1993\u20132000 dyrektor Galerii Sztuki \u201eZach\u0119ta\u201d w Warszawie, od 1998 roku przewodnicz\u0105ca Fundacji Instytutu Promocji Sztuki. Autorka mi\u0119dzy innymi: Sztuka w Polsce 1945\u20132005 (2005), Przeci\u0105g: Teksty o sztuce polskiej lat 80. (2009), Rottenberg. Ju\u017c trudno (2014, z Dorot\u0105 Jareck\u0105), Berli\u0144ska depresja. Dziennik (2018), Lista. Dziennik 2005 (2019) i Zbli\u017cenia. Szkice o polskich artystach (2020). Nominowana do Nagrody Literackiej Nike oraz Nagrody Literackiej Gdynia.<\/p>\n","protected":false},"excerpt":{"rendered":"<p>Autor: Anda Rottenberg Wydawca: Marginesy Oprawa: Mi\u0119kka ze skrzyde\u0142kami Format: [&hellip;]<\/p>\n","protected":false},"featured_media":14474,"template":"","meta":[],"product_brand":[],"product_cat":[38,7823],"product_tag":[67,4292],"class_list":{"0":"post-14473","1":"product","2":"type-product","3":"status-publish","4":"has-post-thumbnail","6":"product_cat-historia","7":"product_cat-sztuka","8":"product_tag-historia-polski","9":"product_tag-sztuka","11":"first","12":"instock","13":"sale","14":"shipping-taxable","15":"purchasable","16":"product-type-simple"},"_links":{"self":[{"href":"http:\/\/ksiegarnia-akademicka.pl\/index.php\/wp-json\/wp\/v2\/product\/14473","targetHints":{"allow":["GET"]}}],"collection":[{"href":"http:\/\/ksiegarnia-akademicka.pl\/index.php\/wp-json\/wp\/v2\/product"}],"about":[{"href":"http:\/\/ksiegarnia-akademicka.pl\/index.php\/wp-json\/wp\/v2\/types\/product"}],"wp:featuredmedia":[{"embeddable":true,"href":"http:\/\/ksiegarnia-akademicka.pl\/index.php\/wp-json\/wp\/v2\/media\/14474"}],"wp:attachment":[{"href":"http:\/\/ksiegarnia-akademicka.pl\/index.php\/wp-json\/wp\/v2\/media?parent=14473"}],"wp:term":[{"taxonomy":"product_brand","embeddable":true,"href":"http:\/\/ksiegarnia-akademicka.pl\/index.php\/wp-json\/wp\/v2\/product_brand?post=14473"},{"taxonomy":"product_cat","embeddable":true,"href":"http:\/\/ksiegarnia-akademicka.pl\/index.php\/wp-json\/wp\/v2\/product_cat?post=14473"},{"taxonomy":"product_tag","embeddable":true,"href":"http:\/\/ksiegarnia-akademicka.pl\/index.php\/wp-json\/wp\/v2\/product_tag?post=14473"}],"curies":[{"name":"wp","href":"https:\/\/api.w.org\/{rel}","templated":true}]}}

Proszę bardzo

<p>Autor:<br />
Anda Rottenberg<br />
Wydawca: Marginesy<br />
Oprawa: Miękka ze skrzydełkami<br />
Format: 15.0&#215;23.0cm<br />
Liczba stron: 424<br />
Rok wydania: 2021<br />
Język wydania: polski</p>
<p>Anda Rottenberg rekonstruuje dzieje własnej rodziny, niejednorodnej pod względem etnicznym i wyznaniowym. Babka ze strony ojca jako ortodoksyjna Żydówka nosiła perukę i przestrzegała restrykcyjnych zasad koszerności. Krewni po kądzieli byli pochodzenia rosyjskiego, a wszelkie uroczystości obchodzili w obrządku prawosławnym. Dlatego też autorka swoich korzeni szuka m.in. na nowosądeckim kirkucie i w Nowosybirsku. Rodzinnymi opowieściami oswaja nieobecnych. Niczego nie retuszuje. Nie przemilcza i tego, że wujek był pionierem i komsomolcem. Wspomina o skandalu obyczajowym, jaki wybuchł tuż po ślubie jednej z ciotek. Opowiada przy tym niezwykłą historię łagrową o znajomości swoich przyszłych rodziców. Z fragmentarycznych relacji, z dokumentów urzędowych usiłuje wydobyć informacje o konkretnych osobach, które zginęły w obozach koncentracyjnych i gułagach. Anda Rottenberg nie zapomina również o żywych. Krewnych odnajduje zarówno w Rosji, jak w Szwajcarii i Kanadzie. Poszukiwania korzeni Anda Rottenberg przeplata z wątkiem dramatycznej historii zaginionego syna, o czym opowiada odważnie i szczerze. To książka o trudnych relacjach, miłości, cierpieniu, poszukiwaniu tożsamości, oczekiwaniu, stracie, śmierci i pogodzeniu z losem. O upadkach i o podnoszeniu się. Anda Rottenberg (ur. 1944) – polska historyczka sztuki, krytyczka i publicystka, organizatorka i kuratorka licznych wystaw. Jest również autorką poświęconych sztuce artykułów naukowych i esejów, zamieszczanych w krajowych i zagranicznych wydawnictwach. W latach 1993–2000 dyrektor Galerii Sztuki „Zachęta” w Warszawie, od 1998 roku przewodnicząca Fundacji Instytutu Promocji Sztuki. Autorka między innymi: Sztuka w Polsce 1945–2005 (2005), Przeciąg: Teksty o sztuce polskiej lat 80. (2009), Rottenberg. Już trudno (2014, z Dorotą Jarecką), Berlińska depresja. Dziennik (2018), Lista. Dziennik 2005 (2019) i Zbliżenia. Szkice o polskich artystach (2020). Nominowana do Nagrody Literackiej Nike oraz Nagrody Literackiej Gdynia.</p>

<p>Autor: Anda Rottenberg Wydawca: Marginesy Oprawa: Miękka ze skrzydełkami Format: [&hellip;]</p>
