{"id":14308,"date":"2021-04-02T11:09:31","date_gmt":"2021-04-02T09:09:31","guid":{"rendered":"http:\/\/ksiegarnia-akademicka.pl\/?post_type=product&#038;p=14308"},"modified":"2024-12-05T08:36:14","modified_gmt":"2024-12-05T07:36:14","slug":"zfss-2021-komentarz","status":"publish","type":"product","link":"http:\/\/ksiegarnia-akademicka.pl\/index.php\/product\/zfss-2021-komentarz\/","title":{"rendered":"ZF\u015aS 2021 komentarz"},"content":{"rendered":"<p>Autor:<br \/>\nMariusz Pigulski<br \/>\nWydawca: Infor<br \/>\nOprawa: Kartonowa Foliowana<br \/>\nFormat: 16.5&#215;23.5cm<br \/>\nLiczba stron: 122<br \/>\nRok wydania: 2021<br \/>\nJ\u0119zyk wydania: polski<\/p>\n<p>Publikacja zawiera praktyczne obja\u015bnienia do ka\u017cdego artyku\u0142u ustawy o zak\u0142adowym funduszu \u015bwiadcze\u0144 socjalnych. Szczeg\u00f3\u0142owo om\u00f3wiono w niej obowi\u0105zki zwi\u0105zane z prowadzeniem dzia\u0142alno\u015bci socjalnej, jakie maj\u0105 pracodawcy. Wyja\u015bnienia zosta\u0142y poparte praktycznymi przyk\u0142adami, wzorami dokument\u00f3w, stanowiskami urz\u0119dowymi i orzecznictwem s\u0105dowym.<br \/>\nW komentarzu uwzgl\u0119dniono zmiany dotycz\u0105ce limitu \u015bwiadcze\u0144 z zf\u015bs zwolnionych z podatku z powodu COVID-19 w 2021 r. Obja\u015bniono tak\u017ce problematyk\u0119 ujawniania przez beneficjent\u00f3w pomocy danych o ich sytuacji \u017cyciowej, rodzinnej i materialnej uprawniaj\u0105cej do \u015bwiadcze\u0144. Co istotne, w 2021 r. utrzymano odpis na zf\u015bs w wysoko\u015bci obowi\u0105zuj\u0105cej w 2020 r.<br \/>\nKomentarz zosta\u0142 wzbogacony o rozwi\u0105zania problem\u00f3w pojawiaj\u0105cych si\u0119 w praktyce funkcjonowania zak\u0142adowego funduszu \u015bwiadcze\u0144 socjalnych. S\u0105 one przedstawione w formie pyta\u0144 i odpowiedzi jako odr\u0119bna od komentarza cz\u0119\u015b\u0107 ksi\u0105\u017cki.<br \/>\nJest to obowi\u0105zkowa lektura dla os\u00f3b zajmuj\u0105cych si\u0119 rozliczeniami kadrowo-p\u0142acowymi w podmiotach prowadz\u0105cych dzia\u0142alno\u015b\u0107 socjaln\u0105. Zawarte w ksi\u0105\u017cce wyja\u015bnienia zainteresuj\u0105 r\u00f3wnie\u017c beneficjent\u00f3w \u015bwiadcze\u0144 pochodz\u0105cych z zak\u0142adowego funduszu \u015bwiadcze\u0144 socjalnych, a zw\u0142aszcza cz\u0142onk\u00f3w komisji socjalnych.<\/p>\n<p>Mariusz Pigulski \u2013 ekspert i praktyk od ponad 20 lat zajmuj\u0105cy si\u0119 prawem pracy i ubezpiecze\u0144 spo\u0142ecznych. Absolwent Podyplomowego Studium Prawa Pracy na Uniwersytecie \u0141\u00f3dzkim, autor licznych opracowa\u0144 i publikacji z dziedziny kadrowo-p\u0142acowej.<\/p>\n<p>ATUTY PUBLIKACJI:<br \/>\nJedyna na rynku aktualna publikacja na temat zf\u015bs \u2013 dla praktyk\u00f3w, napisana prostym i zrozumia\u0142ym j\u0119zykiem.<\/p>\n","protected":false},"excerpt":{"rendered":"<p>Autor: Mariusz Pigulski Wydawca: Infor Oprawa: Kartonowa Foliowana Format: 16.5&#215;23.5cm [&hellip;]<\/p>\n","protected":false},"featured_media":14309,"template":"","meta":[],"product_brand":[],"product_cat":[18,7550,21],"product_tag":[793,649,8119],"class_list":{"0":"post-14308","1":"product","2":"type-product","3":"status-publish","4":"has-post-thumbnail","6":"product_cat-prawo","7":"product_cat-prawo-pracy","8":"product_cat-ubezpieczenia","9":"product_tag-prawo-pracy","10":"product_tag-prawo-ubezpieczen-spolecznych","11":"product_tag-zfss","13":"first","14":"instock","15":"sale","16":"shipping-taxable","17":"purchasable","18":"product-type-simple"},"_links":{"self":[{"href":"http:\/\/ksiegarnia-akademicka.pl\/index.php\/wp-json\/wp\/v2\/product\/14308","targetHints":{"allow":["GET"]}}],"collection":[{"href":"http:\/\/ksiegarnia-akademicka.pl\/index.php\/wp-json\/wp\/v2\/product"}],"about":[{"href":"http:\/\/ksiegarnia-akademicka.pl\/index.php\/wp-json\/wp\/v2\/types\/product"}],"wp:featuredmedia":[{"embeddable":true,"href":"http:\/\/ksiegarnia-akademicka.pl\/index.php\/wp-json\/wp\/v2\/media\/14309"}],"wp:attachment":[{"href":"http:\/\/ksiegarnia-akademicka.pl\/index.php\/wp-json\/wp\/v2\/media?parent=14308"}],"wp:term":[{"taxonomy":"product_brand","embeddable":true,"href":"http:\/\/ksiegarnia-akademicka.pl\/index.php\/wp-json\/wp\/v2\/product_brand?post=14308"},{"taxonomy":"product_cat","embeddable":true,"href":"http:\/\/ksiegarnia-akademicka.pl\/index.php\/wp-json\/wp\/v2\/product_cat?post=14308"},{"taxonomy":"product_tag","embeddable":true,"href":"http:\/\/ksiegarnia-akademicka.pl\/index.php\/wp-json\/wp\/v2\/product_tag?post=14308"}],"curies":[{"name":"wp","href":"https:\/\/api.w.org\/{rel}","templated":true}]}}