{"id":14256,"date":"2021-03-31T10:00:49","date_gmt":"2021-03-31T08:00:49","guid":{"rendered":"http:\/\/ksiegarnia-akademicka.pl\/?post_type=product&#038;p=14256"},"modified":"2021-03-31T10:00:51","modified_gmt":"2021-03-31T08:00:51","slug":"natura-czasu-i-przestrzeni-tytul-oryginalny-the-nature-of-space-and-time","status":"publish","type":"product","link":"http:\/\/ksiegarnia-akademicka.pl\/index.php\/product\/natura-czasu-i-przestrzeni-tytul-oryginalny-the-nature-of-space-and-time\/","title":{"rendered":"Natura czasu i przestrzeni Tytu\u0142 oryginalny: The Nature of Space and Time"},"content":{"rendered":"<p>Autor:<br \/>\nStephen Hawking<br \/>\nT\u0142umacze: Amsterdamski Piotr<br \/>\nWydawca: Zysk i S-ka<br \/>\nOprawa: Twarda<br \/>\nFormat: 13.5&#215;20.5cm<br \/>\nLiczba stron: 200<br \/>\nWydanie: 1<br \/>\nRok wydania: 2020<br \/>\nJ\u0119zyk wydania: polski<\/p>\n<p>Fascynuj\u0105cy sp\u00f3r o natur\u0119 Wszech\u015bwiata<br \/>\nEinstein powiedzia\u0142, \u017ce wiecznie niezrozumia\u0142e w przyrodzie jest to, \u017ce mo\u017cna j\u0105 zrozumie\u0107. Ale czy mia\u0142 racj\u0119? Czy kwantow\u0105 teori\u0119 p\u00f3l i og\u00f3ln\u0105 teori\u0119 wzgl\u0119dno\u015bci Einsteina, dwie najbardziej \u015bcis\u0142e i popularne teorie w ca\u0142ej fizyce, mo\u017cna po\u0142\u0105czy\u0107 w jedn\u0105 kwantow\u0105 teori\u0119 grawitacji? Czy mo\u017cna po\u0142\u0105czy\u0107 kwant i kosmos?<br \/>\nW ksi\u0105\u017cce Natura czasu i przestrzeni dwaj najbardziej znani fizycy na \u015bwiecie &#8211; Stephen Hawking i Roger Penrose &#8211; debatuj\u0105 nad tymi pytaniami. Autorzy omawiaj\u0105 szereg kluczowych zagadnie\u0144, w tym przestrzenn\u0105 geometri\u0119 wszech\u015bwiata, inflacj\u0119 kosmiczn\u0105, cykliczne teorie kosmosu oraz paradoks utraty informacji w czarnych dziurach. Mimo niezwyk\u0142ych osi\u0105gni\u0119\u0107 fizyki, Hawking i Penrose podkre\u015blaj\u0105, \u017ce naukowcy wci\u0105\u017c maj\u0105 sporo do zrobienia w poszukiwaniu kwantowej teorii grawitacji.<br \/>\n\u201eTa niewielka obj\u0119to\u015bciowo ksi\u0105\u017cka zawiera przyst\u0119pne wyja\u015bnienie dw\u00f3ch podej\u015b\u0107 do wielu najwi\u0119kszych nierozwi\u0105zanych problem\u00f3w grawitacji i kosmologii\u201d.<br \/>\nJohn Barrow, \u201eNew Scientist\u201d<br \/>\n\u201eDebata mi\u0119dzy Hawkingiem i Penrose\u2019em to przyk\u0142ad niezwykle b\u0142yskotliwej dysputy&#8230; Poczucie humoru Hawkinga cz\u0119sto o\u017cywia tekst\u201d.<br \/>\nJoseph Silk, \u201eTimes Higher Education\u201d<br \/>\n\u201eTo interesuj\u0105ca ksi\u0105\u017cka dla wszystkich czytelnik\u00f3w, ale zanosi si\u0119 na to, \u017ce b\u0119dzie jeszcze ciekawsz\u0105 pozycj\u0105 dla przysz\u0142ych pokole\u0144 fizyk\u00f3w\u201d.<br \/>\nRobert M. Wald, \u201eScience\u201d<\/p>\n","protected":false},"excerpt":{"rendered":"<p>Autor: Stephen Hawking T\u0142umacze: Amsterdamski Piotr Wydawca: Zysk i S-ka [&hellip;]<\/p>\n","protected":false},"featured_media":14257,"template":"","meta":[],"product_brand":[],"product_cat":[8038],"product_tag":[7263,129],"class_list":{"0":"post-14256","1":"product","2":"type-product","3":"status-publish","4":"has-post-thumbnail","6":"product_cat-fizyka","7":"product_tag-astrofizyka","8":"product_tag-fizyka","10":"first","11":"instock","12":"sale","13":"shipping-taxable","14":"purchasable","15":"product-type-simple"},"_links":{"self":[{"href":"http:\/\/ksiegarnia-akademicka.pl\/index.php\/wp-json\/wp\/v2\/product\/14256","targetHints":{"allow":["GET"]}}],"collection":[{"href":"http:\/\/ksiegarnia-akademicka.pl\/index.php\/wp-json\/wp\/v2\/product"}],"about":[{"href":"http:\/\/ksiegarnia-akademicka.pl\/index.php\/wp-json\/wp\/v2\/types\/product"}],"wp:featuredmedia":[{"embeddable":true,"href":"http:\/\/ksiegarnia-akademicka.pl\/index.php\/wp-json\/wp\/v2\/media\/14257"}],"wp:attachment":[{"href":"http:\/\/ksiegarnia-akademicka.pl\/index.php\/wp-json\/wp\/v2\/media?parent=14256"}],"wp:term":[{"taxonomy":"product_brand","embeddable":true,"href":"http:\/\/ksiegarnia-akademicka.pl\/index.php\/wp-json\/wp\/v2\/product_brand?post=14256"},{"taxonomy":"product_cat","embeddable":true,"href":"http:\/\/ksiegarnia-akademicka.pl\/index.php\/wp-json\/wp\/v2\/product_cat?post=14256"},{"taxonomy":"product_tag","embeddable":true,"href":"http:\/\/ksiegarnia-akademicka.pl\/index.php\/wp-json\/wp\/v2\/product_tag?post=14256"}],"curies":[{"name":"wp","href":"https:\/\/api.w.org\/{rel}","templated":true}]}}