{"id":14151,"date":"2021-03-26T11:12:57","date_gmt":"2021-03-26T10:12:57","guid":{"rendered":"http:\/\/ksiegarnia-akademicka.pl\/?post_type=product&#038;p=14151"},"modified":"2021-03-26T11:12:58","modified_gmt":"2021-03-26T10:12:58","slug":"jezyki-specjalistyczne-w-lingwistyce-stosowanej-miedzy-teoria-i-praktyka","status":"publish","type":"product","link":"http:\/\/ksiegarnia-akademicka.pl\/index.php\/product\/jezyki-specjalistyczne-w-lingwistyce-stosowanej-miedzy-teoria-i-praktyka\/","title":{"rendered":"J\u0119zyki specjalistyczne w lingwistyce stosowanej: mi\u0119dzy teori\u0105 i praktyk\u0105"},"content":{"rendered":"<p>Magdalena Aleksandrzak (red.)<br \/>\nWydawnictwo Naukowe UAM<br \/>\nISBN: 978-83-232-3411-1<br \/>\nKategoria: J\u0119zykoznawstwo<br \/>\nData wydania: 2018<\/p>\n<p>W ostatnich latach tematyka j\u0119zyk\u00f3w specjalistycznych jest do\u015b\u0107 cz\u0119sto podejmowana w pi\u015bmiennictwie j\u0119zykoznawczym. Popularno\u015b\u0107 zagadnienia wi\u0105\u017ce si\u0119 z jednej strony z pr\u0119\u017cnym rozwojem uznanych dziedzin og\u00f3lnych i dyscyplin szczeg\u00f3\u0142owych w obr\u0119bie lingwistyki stosowanej, co stanowi asumpt dla bada\u0144 w zakresie j\u0119zyk\u00f3w specjalistycznych, z drugiej za\u015b z praktyczn\u0105 potrzeb\u0105 uporz\u0105dkowania poka\u017anych zasob\u00f3w wiedzy ju\u017c zdobytej, cho\u0107 jeszcze nie do ko\u0144ca zaadaptowanej na potrzeby konkretnych, wymagaj\u0105cych skutecznych usprawnie\u0144 dzia\u0142a\u0144 edukacyjnych. Monografia niniejsza, kt\u00f3rej tytu\u0142 podkre\u015bla to specyficzne osadzenie interesuj\u0105cej nas dziedziny w\u0142a\u015bnie mi\u0119dzy teori\u0105 a praktyk\u0105, jest adekwatn\u0105 ilustracj\u0105 zar\u00f3wno samej obszerno\u015bci zagadnienia j\u0119zyk\u00f3w specjalistycznych, jak i mnogo\u015bci i mo\u017cliwo\u015bci uj\u0119\u0107, interpretacji czy aspekt\u00f3w tej tematyki w j\u0119zykoznawstwie stosowanym. Teksty zebrane w niniejszym tomie dotycz\u0105 bowiem bardzo szerokiego spektrum zagadnie\u0144 i prezentuj\u0105 obszary teoretyczne i badawcze o r\u00f3\u017cnym stopniu szczeg\u00f3\u0142owo\u015bci.<\/p>\n","protected":false},"excerpt":{"rendered":"<p>Magdalena Aleksandrzak (red.) Wydawnictwo Naukowe UAM ISBN: 978-83-232-3411-1 Kategoria: J\u0119zykoznawstwo [&hellip;]<\/p>\n","protected":false},"featured_media":14152,"template":"","meta":[],"product_brand":[],"product_cat":[7629],"product_tag":[5599,4731],"class_list":{"0":"post-14151","1":"product","2":"type-product","3":"status-publish","4":"has-post-thumbnail","6":"product_cat-filologia-polska","7":"product_tag-filologia","8":"product_tag-jezykoznawstwo","10":"first","11":"instock","12":"sale","13":"shipping-taxable","14":"purchasable","15":"product-type-simple"},"_links":{"self":[{"href":"http:\/\/ksiegarnia-akademicka.pl\/index.php\/wp-json\/wp\/v2\/product\/14151","targetHints":{"allow":["GET"]}}],"collection":[{"href":"http:\/\/ksiegarnia-akademicka.pl\/index.php\/wp-json\/wp\/v2\/product"}],"about":[{"href":"http:\/\/ksiegarnia-akademicka.pl\/index.php\/wp-json\/wp\/v2\/types\/product"}],"wp:featuredmedia":[{"embeddable":true,"href":"http:\/\/ksiegarnia-akademicka.pl\/index.php\/wp-json\/wp\/v2\/media\/14152"}],"wp:attachment":[{"href":"http:\/\/ksiegarnia-akademicka.pl\/index.php\/wp-json\/wp\/v2\/media?parent=14151"}],"wp:term":[{"taxonomy":"product_brand","embeddable":true,"href":"http:\/\/ksiegarnia-akademicka.pl\/index.php\/wp-json\/wp\/v2\/product_brand?post=14151"},{"taxonomy":"product_cat","embeddable":true,"href":"http:\/\/ksiegarnia-akademicka.pl\/index.php\/wp-json\/wp\/v2\/product_cat?post=14151"},{"taxonomy":"product_tag","embeddable":true,"href":"http:\/\/ksiegarnia-akademicka.pl\/index.php\/wp-json\/wp\/v2\/product_tag?post=14151"}],"curies":[{"name":"wp","href":"https:\/\/api.w.org\/{rel}","templated":true}]}}