{"id":14097,"date":"2021-03-23T10:14:40","date_gmt":"2021-03-23T09:14:40","guid":{"rendered":"http:\/\/ksiegarnia-akademicka.pl\/?post_type=product&#038;p=14097"},"modified":"2021-03-23T10:15:18","modified_gmt":"2021-03-23T09:15:18","slug":"naturalne-srodki-czyszczace","status":"publish","type":"product","link":"http:\/\/ksiegarnia-akademicka.pl\/index.php\/product\/naturalne-srodki-czyszczace\/","title":{"rendered":"Naturalne \u015brodki czyszcz\u0105ce"},"content":{"rendered":"<p>Autor:<br \/>\nFern Green<br \/>\nT\u0142umacze: Szczepanowska Anna T.<br \/>\nWydawca: Wilga<br \/>\nOprawa: Mi\u0119kka ze skrzyde\u0142kami<br \/>\nFormat: 14.8&#215;21.5cm<br \/>\nLiczba stron: 256<br \/>\nRok wydania: 2021<br \/>\nJ\u0119zyk wydania: polski<\/p>\n<p>Jak zrobi\u0107 ekologiczny proszek do prania? Czy da si\u0119 umy\u0107 wann\u0119 za pomoc\u0105 octu i cytryny? Jak sprz\u0105ta\u0107, nie szkodz\u0105c przy tym \u015brodowisku? Ksi\u0105\u017cka zawiera przepisy na ekologiczne \u015brodki czysto\u015bci. Dzi\u0119ki niej zaoszcz\u0119dzimy pieni\u0105dze wydawane na \u015brodki chemiczne, a przy okazji pomo\u017cemy uratowa\u0107 nasz\u0105 planet\u0119. Na 250 stronach znajdziemy ponad 120 przepis\u00f3w podzielonych pod k\u0105tem przestrzeni, kt\u00f3r\u0105 musimy posprz\u0105ta\u0107. Proste, praktyczne i bardzo satysfakcjonuj\u0105ce!<\/p>\n","protected":false},"excerpt":{"rendered":"<p>Autor: Fern Green T\u0142umacze: Szczepanowska Anna T. Wydawca: Wilga Oprawa: [&hellip;]<\/p>\n","protected":false},"featured_media":14098,"template":"","meta":[],"product_brand":[],"product_cat":[42],"product_tag":[1323,8110],"class_list":{"0":"post-14097","1":"product","2":"type-product","3":"status-publish","4":"has-post-thumbnail","6":"product_cat-chemia","7":"product_tag-chemia","8":"product_tag-chemia-domowa","10":"first","11":"instock","12":"sale","13":"shipping-taxable","14":"purchasable","15":"product-type-simple"},"_links":{"self":[{"href":"http:\/\/ksiegarnia-akademicka.pl\/index.php\/wp-json\/wp\/v2\/product\/14097","targetHints":{"allow":["GET"]}}],"collection":[{"href":"http:\/\/ksiegarnia-akademicka.pl\/index.php\/wp-json\/wp\/v2\/product"}],"about":[{"href":"http:\/\/ksiegarnia-akademicka.pl\/index.php\/wp-json\/wp\/v2\/types\/product"}],"wp:featuredmedia":[{"embeddable":true,"href":"http:\/\/ksiegarnia-akademicka.pl\/index.php\/wp-json\/wp\/v2\/media\/14098"}],"wp:attachment":[{"href":"http:\/\/ksiegarnia-akademicka.pl\/index.php\/wp-json\/wp\/v2\/media?parent=14097"}],"wp:term":[{"taxonomy":"product_brand","embeddable":true,"href":"http:\/\/ksiegarnia-akademicka.pl\/index.php\/wp-json\/wp\/v2\/product_brand?post=14097"},{"taxonomy":"product_cat","embeddable":true,"href":"http:\/\/ksiegarnia-akademicka.pl\/index.php\/wp-json\/wp\/v2\/product_cat?post=14097"},{"taxonomy":"product_tag","embeddable":true,"href":"http:\/\/ksiegarnia-akademicka.pl\/index.php\/wp-json\/wp\/v2\/product_tag?post=14097"}],"curies":[{"name":"wp","href":"https:\/\/api.w.org\/{rel}","templated":true}]}}