{"id":14025,"date":"2021-03-17T10:54:49","date_gmt":"2021-03-17T09:54:49","guid":{"rendered":"http:\/\/ksiegarnia-akademicka.pl\/?post_type=product&#038;p=14025"},"modified":"2021-03-17T10:54:50","modified_gmt":"2021-03-17T09:54:50","slug":"ustawa-o-lasach-komentarz","status":"publish","type":"product","link":"http:\/\/ksiegarnia-akademicka.pl\/index.php\/product\/ustawa-o-lasach-komentarz\/","title":{"rendered":"Ustawa o lasach Komentarz"},"content":{"rendered":"<p>Nale\u017cy do serii:<br \/>\nKOMENTARZE PRAKTYCZNE<br \/>\nAutor:<br \/>\nWojciech Radecki<br \/>\nDaria Danecka<br \/>\nWydawca: Wolters Kluwer<br \/>\nOprawa: Twarda<br \/>\nFormat: 15.0&#215;21.0cm<br \/>\nLiczba stron: 555<br \/>\nWydanie: 3<br \/>\nRok wydania: 2021<br \/>\nJ\u0119zyk wydania: polski<\/p>\n<p>W komentarzu szczeg\u00f3\u0142owo, ale zarazem bardzo praktycznie, om\u00f3wiono przepisy ustawy o lasach, na mo\u017cliwie szerokim tle prawnym, zw\u0142aszcza zwracaj\u0105c uwag\u0119 na ustaw\u0119 o ochronie przyrody i ustaw\u0119 \u2013 Prawo ochrony \u015brodowiska.<br \/>\nAutorzy, uwzgl\u0119dniaj\u0105c orzecznictwo s\u0105d\u00f3w, dorobek pi\u015bmiennictwa i swoje do\u015bwiadczenia, wyczerpuj\u0105co obja\u015bniaj\u0105 przepisy ustawy, ze wskazaniem r\u00f3\u017cnej ich wyk\u0142adni, je\u017celi przepis jest niejasny i dopuszcza rozmaite interpretacje. Publikacja, opr\u00f3cz komentarza do przepis\u00f3w ustawy, zawiera wprowadzenie do problematyki prawa le\u015bnego, obejmuj\u0105ce rozwa\u017cania na temat rozwoju polskich przepis\u00f3w le\u015bnych i miejsca pra\u00adwa le\u015bnego w systemie polskiego oraz mi\u0119dzynarodowego i unijnego prawa le\u015bnego. Poddano analizie nie tylko rozwi\u0105zania cywilistyczne, lecz tak\u017ce zagadnienia prawa karnego i prawa wykrocze\u0144.<\/p>\n<p>W najnowszym wydaniu uwzgl\u0119dnione zosta\u0142y liczne zmiany, na mocy kt\u00f3rych:<br \/>\n\u2022 rozszerzono katalog os\u00f3b maj\u0105cych wst\u0119p i mog\u0105cych porusza\u0107 si\u0119 pojazdem drogami le\u015bnymi;<br \/>\n\u2022 zobowi\u0105zano Dyrekcj\u0119 Generaln\u0105 Las\u00f3w Pa\u0144stwowych do corocznych wp\u0142at na rzecz Funduszu Dr\u00f3g Samorz\u0105dowych z przychod\u00f3w uzyskanych przez Lasy Pa\u0144stwowe ze sprzeda\u017cy drewna;<br \/>\n\u2022 doprecyzowano wydatkowanie \u015brodk\u00f3w funduszu le\u015bnego;<br \/>\n\u2022 wskazano ministra w\u0142a\u015bciwego do spraw \u015brodowiska lub G\u0142\u00f3wnego Inspektora Stra\u017cy Le\u015bnej na administratora danych osobowych.<\/p>\n","protected":false},"excerpt":{"rendered":"<p>Nale\u017cy do serii: KOMENTARZE PRAKTYCZNE Autor: Wojciech Radecki Daria Danecka [&hellip;]<\/p>\n","protected":false},"featured_media":14026,"template":"","meta":[],"product_brand":[],"product_cat":[7492,18,39],"product_tag":[2654,1052,4603],"class_list":{"0":"post-14025","1":"product","2":"type-product","3":"status-publish","4":"has-post-thumbnail","6":"product_cat-administracyjne","7":"product_cat-prawo","8":"product_cat-srodowisko-prawo-i-zarzadzanie","9":"product_tag-prawo-ochrony-srodowiska","10":"product_tag-prawo-rolne","11":"product_tag-seria-komentarze-praktyczne","13":"first","14":"instock","15":"sale","16":"shipping-taxable","17":"purchasable","18":"product-type-simple"},"_links":{"self":[{"href":"http:\/\/ksiegarnia-akademicka.pl\/index.php\/wp-json\/wp\/v2\/product\/14025","targetHints":{"allow":["GET"]}}],"collection":[{"href":"http:\/\/ksiegarnia-akademicka.pl\/index.php\/wp-json\/wp\/v2\/product"}],"about":[{"href":"http:\/\/ksiegarnia-akademicka.pl\/index.php\/wp-json\/wp\/v2\/types\/product"}],"wp:featuredmedia":[{"embeddable":true,"href":"http:\/\/ksiegarnia-akademicka.pl\/index.php\/wp-json\/wp\/v2\/media\/14026"}],"wp:attachment":[{"href":"http:\/\/ksiegarnia-akademicka.pl\/index.php\/wp-json\/wp\/v2\/media?parent=14025"}],"wp:term":[{"taxonomy":"product_brand","embeddable":true,"href":"http:\/\/ksiegarnia-akademicka.pl\/index.php\/wp-json\/wp\/v2\/product_brand?post=14025"},{"taxonomy":"product_cat","embeddable":true,"href":"http:\/\/ksiegarnia-akademicka.pl\/index.php\/wp-json\/wp\/v2\/product_cat?post=14025"},{"taxonomy":"product_tag","embeddable":true,"href":"http:\/\/ksiegarnia-akademicka.pl\/index.php\/wp-json\/wp\/v2\/product_tag?post=14025"}],"curies":[{"name":"wp","href":"https:\/\/api.w.org\/{rel}","templated":true}]}}