{"id":14021,"date":"2021-03-17T10:43:22","date_gmt":"2021-03-17T09:43:22","guid":{"rendered":"http:\/\/ksiegarnia-akademicka.pl\/?post_type=product&#038;p=14021"},"modified":"2024-12-05T08:40:02","modified_gmt":"2024-12-05T07:40:02","slug":"kazusy-z-prawa-dla-ekonomistow","status":"publish","type":"product","link":"http:\/\/ksiegarnia-akademicka.pl\/index.php\/product\/kazusy-z-prawa-dla-ekonomistow\/","title":{"rendered":"Kazusy z prawa dla ekonomist\u00f3w"},"content":{"rendered":"<p>Nale\u017cy do serii:<br \/>\nSERIA AKADEMICKA<br \/>\nAutor:<br \/>\nPiotr Wiatrowski<br \/>\nWydawca: Wolters Kluwer<br \/>\nOprawa: Mi\u0119kka<br \/>\nFormat: 14.0&#215;20.0cm<br \/>\nLiczba stron: 300<br \/>\nWydanie: 2<br \/>\nRok wydania: 2021<br \/>\nJ\u0119zyk wydania: polski<\/p>\n<p>Publikacja stanowi zbi\u00f3r kazus\u00f3w dotycz\u0105cych r\u00f3\u017cnych dziedzin prawa. Ksi\u0105\u017cka mo\u017ce by\u0107 cenn\u0105 pomoc\u0105 dla student\u00f3w kierunk\u00f3w ekonomicznych przygotowuj\u0105cych si\u0119 do zaj\u0119\u0107, kolokwi\u00f3w i egzamin\u00f3w z przedmiot\u00f3w zwi\u0105zanych z prawem.<br \/>\nCzytelnik znajdzie tu kazusy z zakresu: prawa europejskiego, prawa konstytucyjnego, cz\u0119\u015bci og\u00f3lnej prawa cywilnego, prawa rzeczowego, cz\u0119\u015bci og\u00f3lnej prawa zobowi\u0105za\u0144, prawa w\u0142asno\u015bci intelektualnej, prawa karnego oraz prawa procesowego (cywilnego,<br \/>\nadministracyjnego i karnego).<br \/>\nW drugiej cz\u0119\u015bci zbioru zamieszczono wyb\u00f3r przepis\u00f3w prawnych stanowi\u0105cych podstaw\u0119 do rozwi\u0105zania kazus\u00f3w oraz skorowidz u\u0142atwiaj\u0105cy prowadz\u0105cym \u0107wiczenia odszukanie w\u0142a\u015bciwego przyk\u0142adu do aktualnie omawianej problematyki.<br \/>\nKazusy zosta\u0142y opracowane przez zesp\u00f3\u0142 pracownik\u00f3w naukowo-dydaktycznych zatrudnionych w Katedrze Prawa Wydzia\u0142u Finans\u00f3w na Uniwersytecie Ekonomicznym w Krakowie. Publikacja przeznaczona jest g\u0142\u00f3wnie dla student\u00f3w kierunk\u00f3w ekonomicznych, ale mo\u017ce<br \/>\nby\u0107 przydatna ka\u017cdemu, kto jest zainteresowany nabyciem umiej\u0119tno\u015bci samodzielnego dokonywania kwalifikacji prawnej i wyk\u0142adni przepis\u00f3w.<\/p>\n","protected":false},"excerpt":{"rendered":"<p>Nale\u017cy do serii: SERIA AKADEMICKA Autor: Piotr Wiatrowski Wydawca: Wolters [&hellip;]<\/p>\n","protected":false},"featured_media":14022,"template":"","meta":[],"product_brand":[],"product_cat":[7497,18],"product_tag":[3466,1008,330],"class_list":{"0":"post-14021","1":"product","2":"type-product","3":"status-publish","4":"has-post-thumbnail","6":"product_cat-ogolne-zagadnienia-prawa","7":"product_cat-prawo","8":"product_tag-administracja","9":"product_tag-prawo","10":"product_tag-seria-akademicka","12":"first","13":"instock","14":"sale","15":"shipping-taxable","16":"purchasable","17":"product-type-simple"},"_links":{"self":[{"href":"http:\/\/ksiegarnia-akademicka.pl\/index.php\/wp-json\/wp\/v2\/product\/14021","targetHints":{"allow":["GET"]}}],"collection":[{"href":"http:\/\/ksiegarnia-akademicka.pl\/index.php\/wp-json\/wp\/v2\/product"}],"about":[{"href":"http:\/\/ksiegarnia-akademicka.pl\/index.php\/wp-json\/wp\/v2\/types\/product"}],"wp:featuredmedia":[{"embeddable":true,"href":"http:\/\/ksiegarnia-akademicka.pl\/index.php\/wp-json\/wp\/v2\/media\/14022"}],"wp:attachment":[{"href":"http:\/\/ksiegarnia-akademicka.pl\/index.php\/wp-json\/wp\/v2\/media?parent=14021"}],"wp:term":[{"taxonomy":"product_brand","embeddable":true,"href":"http:\/\/ksiegarnia-akademicka.pl\/index.php\/wp-json\/wp\/v2\/product_brand?post=14021"},{"taxonomy":"product_cat","embeddable":true,"href":"http:\/\/ksiegarnia-akademicka.pl\/index.php\/wp-json\/wp\/v2\/product_cat?post=14021"},{"taxonomy":"product_tag","embeddable":true,"href":"http:\/\/ksiegarnia-akademicka.pl\/index.php\/wp-json\/wp\/v2\/product_tag?post=14021"}],"curies":[{"name":"wp","href":"https:\/\/api.w.org\/{rel}","templated":true}]}}