{"id":13907,"date":"2021-02-26T10:42:39","date_gmt":"2021-02-26T09:42:39","guid":{"rendered":"http:\/\/ksiegarnia-akademicka.pl\/?post_type=product&#038;p=13907"},"modified":"2021-02-26T10:42:40","modified_gmt":"2021-02-26T09:42:40","slug":"ostre-ciecie-jak-niszczono-polska-kolej","status":"publish","type":"product","link":"http:\/\/ksiegarnia-akademicka.pl\/index.php\/product\/ostre-ciecie-jak-niszczono-polska-kolej\/","title":{"rendered":"Ostre ci\u0119cie Jak niszczono polsk\u0105 kolej"},"content":{"rendered":"<p>Autor:<br \/>\nKarol Trammer<br \/>\nWydawca: Wydawnictwo Krytyki Politycznej<br \/>\nOprawa: Mi\u0119kka ze skrzyde\u0142kami<br \/>\nFormat: 13.5&#215;20.5cm<br \/>\nLiczba stron: 288<br \/>\nWydanie: 1<br \/>\nRok wydania: 2020<br \/>\nJ\u0119zyk wydania: polski<\/p>\n<p>Wielkie reformy, miliardy z Unii na zr\u00f3wnowa\u017cony rozw\u00f3j, rekordy pr\u0119dko\u015bci poci\u0105g\u00f3w i ilo\u015bci pasa\u017cer\u00f3w, a tymczasem polskimi kolejami w III RP wci\u0105\u017c je\u017adzi mniej ludzi ni\u017c w PRL-u, a najnowsze tabory maj\u0105 problem z osi\u0105gni\u0119ciem czasu przejazd\u00f3w sprzed wojny. Co si\u0119 sta\u0142o, \u017ce jest tak dobrze, skoro jest tak \u017ale?<br \/>\nTo nie tylko efekt propagandy kolejnych ministr\u00f3w, dyrektor\u00f3w i prezes\u00f3w sp\u00f3\u0142ek kolejowych, ale r\u00f3wnie\u017c skutek celowej polityki polskich rz\u0105d\u00f3w, niezale\u017cnie od opcji politycznej. Polscy decydenci &#8211; wbrew \u015bwiatowym trendom i eksperckiej wiedzy &#8211; przyj\u0119li sobie za cel likwidacj\u0119 \u201enierentownej\u201d infrastruktury, odbieraj\u0105c ca\u0142ym miastom i miasteczkom ich \u201eokno na \u015bwiat\u201d.<br \/>\nCzy zapa\u015b\u0107 polskiej kolei by\u0142a niemo\u017cliwa do unikni\u0119cia? Karol Trammer nie tylko opisuje kto i jak likwidowa\u0142 polsk\u0105 kolej, ale r\u00f3wnie\u017c wskazuje na polityczne mechanizmy, kt\u00f3re sprawi\u0142y, \u017ce sta\u0142a si\u0119 mo\u017cliwa ta pi\u0119kna katastrofa polskiego kolejnictwa, a tak\u017ce ca\u0142kiem naoczne katastrofy jak w Szczekocinach, na stacji Baby, czy w Korzybiu.<\/p>\n","protected":false},"excerpt":{"rendered":"<p>Autor: Karol Trammer Wydawca: Wydawnictwo Krytyki Politycznej Oprawa: Mi\u0119kka ze [&hellip;]<\/p>\n","protected":false},"featured_media":13908,"template":"","meta":[],"product_brand":[],"product_cat":[38,41,7923],"product_tag":[67,755,150],"class_list":{"0":"post-13907","1":"product","2":"type-product","3":"status-publish","4":"has-post-thumbnail","6":"product_cat-historia","7":"product_cat-nauki-techniczne","8":"product_cat-transport-kolejowy","9":"product_tag-historia-polski","10":"product_tag-polityka-gospodarcza","11":"product_tag-transport-kolejowy","13":"first","14":"instock","15":"sale","16":"shipping-taxable","17":"purchasable","18":"product-type-simple"},"_links":{"self":[{"href":"http:\/\/ksiegarnia-akademicka.pl\/index.php\/wp-json\/wp\/v2\/product\/13907","targetHints":{"allow":["GET"]}}],"collection":[{"href":"http:\/\/ksiegarnia-akademicka.pl\/index.php\/wp-json\/wp\/v2\/product"}],"about":[{"href":"http:\/\/ksiegarnia-akademicka.pl\/index.php\/wp-json\/wp\/v2\/types\/product"}],"wp:featuredmedia":[{"embeddable":true,"href":"http:\/\/ksiegarnia-akademicka.pl\/index.php\/wp-json\/wp\/v2\/media\/13908"}],"wp:attachment":[{"href":"http:\/\/ksiegarnia-akademicka.pl\/index.php\/wp-json\/wp\/v2\/media?parent=13907"}],"wp:term":[{"taxonomy":"product_brand","embeddable":true,"href":"http:\/\/ksiegarnia-akademicka.pl\/index.php\/wp-json\/wp\/v2\/product_brand?post=13907"},{"taxonomy":"product_cat","embeddable":true,"href":"http:\/\/ksiegarnia-akademicka.pl\/index.php\/wp-json\/wp\/v2\/product_cat?post=13907"},{"taxonomy":"product_tag","embeddable":true,"href":"http:\/\/ksiegarnia-akademicka.pl\/index.php\/wp-json\/wp\/v2\/product_tag?post=13907"}],"curies":[{"name":"wp","href":"https:\/\/api.w.org\/{rel}","templated":true}]}}

Ostre cięcie Jak niszczono polską kolej

<p>Autor:<br />
Karol Trammer<br />
Wydawca: Wydawnictwo Krytyki Politycznej<br />
Oprawa: Miękka ze skrzydełkami<br />
Format: 13.5&#215;20.5cm<br />
Liczba stron: 288<br />
Wydanie: 1<br />
Rok wydania: 2020<br />
Język wydania: polski</p>
<p>Wielkie reformy, miliardy z Unii na zrównoważony rozwój, rekordy prędkości pociągów i ilości pasażerów, a tymczasem polskimi kolejami w III RP wciąż jeździ mniej ludzi niż w PRL-u, a najnowsze tabory mają problem z osiągnięciem czasu przejazdów sprzed wojny. Co się stało, że jest tak dobrze, skoro jest tak źle?<br />
To nie tylko efekt propagandy kolejnych ministrów, dyrektorów i prezesów spółek kolejowych, ale również skutek celowej polityki polskich rządów, niezależnie od opcji politycznej. Polscy decydenci &#8211; wbrew światowym trendom i eksperckiej wiedzy &#8211; przyjęli sobie za cel likwidację „nierentownej” infrastruktury, odbierając całym miastom i miasteczkom ich „okno na świat”.<br />
Czy zapaść polskiej kolei była niemożliwa do uniknięcia? Karol Trammer nie tylko opisuje kto i jak likwidował polską kolej, ale również wskazuje na polityczne mechanizmy, które sprawiły, że stała się możliwa ta piękna katastrofa polskiego kolejnictwa, a także całkiem naoczne katastrofy jak w Szczekocinach, na stacji Baby, czy w Korzybiu.</p>

<p>Autor: Karol Trammer Wydawca: Wydawnictwo Krytyki Politycznej Oprawa: Miękka ze [&hellip;]</p>
