{"id":1382,"date":"2018-05-22T12:43:32","date_gmt":"2018-05-22T10:43:32","guid":{"rendered":"http:\/\/ksiegarnia-akademicka.pl\/index.php\/product\/spawalnictwo\/"},"modified":"2023-10-24T13:00:52","modified_gmt":"2023-10-24T11:00:52","slug":"spawalnictwo","status":"publish","type":"product","link":"http:\/\/ksiegarnia-akademicka.pl\/index.php\/product\/spawalnictwo\/","title":{"rendered":"Spawalnictwo"},"content":{"rendered":"<p>Autor:<br \/>\nKazimierz Ferenc<br \/>\nWydawca: Wydawnictwo Naukowe PWN<br \/>\nOprawa: Mi\u0119kka<br \/>\nFormat: 16.5&#215;23.5cm<br \/>\nLiczba stron: 262<br \/>\nWydanie: 1<br \/>\nRok wydania: 2018<\/p>\n<p>Ksi\u0105\u017cka zawiera wiedz\u0119 z dziedziny spawalnictwa w zakresie zgodnym z wymaganiami znowelizowanych program\u00f3w nauczania spawalnictwa na uczelniach technicznych.<\/p>\n<p>Autor przedstawia w spos\u00f3b usystematyzowany zasadnicze zagadnienia spawalnictwa, a mianowicie: procesy cieplne, procesy spawania, zgrzewania, lutowania, metalurgi\u0119, spawalno\u015b\u0107 materia\u0142\u00f3w, napr\u0119\u017cenia i odkszta\u0142cenia, zasady projektowania i wytrzyma\u0142o\u015b\u0107 po\u0142\u0105cze\u0144, spawalnicze metody nak\u0142adania pow\u0142ok, ci\u0119cie termiczne oraz kontrol\u0119 jako\u015bci.<\/p>\n<p>Na uwag\u0119 zas\u0142uguje w\u0142a\u015bciwa z dydaktycznego punktu widzenia forma i kolejno\u015b\u0107 przedstawiania proces\u00f3w i metod spawalniczych. Autor podaje definicj\u0119 zjawiska lub procesu, wyja\u015bnia je, charakteryzuje urz\u0105dzenia, techniki i parametry, wreszcie omawia zakres i dziedziny stosowania.<\/p>\n","protected":false},"excerpt":{"rendered":"<p>Autor: Kazimierz Ferenc Wydawca: Wydawnictwo Naukowe PWN Oprawa: Mi\u0119kka Format: [&hellip;]<\/p>\n","protected":false},"featured_media":9075,"template":"","meta":[],"product_brand":[],"product_cat":[41],"product_tag":[4145,4141,4142,4147,4140],"class_list":{"0":"post-1382","1":"product","2":"type-product","3":"status-publish","4":"has-post-thumbnail","6":"product_cat-nauki-techniczne","7":"product_tag-metalurgia","8":"product_tag-procesy-cieplne","9":"product_tag-procesy-spawania","10":"product_tag-projektowanie-i-wytrzymalosc","11":"product_tag-spawalnictwo","13":"first","14":"outofstock","15":"sale","16":"shipping-taxable","17":"purchasable","18":"product-type-simple"},"_links":{"self":[{"href":"http:\/\/ksiegarnia-akademicka.pl\/index.php\/wp-json\/wp\/v2\/product\/1382","targetHints":{"allow":["GET"]}}],"collection":[{"href":"http:\/\/ksiegarnia-akademicka.pl\/index.php\/wp-json\/wp\/v2\/product"}],"about":[{"href":"http:\/\/ksiegarnia-akademicka.pl\/index.php\/wp-json\/wp\/v2\/types\/product"}],"wp:featuredmedia":[{"embeddable":true,"href":"http:\/\/ksiegarnia-akademicka.pl\/index.php\/wp-json\/wp\/v2\/media\/9075"}],"wp:attachment":[{"href":"http:\/\/ksiegarnia-akademicka.pl\/index.php\/wp-json\/wp\/v2\/media?parent=1382"}],"wp:term":[{"taxonomy":"product_brand","embeddable":true,"href":"http:\/\/ksiegarnia-akademicka.pl\/index.php\/wp-json\/wp\/v2\/product_brand?post=1382"},{"taxonomy":"product_cat","embeddable":true,"href":"http:\/\/ksiegarnia-akademicka.pl\/index.php\/wp-json\/wp\/v2\/product_cat?post=1382"},{"taxonomy":"product_tag","embeddable":true,"href":"http:\/\/ksiegarnia-akademicka.pl\/index.php\/wp-json\/wp\/v2\/product_tag?post=1382"}],"curies":[{"name":"wp","href":"https:\/\/api.w.org\/{rel}","templated":true}]}}