{"id":13813,"date":"2021-02-01T09:42:49","date_gmt":"2021-02-01T08:42:49","guid":{"rendered":"http:\/\/ksiegarnia-akademicka.pl\/?post_type=product&#038;p=13813"},"modified":"2021-02-01T09:42:49","modified_gmt":"2021-02-01T08:42:49","slug":"wprowadzenie-do-sprawozdawczosci-analizy-i-informatyki-finansowej-2","status":"publish","type":"product","link":"http:\/\/ksiegarnia-akademicka.pl\/index.php\/product\/wprowadzenie-do-sprawozdawczosci-analizy-i-informatyki-finansowej-2\/","title":{"rendered":"Wprowadzenie do sprawozdawczo\u015bci, analizy i informatyki finansowej"},"content":{"rendered":"<p>Autor:<br \/>\nEdward Radosi\u0144ski<br \/>\nWydawca: Wydawnictwo Naukowe PWN<br \/>\nOprawa: Mi\u0119kka<br \/>\nFormat: 17.0&#215;24.0cm<br \/>\nLiczba stron: 524<br \/>\nWydanie: 1<br \/>\nRok wydania: 2010<br \/>\nJ\u0119zyk wydania: polski<\/p>\n<p>Tematem ksi\u0105\u017cki jest sprawozdawczo\u015b\u0107 i analiza finansowa przedsi\u0119biorstw produkcyjnych oraz zastosowanie narz\u0119dzi informatycznych w procesie finansowo-ksi\u0119gowym. Wszystkie prezentowane zagadnienia s\u0105 opisane z uwzgl\u0119dnieniem najnowszych krajowych i mi\u0119dzynarodowych podstaw prawnych.<\/p>\n<p>W ksi\u0105\u017cce przedstawiono:<br \/>\n&#8211; zasady sporz\u0105dzania sprawozda\u0144 finansowych<br \/>\n&#8211; podstawowe elementy sprawozdawczo\u015bci finansowej<br \/>\n&#8211; metody przeprowadzania analizy finansowej<br \/>\n&#8211; metody szacowania warto\u015bci firmy<br \/>\n&#8211; ryzyko prowadzenia dzia\u0142alno\u015bci gospodarczej<br \/>\n&#8211; stosowanie metod informatycznych w sprawozdawczo\u015bci i analizie finansowej<br \/>\n&#8211; zasady dzia\u0142ania informatycznych system\u00f3w finansowo-ksi\u0119gowych<\/p>\n","protected":false},"excerpt":{"rendered":"<p>Autor: Edward Radosi\u0144ski Wydawca: Wydawnictwo Naukowe PWN Oprawa: Mi\u0119kka Format: [&hellip;]<\/p>\n","protected":false},"featured_media":13814,"template":"","meta":[],"product_brand":[],"product_cat":[7516,31,23],"product_tag":[1496,4596],"class_list":{"0":"post-13813","1":"product","2":"type-product","3":"status-publish","4":"has-post-thumbnail","6":"product_cat-finanse-przedsiebiorstwa","7":"product_cat-przedsiebiorstwo","8":"product_cat-rachunkowosc","9":"product_tag-rachunkowosc","10":"product_tag-sprawozdawczosc-finansowa","12":"first","13":"instock","14":"sale","15":"shipping-taxable","16":"purchasable","17":"product-type-simple"},"_links":{"self":[{"href":"http:\/\/ksiegarnia-akademicka.pl\/index.php\/wp-json\/wp\/v2\/product\/13813","targetHints":{"allow":["GET"]}}],"collection":[{"href":"http:\/\/ksiegarnia-akademicka.pl\/index.php\/wp-json\/wp\/v2\/product"}],"about":[{"href":"http:\/\/ksiegarnia-akademicka.pl\/index.php\/wp-json\/wp\/v2\/types\/product"}],"wp:featuredmedia":[{"embeddable":true,"href":"http:\/\/ksiegarnia-akademicka.pl\/index.php\/wp-json\/wp\/v2\/media\/13814"}],"wp:attachment":[{"href":"http:\/\/ksiegarnia-akademicka.pl\/index.php\/wp-json\/wp\/v2\/media?parent=13813"}],"wp:term":[{"taxonomy":"product_brand","embeddable":true,"href":"http:\/\/ksiegarnia-akademicka.pl\/index.php\/wp-json\/wp\/v2\/product_brand?post=13813"},{"taxonomy":"product_cat","embeddable":true,"href":"http:\/\/ksiegarnia-akademicka.pl\/index.php\/wp-json\/wp\/v2\/product_cat?post=13813"},{"taxonomy":"product_tag","embeddable":true,"href":"http:\/\/ksiegarnia-akademicka.pl\/index.php\/wp-json\/wp\/v2\/product_tag?post=13813"}],"curies":[{"name":"wp","href":"https:\/\/api.w.org\/{rel}","templated":true}]}}