{"id":13728,"date":"2020-12-17T09:33:48","date_gmt":"2020-12-17T08:33:48","guid":{"rendered":"http:\/\/ksiegarnia-akademicka.pl\/?post_type=product&#038;p=13728"},"modified":"2024-12-05T08:28:27","modified_gmt":"2024-12-05T07:28:27","slug":"metropolitan-museum-of-art-w-nowym-jorku-the-metropolitan-museum-of-art-masterpiece-paintings","status":"publish","type":"product","link":"http:\/\/ksiegarnia-akademicka.pl\/index.php\/product\/metropolitan-museum-of-art-w-nowym-jorku-the-metropolitan-museum-of-art-masterpiece-paintings\/","title":{"rendered":"Metropolitan Museum of Art w Nowym Jorku The Metropolitan Museum of Art. Masterpiece paintings"},"content":{"rendered":"<p>Autor:<br \/>\nKathryn Calley-Galitz<br \/>\nT\u0142umacze: Nowak-Komar Katarzyna<br \/>\nWydawca: Arkady<br \/>\nOprawa: Twarda z obwolut\u0105<br \/>\nFormat: 24.5&#215;34.5cm<br \/>\nLiczba stron: 544<br \/>\nWydanie: 1<br \/>\nRok wydania: 2020<br \/>\nJ\u0119zyk wydania: polski<\/p>\n<p>To pierwszy album tak wnikliwie przybli\u017caj\u0105cy najciekawsze dzie\u0142a sztuki z kolekcji Metropolitan Museum of Art w Nowym Jorku. Ponad 1000 kolorowych, \u015bwietnych jako\u015bciowo reprodukcji oraz 500 detali arcydzie\u0142 stworzonych na przestrzeni 5000 lat przez przedstawicieli kultur z ca\u0142ego globu pokazano chronologicznie, od zarania cywilizacji po wsp\u00f3\u0142czesno\u015b\u0107. Dzie\u0142a te zabieraj\u0105 w podr\u00f3\u017c po malarstwie od staro\u017cytnego Egiptu i klasycznego antyku oraz drogocennych bizantyjskich i \u015bredniowiecznych o\u0142tarzy po obrazy z Azji, subkontynentu indyjskiego, Afryki, obu Ameryk oraz dzie\u0142a najwi\u0119kszych mistrz\u00f3w europejskich i p\u00f3\u0142nocnoameryka\u0144skich. Imponuj\u0105ca jest lista tw\u00f3rc\u00f3w, kt\u00f3rych prace znajduj\u0105 si\u0119 w zbiorach muzeum, wystarczy wymieni\u0107 kilku: Duccio, El Greco, Rafael, Tycjan, Boticelli, Bronzino, Caravaggio, Turner, Vel\u00e1zquez, Goya, Rubens, Rembrandt, Bruegel, Vermeer, Monet, van Gogh, Gauguin, C\u00e9zanne, Degas, Matisse, Picasso, Pollock czy Warhol. Prezentowane w albumie obiekty zosta\u0142y u\u0142o\u017cone w przybli\u017conym porz\u0105dku chronologicznym, bez wzgl\u0119du na pochodzenie geograficzne czy kulturowe, tworz\u0105c w ten spos\u00f3b wizualn\u0105 o\u015b czasow\u0105 historii malarstwa \u2013 od najwcze\u015bniejszych przyk\u0142ad\u00f3w znajdowanych na naczyniach ceramicznych wykonanych ponad pi\u0119\u0107 tysi\u0119cy lat temu po p\u0142\u00f3tna, na kt\u00f3rych farba ledwie zd\u0105\u017cy\u0142a wyschn\u0105\u0107. Dzie\u0142a te \u2013 uwolnione od ogranicze\u0144 na\u0142o\u017conych przez fizyczny uk\u0142ad muzeum \u2013 nabieraj\u0105 nowych znacze\u0144, za\u015b chronologiczne zestawienie ich ze sob\u0105 odkrywa niespodziewane wizualne po\u0142\u0105czenia mi\u0119dzy obiektami, kt\u00f3re powstawa\u0142y w r\u00f3\u017cnych obszarach cywilizacyjnych. Wyboru prac dokona\u0142a Kathryn Calley Galitz \u2013 badaczka, pisarka i kuratorka wa\u017cnych mi\u0119dzynarodowych wystaw w Metropolitan Museum of Art. To pozycja wr\u0119cz obowi\u0105zkowa dla koneser\u00f3w sztuki.<\/p>\n","protected":false},"excerpt":{"rendered":"<p>Autor: Kathryn Calley-Galitz T\u0142umacze: Nowak-Komar Katarzyna Wydawca: Arkady Oprawa: Twarda [&hellip;]<\/p>\n","protected":false},"featured_media":13729,"template":"","meta":[],"product_brand":[],"product_cat":[7823],"product_tag":[5033,6313,4292],"class_list":{"0":"post-13728","1":"product","2":"type-product","3":"status-publish","4":"has-post-thumbnail","6":"product_cat-sztuka","7":"product_tag-malarstwo","8":"product_tag-muzea","9":"product_tag-sztuka","11":"first","12":"instock","13":"sale","14":"shipping-taxable","15":"purchasable","16":"product-type-simple"},"_links":{"self":[{"href":"http:\/\/ksiegarnia-akademicka.pl\/index.php\/wp-json\/wp\/v2\/product\/13728","targetHints":{"allow":["GET"]}}],"collection":[{"href":"http:\/\/ksiegarnia-akademicka.pl\/index.php\/wp-json\/wp\/v2\/product"}],"about":[{"href":"http:\/\/ksiegarnia-akademicka.pl\/index.php\/wp-json\/wp\/v2\/types\/product"}],"wp:featuredmedia":[{"embeddable":true,"href":"http:\/\/ksiegarnia-akademicka.pl\/index.php\/wp-json\/wp\/v2\/media\/13729"}],"wp:attachment":[{"href":"http:\/\/ksiegarnia-akademicka.pl\/index.php\/wp-json\/wp\/v2\/media?parent=13728"}],"wp:term":[{"taxonomy":"product_brand","embeddable":true,"href":"http:\/\/ksiegarnia-akademicka.pl\/index.php\/wp-json\/wp\/v2\/product_brand?post=13728"},{"taxonomy":"product_cat","embeddable":true,"href":"http:\/\/ksiegarnia-akademicka.pl\/index.php\/wp-json\/wp\/v2\/product_cat?post=13728"},{"taxonomy":"product_tag","embeddable":true,"href":"http:\/\/ksiegarnia-akademicka.pl\/index.php\/wp-json\/wp\/v2\/product_tag?post=13728"}],"curies":[{"name":"wp","href":"https:\/\/api.w.org\/{rel}","templated":true}]}}