{"id":13726,"date":"2020-12-17T09:30:53","date_gmt":"2020-12-17T08:30:53","guid":{"rendered":"http:\/\/ksiegarnia-akademicka.pl\/?post_type=product&#038;p=13726"},"modified":"2024-12-05T08:28:38","modified_gmt":"2024-12-05T07:28:38","slug":"medycyna-gleboka-jak-sztuczna-inteligencja-moze-ponownie-uczynic-opieke-zdrowotna-ludzka","status":"publish","type":"product","link":"http:\/\/ksiegarnia-akademicka.pl\/index.php\/product\/medycyna-gleboka-jak-sztuczna-inteligencja-moze-ponownie-uczynic-opieke-zdrowotna-ludzka\/","title":{"rendered":"Medycyna g\u0142\u0119boka Jak sztuczna inteligencja mo\u017ce ponownie uczyni\u0107 opiek\u0119 zdrowotn\u0105 ludzk\u0105"},"content":{"rendered":"<p>Autor:<br \/>\nEric Topol<br \/>\nWydawca: ITEM Publishing<br \/>\nOprawa: Twarda<br \/>\nFormat: 15.5&#215;24.0cm<br \/>\nLiczba stron: 440<br \/>\nRok wydania: 2020<br \/>\nJ\u0119zyk wydania: polski<\/p>\n<p>\u201eMedycyna g\u0142\u0119boka zabiera nas w fascynuj\u0105c\u0105 podr\u00f3\u017c, podczas kt\u00f3rej dowiemy si\u0119, jak uczenie maszynowe zmienia badania medyczne i jak wp\u0142ynie na opiek\u0119 zdrowotn\u0105 w przysz\u0142o\u015bci. Eric Topol przypomina, \u017ce gdy tworzone przez nas maszyny staj\u0105 si\u0119 coraz m\u0105drzejsze i niebawem przejm\u0105 od nas wi\u0119ksz\u0105 liczb\u0119 zada\u0144, my musimy jeszcze bardziej rozwija\u0107 w sobie cz\u0142owiecze\u0144stwo i<br \/>\nhumanitarno\u015b\u0107, aby to zr\u00f3wnowa\u017cy\u0107. Najgenialniejsze narz\u0119dzia AI pomog\u0105 nam dowiedzie\u0107 si\u0119 o sobie \u2013 o naszych cia\u0142ach i umys\u0142ach \u2013 wi\u0119cej, ni\u017c nam si\u0119 kiedykolwiek wydawa\u0142o, ale nie b\u0119d\u0105 empatyczne w stosunku do pacjent\u00f3w. Ta ksi\u0105\u017cka to wa\u017cny krok w stron\u0119 skierowania naszej wiedzy na tworzenie zdrowszego spo\u0142ecze\u0144stwa, a nie tylko zdrowszych jednostek\u201d.<br \/>\nGarry Kasparov, autor ksi\u0105\u017cki \u201eDeep Thinking\u201d<\/p>\n<p>\u201eObietnica sztucznej inteligencji jest g\u0142\u0119boko ludzka i ma coraz wi\u0119ksze znaczenie zar\u00f3wno w przemy\u015ble, jak i w codziennym \u017cyciu. Medycyna g\u0142\u0119boka to wnikliwa lektura o niezwyk\u0142ym potencjale AI i medycyny, napisana z od\u015bwie\u017caj\u0105cej perspektywy \u2013 skupionej na cz\u0142owieku. To nie tylko prze\u0142omowa ksi\u0105\u017cka, lecz tak\u017ce pocz\u0105tek historycznego dialogu o zastosowaniu istniej\u0105cych technologii w medycynie\u201d.<br \/>\nFei-Fei Li, dyrektorka Stanford Artificial Intelligence Lab<\/p>\n<p>\u201eEric Topol ma niezwyk\u0142y talent do przenoszenia nas w swoich ksi\u0105\u017ckach do granic medycyny, a ta nie stanowi wyj\u0105tku. Mocno wci\u0105gaj\u0105ca, zgrabnie napisana, jest wa\u017cnym g\u0142osem w dyskusji na temat sztucznej inteligencji \u2013 Medycyna g\u0142\u0119boka zasadniczo zmieni spos\u00f3b, w jaki postrzegasz przysz\u0142o\u015b\u0107 technologii medycznych i ich wp\u0142yw na nasze \u017cycie. Ta ksi\u0105\u017cka jest wymagaj\u0105ca, przemy\u015blana i prowokuj\u0105ca. Polecam j\u0105 z czystym sumieniem\u201d.<br \/>\nSiddhartha Mukherjee, autor ksi\u0105\u017cki \u201eCesarz wszech chor\u00f3b\u201d<\/p>\n<p>\u201eOpieka zdrowotna daje najlepsz\u0105 okazj\u0119 do symbiotycznego po\u0142\u0105czenia sztucznej inteligencji i cz\u0142owiecze\u0144stwa. Medycyna g\u0142\u0119boka jest najwa\u017cniejsz\u0105 ksi\u0105\u017ck\u0105 Erica Topola \u2013 naukowca, kt\u00f3ry dog\u0142\u0119bnie rozumie zar\u00f3wno opiek\u0119 zdrowotn\u0105, jak i sztuczn\u0105 inteligencj\u0119. Gor\u0105co polecam t\u0119 publikacj\u0119. Mam nadziej\u0119, \u017ce Medycyna g\u0142\u0119boka po\u0142\u0105czy lekarzy oraz badaczy sztucznej inteligencji i pomo\u017ce im zrozumie\u0107, \u017ce nasze marzenia o zdrowiu i d\u0142ugowieczno\u015bci spe\u0142ni\u0105 si\u0119 tylko dzi\u0119ki wsp\u00f3lnemu zaanga\u017cowaniu\u201d.<br \/>\nKai-Fu Lee, autor ksi\u0105\u017cki \u201eInteligencja sztuczna, rewolucja prawdziwa\u201d<\/p>\n","protected":false},"excerpt":{"rendered":"<p>Autor: Eric Topol Wydawca: ITEM Publishing Oprawa: Twarda Format: 15.5&#215;24.0cm [&hellip;]<\/p>\n","protected":false},"featured_media":13727,"template":"","meta":[],"product_brand":[],"product_cat":[36,7493,7625],"product_tag":[103,3994,7475],"class_list":{"0":"post-13726","1":"product","2":"type-product","3":"status-publish","4":"has-post-thumbnail","6":"product_cat-informatyka","7":"product_cat-medycyna","8":"product_cat-nauki-o-zdrowiu","9":"product_tag-informatyka","10":"product_tag-medycyna","11":"product_tag-sztuczna-inteligencja","13":"first","14":"instock","15":"sale","16":"shipping-taxable","17":"purchasable","18":"product-type-simple"},"_links":{"self":[{"href":"http:\/\/ksiegarnia-akademicka.pl\/index.php\/wp-json\/wp\/v2\/product\/13726","targetHints":{"allow":["GET"]}}],"collection":[{"href":"http:\/\/ksiegarnia-akademicka.pl\/index.php\/wp-json\/wp\/v2\/product"}],"about":[{"href":"http:\/\/ksiegarnia-akademicka.pl\/index.php\/wp-json\/wp\/v2\/types\/product"}],"wp:featuredmedia":[{"embeddable":true,"href":"http:\/\/ksiegarnia-akademicka.pl\/index.php\/wp-json\/wp\/v2\/media\/13727"}],"wp:attachment":[{"href":"http:\/\/ksiegarnia-akademicka.pl\/index.php\/wp-json\/wp\/v2\/media?parent=13726"}],"wp:term":[{"taxonomy":"product_brand","embeddable":true,"href":"http:\/\/ksiegarnia-akademicka.pl\/index.php\/wp-json\/wp\/v2\/product_brand?post=13726"},{"taxonomy":"product_cat","embeddable":true,"href":"http:\/\/ksiegarnia-akademicka.pl\/index.php\/wp-json\/wp\/v2\/product_cat?post=13726"},{"taxonomy":"product_tag","embeddable":true,"href":"http:\/\/ksiegarnia-akademicka.pl\/index.php\/wp-json\/wp\/v2\/product_tag?post=13726"}],"curies":[{"name":"wp","href":"https:\/\/api.w.org\/{rel}","templated":true}]}}