{"id":13691,"date":"2020-12-04T09:40:46","date_gmt":"2020-12-04T08:40:46","guid":{"rendered":"http:\/\/ksiegarnia-akademicka.pl\/?post_type=product&#038;p=13691"},"modified":"2024-12-05T08:29:31","modified_gmt":"2024-12-05T07:29:31","slug":"korupcja-i-mechanizmy-jej-zwalczania-we-wspolczesnym-swiecie","status":"publish","type":"product","link":"http:\/\/ksiegarnia-akademicka.pl\/index.php\/product\/korupcja-i-mechanizmy-jej-zwalczania-we-wspolczesnym-swiecie\/","title":{"rendered":"Korupcja i mechanizmy jej zwalczania we wsp\u00f3\u0142czesnym \u015bwiecie"},"content":{"rendered":"<p>Katarzyna G\u0142\u0105bicka-Auleytner, Wac\u0142aw Strybulewicz<br \/>\nWydawnictwo Uniwersytetu Technologiczno-Humanistycznego<br \/>\nSeria: Monografie UTH<br \/>\nRadom 2020<\/p>\n<p>Tematyka monografii obejmuje analiz\u0119 zjawiska i przest\u0119pstwa korupcji a tak\u017ce wszelkich uwarunkowa\u0144 instytucjonalnych zmierzaj\u0105cych do ograniczenia lub eliminacji tego zjawiska poprzez instrumenty prawne, organizacyjne i finansowe uchwalane na szczeblu organizacji mi\u0119dzynarodowych (ONZ, Rada Europy i Unii Europejskiej) oraz przez systemy krajowe pa\u0144stw cz\u0142onkowskich UE. Wykazano zale\u017cno\u015b\u0107 miedzy wszystkimi wyodr\u0119bnionymi czynnikami maj\u0105cymi wp\u0142yw na przeciwdzia\u0142anie przest\u0119pstwu korupcji w UE. Wszystkie pa\u0144stwa \u015bwiata w wi\u0119kszym lub mniejszym stopniu s\u0105 dotkni\u0119te korupcj\u0105. Rzutuje ona na dobre rz\u0105dy, nale\u017cyte zarz\u0105dzanie \u015brodkami publicznymi i rynki konkurencyjne. Podwa\u017ca zaufanie obywateli do instytucji i proces\u00f3w demokratycznych.<\/p>\n","protected":false},"excerpt":{"rendered":"<p>Katarzyna G\u0142\u0105bicka-Auleytner, Wac\u0142aw Strybulewicz Wydawnictwo Uniwersytetu Technologiczno-Humanistycznego Seria: Monografie UTH [&hellip;]<\/p>\n","protected":false},"featured_media":13692,"template":"","meta":[],"product_brand":[],"product_cat":[7523,43],"product_tag":[5899,6402],"class_list":{"0":"post-13691","1":"product","2":"type-product","3":"status-publish","4":"has-post-thumbnail","6":"product_cat-nauki-ekonomiczne","7":"product_cat-wydawnictwo-uth","8":"product_tag-korupcja","9":"product_tag-seria-monografie-uth","11":"first","12":"instock","13":"shipping-taxable","14":"purchasable","15":"product-type-simple"},"_links":{"self":[{"href":"http:\/\/ksiegarnia-akademicka.pl\/index.php\/wp-json\/wp\/v2\/product\/13691","targetHints":{"allow":["GET"]}}],"collection":[{"href":"http:\/\/ksiegarnia-akademicka.pl\/index.php\/wp-json\/wp\/v2\/product"}],"about":[{"href":"http:\/\/ksiegarnia-akademicka.pl\/index.php\/wp-json\/wp\/v2\/types\/product"}],"wp:featuredmedia":[{"embeddable":true,"href":"http:\/\/ksiegarnia-akademicka.pl\/index.php\/wp-json\/wp\/v2\/media\/13692"}],"wp:attachment":[{"href":"http:\/\/ksiegarnia-akademicka.pl\/index.php\/wp-json\/wp\/v2\/media?parent=13691"}],"wp:term":[{"taxonomy":"product_brand","embeddable":true,"href":"http:\/\/ksiegarnia-akademicka.pl\/index.php\/wp-json\/wp\/v2\/product_brand?post=13691"},{"taxonomy":"product_cat","embeddable":true,"href":"http:\/\/ksiegarnia-akademicka.pl\/index.php\/wp-json\/wp\/v2\/product_cat?post=13691"},{"taxonomy":"product_tag","embeddable":true,"href":"http:\/\/ksiegarnia-akademicka.pl\/index.php\/wp-json\/wp\/v2\/product_tag?post=13691"}],"curies":[{"name":"wp","href":"https:\/\/api.w.org\/{rel}","templated":true}]}}