{"id":13568,"date":"2020-11-19T09:59:10","date_gmt":"2020-11-19T08:59:10","guid":{"rendered":"http:\/\/ksiegarnia-akademicka.pl\/?post_type=product&#038;p=13568"},"modified":"2020-11-19T09:59:11","modified_gmt":"2020-11-19T08:59:11","slug":"prawo-rodzinne-i-opiekuncze-praktyka-orzecznictwo-kazusy","status":"publish","type":"product","link":"http:\/\/ksiegarnia-akademicka.pl\/index.php\/product\/prawo-rodzinne-i-opiekuncze-praktyka-orzecznictwo-kazusy\/","title":{"rendered":"Prawo rodzinne i opieku\u0144cze. Praktyka, orzecznictwo, kazusy"},"content":{"rendered":"<p>Autor: Natalia Szok, Rados\u0142aw Terlecki<br \/>\nWydawnictwo: C.H. Beck<br \/>\nSeria: Aplikacje prawnicze<br \/>\nRok wydania: 2020<br \/>\nWydanie: 4<br \/>\nOprawa: Mi\u0119kka<br \/>\nLiczba stron: 366<br \/>\nWaga: 600 g<br \/>\nISBN: 978-83-8235-016-6<\/p>\n<p>Opracowanie instytucji prawa rodzinnego i opieku\u0144czego dla aplikant\u00f3w i os\u00f3b przygotowuj\u0105cych si\u0119 do egzamin\u00f3w zawodowych.<br \/>\nPrezentuj\u0105c poszczeg\u00f3lne instytucje prawnorodzinne skupiono si\u0119 przede wszystkim na aspektach praktycznych stosowania prawa, a omawiane zagadnienia zosta\u0142y dodatkowo wzbogacone analiz\u0105 orzecze\u0144 s\u0105d\u00f3w powszechnych, s\u0105d\u00f3w administracyjnych oraz S\u0105du Najwy\u017cszego, co sprawia, \u017ce Czytelnik nie tylko lepiej zrozumie przedstawian\u0105 materi\u0119, ale zapozna si\u0119 r\u00f3wnie\u017c z obowi\u0105zuj\u0105c\u0105 lini\u0105 orzecznicz\u0105. Chc\u0105c sprosta\u0107 wymogom, jakie stawiane s\u0105 aplikantom, w pracy tej zawarto wyb\u00f3r r\u00f3\u017cnorodnych stan\u00f3w faktycznych, kt\u00f3re pozwol\u0105 nie tylko zrozumie\u0107 specyfik\u0119 i mechanizmy procesu wyk\u0142adni przepis\u00f3w prawa rodzinnego i opieku\u0144czego, ale r\u00f3wnie\u017c nale\u017cycie przygotowa\u0107 si\u0119 do przeprowadzanych w ramach aplikacji prawniczych kolokwi\u00f3w, czy egzamin\u00f3w zawodowych.<\/p>\n<p>Stan prawny: wrzesie\u0144 2020 r.<\/p>\n<p>Ksi\u0105\u017cka podzielona jest na dwie cz\u0119\u015bci:<\/p>\n<p>Pierwsza stanowi studium najwa\u017cniejszych instytucji prawa rodzinnego oraz zagadnie\u0144 proceduralnych, istotnych z punktu widzenia omawianej tre\u015bci.<br \/>\nDruga zawiera rozwi\u0105zania kilkudziesi\u0119ciu kazus\u00f3w, obejmuj\u0105ce om\u00f3wienie istotnych problem\u00f3w prawnych powsta\u0142ych na kanwie r\u00f3\u017cnorodnych stan\u00f3w faktycznych. Ka\u017cdy z kazus\u00f3w opatrzono stosownym pytaniem merytorycznym lub poleceniem, za\u015b jego rozwi\u0105zanie wzbogacono komentarzem prezentuj\u0105cym m.in. obowi\u0105zuj\u0105c\u0105 lini\u0119 orzecznicz\u0105 czy stanowisko wyra\u017cane aktualnie w pi\u015bmiennictwie<br \/>\nPublikacja jest szczeg\u00f3lnie polecana aplikantom odbywaj\u0105cym szkolenia w ramach aplikacji radcowskiej, adwokackiej, s\u0119dziowskiej, notarialnej czy komorniczej, jak r\u00f3wnie\u017c osobom przygotowuj\u0105cym si\u0119 do egzamin\u00f3w zawodowych. Z uwagi na szerokie om\u00f3wienie problematyki stosowania prawa rodzinnego i opieku\u0144czego, opracowanie to dedykowane jest tak\u017ce radcom prawnym i adwokatom, kt\u00f3rzy w ramach wykonywania zawodu zajmuj\u0105 si\u0119 prowadzeniem spraw rodzinnych.<\/p>\n<p>Przejrzysta formu\u0142a analizowanych tre\u015bci sprawia, \u017ce praca ta mo\u017ce by\u0107 r\u00f3wnie\u017c pomocna studentom prawa, kt\u00f3rzy pragn\u0105 pog\u0142\u0119bi\u0107 swoj\u0105 wiedz\u0119, a tak\u017ce osobom, kt\u00f3re ze wzgl\u0119du na okoliczno\u015bci \u017cyciowe sta\u0142y si\u0119 stron\u0105 post\u0119powa\u0144 z zakresu prawa rodzinnego i opieku\u0144czego.<\/p>\n","protected":false},"excerpt":{"rendered":"<p>Autor: Natalia Szok, Rados\u0142aw Terlecki Wydawnictwo: C.H. Beck Seria: Aplikacje [&hellip;]<\/p>\n","protected":false},"featured_media":13569,"template":"","meta":[],"product_brand":[],"product_cat":[7491,18],"product_tag":[615,4584,5120],"class_list":{"0":"post-13568","1":"product","2":"type-product","3":"status-publish","4":"has-post-thumbnail","6":"product_cat-cywilne","7":"product_cat-prawo","8":"product_tag-prawo-cywilne","9":"product_tag-prawo-rodzinne-i-opiekuncze","10":"product_tag-seria-aplikacje-prawnicze","12":"first","13":"instock","14":"sale","15":"shipping-taxable","16":"purchasable","17":"product-type-simple"},"_links":{"self":[{"href":"http:\/\/ksiegarnia-akademicka.pl\/index.php\/wp-json\/wp\/v2\/product\/13568","targetHints":{"allow":["GET"]}}],"collection":[{"href":"http:\/\/ksiegarnia-akademicka.pl\/index.php\/wp-json\/wp\/v2\/product"}],"about":[{"href":"http:\/\/ksiegarnia-akademicka.pl\/index.php\/wp-json\/wp\/v2\/types\/product"}],"wp:featuredmedia":[{"embeddable":true,"href":"http:\/\/ksiegarnia-akademicka.pl\/index.php\/wp-json\/wp\/v2\/media\/13569"}],"wp:attachment":[{"href":"http:\/\/ksiegarnia-akademicka.pl\/index.php\/wp-json\/wp\/v2\/media?parent=13568"}],"wp:term":[{"taxonomy":"product_brand","embeddable":true,"href":"http:\/\/ksiegarnia-akademicka.pl\/index.php\/wp-json\/wp\/v2\/product_brand?post=13568"},{"taxonomy":"product_cat","embeddable":true,"href":"http:\/\/ksiegarnia-akademicka.pl\/index.php\/wp-json\/wp\/v2\/product_cat?post=13568"},{"taxonomy":"product_tag","embeddable":true,"href":"http:\/\/ksiegarnia-akademicka.pl\/index.php\/wp-json\/wp\/v2\/product_tag?post=13568"}],"curies":[{"name":"wp","href":"https:\/\/api.w.org\/{rel}","templated":true}]}}