{"id":13408,"date":"2020-10-20T09:29:25","date_gmt":"2020-10-20T07:29:25","guid":{"rendered":"http:\/\/ksiegarnia-akademicka.pl\/?post_type=product&#038;p=13408"},"modified":"2020-10-20T09:29:25","modified_gmt":"2020-10-20T07:29:25","slug":"zadania-jednostek-samorzadu-terytorialnego-w-zakresie-pomocy-osobom-bezdomnym-z-perspektywy-zasady-pomocniczosci","status":"publish","type":"product","link":"http:\/\/ksiegarnia-akademicka.pl\/index.php\/product\/zadania-jednostek-samorzadu-terytorialnego-w-zakresie-pomocy-osobom-bezdomnym-z-perspektywy-zasady-pomocniczosci\/","title":{"rendered":"Zadania jednostek samorz\u0105du terytorialnego w zakresie pomocy osobom bezdomnym z perspektywy zasady pomocniczo\u015bci"},"content":{"rendered":"<p>Autor:<br \/>\nDominika Cendrowicz<br \/>\nWydawca: Difin<br \/>\nOprawa: Mi\u0119kka<br \/>\nFormat: 16.0&#215;23.0cm<br \/>\nLiczba stron: 366<br \/>\nRok wydania: 2020<br \/>\nJ\u0119zyk wydania: polski<br \/>\nCi\u0119\u017car: 0,57 kg<\/p>\n<p>Publikacja podejmuje aktualn\u0105 w Polsce oraz w UE problematyk\u0119 przeciwdzia\u0142ania bezdomno\u015bci. Udziela odpowiedzi na pytanie, jakie normy prawne reguluj\u0105 przeciwdzia\u0142anie bezdomno\u015bci przez administracj\u0119 publiczn\u0105 w Polsce oraz jakie zadania zwi\u0105zane ze \u015bwiadczeniem pomocy osobom bezdomnym realizuje administracja publiczna, a zw\u0142aszcza jednostki samorz\u0105du terytorialnego. Publikacja stawia za cel udzielenie odpowiedzi na pytanie w jaki spos\u00f3b istniej\u0105ce w prawie formy pomocy osobom bezdomnym przyczyniaj\u0105 si\u0119 do wychodzenia z bezdomno\u015bci, a w konsekwencji do zmniejszania skali tego zjawiska. W tre\u015bci autorka prezentuje tak\u017ce do\u015bwiadczenia kraj\u00f3w UE oraz Stan\u00f3w Zjednoczonych w zakresie przeciwdzia\u0142ania bezdomno\u015bci.<\/p>\n","protected":false},"excerpt":{"rendered":"<p>Autor: Dominika Cendrowicz Wydawca: Difin Oprawa: Mi\u0119kka Format: 16.0&#215;23.0cm Liczba [&hellip;]<\/p>\n","protected":false},"featured_media":13409,"template":"","meta":[],"product_brand":[],"product_cat":[7492,27,7510,18,7494],"product_tag":[3466,225,486],"class_list":{"0":"post-13408","1":"product","2":"type-product","3":"status-publish","4":"has-post-thumbnail","6":"product_cat-administracyjne","7":"product_cat-nauki-spoleczne","8":"product_cat-polityka-spoleczna","9":"product_cat-prawo","10":"product_cat-samorzad-terytorialny","11":"product_tag-administracja","12":"product_tag-polityka-spoleczna","13":"product_tag-samorzad-terytorialny","15":"first","16":"instock","17":"sale","18":"shipping-taxable","19":"purchasable","20":"product-type-simple"},"_links":{"self":[{"href":"http:\/\/ksiegarnia-akademicka.pl\/index.php\/wp-json\/wp\/v2\/product\/13408","targetHints":{"allow":["GET"]}}],"collection":[{"href":"http:\/\/ksiegarnia-akademicka.pl\/index.php\/wp-json\/wp\/v2\/product"}],"about":[{"href":"http:\/\/ksiegarnia-akademicka.pl\/index.php\/wp-json\/wp\/v2\/types\/product"}],"wp:featuredmedia":[{"embeddable":true,"href":"http:\/\/ksiegarnia-akademicka.pl\/index.php\/wp-json\/wp\/v2\/media\/13409"}],"wp:attachment":[{"href":"http:\/\/ksiegarnia-akademicka.pl\/index.php\/wp-json\/wp\/v2\/media?parent=13408"}],"wp:term":[{"taxonomy":"product_brand","embeddable":true,"href":"http:\/\/ksiegarnia-akademicka.pl\/index.php\/wp-json\/wp\/v2\/product_brand?post=13408"},{"taxonomy":"product_cat","embeddable":true,"href":"http:\/\/ksiegarnia-akademicka.pl\/index.php\/wp-json\/wp\/v2\/product_cat?post=13408"},{"taxonomy":"product_tag","embeddable":true,"href":"http:\/\/ksiegarnia-akademicka.pl\/index.php\/wp-json\/wp\/v2\/product_tag?post=13408"}],"curies":[{"name":"wp","href":"https:\/\/api.w.org\/{rel}","templated":true}]}}