{"id":13290,"date":"2020-09-15T08:55:43","date_gmt":"2020-09-15T06:55:43","guid":{"rendered":"http:\/\/ksiegarnia-akademicka.pl\/?post_type=product&#038;p=13290"},"modified":"2020-09-15T08:55:44","modified_gmt":"2020-09-15T06:55:44","slug":"organizacja-pracy-w-hotelarstwie-podrecznik-technikum-szkola-policealna-2","status":"publish","type":"product","link":"http:\/\/ksiegarnia-akademicka.pl\/index.php\/product\/organizacja-pracy-w-hotelarstwie-podrecznik-technikum-szkola-policealna-2\/","title":{"rendered":"Organizacja pracy w hotelarstwie Podr\u0119cznik Technikum Szko\u0142a policealna"},"content":{"rendered":"<p>Nale\u017cy do serii:<br \/>\nEDUKACJA<br \/>\nAutor:<br \/>\nEl\u017cbieta Mitura<br \/>\nEl\u017cbieta Koniuszewska<br \/>\nWydawca: Difin<br \/>\nOprawa: Mi\u0119kka<br \/>\nFormat: 16.0&#215;23.0cm<br \/>\nLiczba stron: 360<br \/>\nRok wydania: 2020<br \/>\nJ\u0119zyk wydania: polski<br \/>\nISBN:\t978-83-7641-111-8<\/p>\n<p>Podr\u0119cznik jest przeznaczony dla uczni\u00f3w technik\u00f3w i szk\u00f3\u0142 policealnych, a tak\u017ce dla wszystkich os\u00f3b zainteresowanych prac\u0105 w hotelarstwie. Zosta\u0142 napisany zgodnie z now\u0105 podstaw\u0105 programow\u0105 dla zawodu technik hotelarstwa. Jest to rozszerzona wersja podr\u0119cznika Hotelarstwo. Organizacja i technika pracy. Jego g\u0142\u00f3wne cele i zalety to przyst\u0119pne om\u00f3wienie zasad funkcjonowania rynku hotelarskiego i przedsi\u0119biorstwa, jakim jest hotel, a przede wszystkim &#8211; przygotowanie ucznia do egzaminu zawodowego. Liczne \u0107wiczenia s\u0142u\u017c\u0105 kszta\u0142towaniu przewidzianych w programie, potrzebnych w tym zawodzie umiej\u0119tno\u015bci, postaw oraz zachowa\u0144, pozwalaj\u0105 na praktyczne przyswajanie wiedzy i sprawdzanie na bie\u017c\u0105co efekt\u00f3w nauczania. Ksi\u0105\u017cka ma jasny, przejrzysty uk\u0142ad; zrozumienie temat\u00f3w u\u0142atwiaj\u0105 liczne wykresy i tabele. Zamieszczono te\u017c s\u0142owniczek poj\u0119\u0107 powi\u0105zanych tematycznie z hotelarstwem.<\/p>\n","protected":false},"excerpt":{"rendered":"<p>Nale\u017cy do serii: EDUKACJA Autor: El\u017cbieta Mitura El\u017cbieta Koniuszewska Wydawca: [&hellip;]<\/p>\n","protected":false},"featured_media":13291,"template":"","meta":[],"product_brand":[],"product_cat":[32],"product_tag":[1802,1195,1925],"class_list":{"0":"post-13290","1":"product","2":"type-product","3":"status-publish","4":"has-post-thumbnail","6":"product_cat-biznes","7":"product_tag-biznes","8":"product_tag-edukacja","9":"product_tag-hotelarstwo","11":"first","12":"instock","13":"sale","14":"shipping-taxable","15":"purchasable","16":"product-type-simple"},"_links":{"self":[{"href":"http:\/\/ksiegarnia-akademicka.pl\/index.php\/wp-json\/wp\/v2\/product\/13290","targetHints":{"allow":["GET"]}}],"collection":[{"href":"http:\/\/ksiegarnia-akademicka.pl\/index.php\/wp-json\/wp\/v2\/product"}],"about":[{"href":"http:\/\/ksiegarnia-akademicka.pl\/index.php\/wp-json\/wp\/v2\/types\/product"}],"wp:featuredmedia":[{"embeddable":true,"href":"http:\/\/ksiegarnia-akademicka.pl\/index.php\/wp-json\/wp\/v2\/media\/13291"}],"wp:attachment":[{"href":"http:\/\/ksiegarnia-akademicka.pl\/index.php\/wp-json\/wp\/v2\/media?parent=13290"}],"wp:term":[{"taxonomy":"product_brand","embeddable":true,"href":"http:\/\/ksiegarnia-akademicka.pl\/index.php\/wp-json\/wp\/v2\/product_brand?post=13290"},{"taxonomy":"product_cat","embeddable":true,"href":"http:\/\/ksiegarnia-akademicka.pl\/index.php\/wp-json\/wp\/v2\/product_cat?post=13290"},{"taxonomy":"product_tag","embeddable":true,"href":"http:\/\/ksiegarnia-akademicka.pl\/index.php\/wp-json\/wp\/v2\/product_tag?post=13290"}],"curies":[{"name":"wp","href":"https:\/\/api.w.org\/{rel}","templated":true}]}}