{"id":13171,"date":"2020-09-02T09:57:10","date_gmt":"2020-09-02T07:57:10","guid":{"rendered":"http:\/\/ksiegarnia-akademicka.pl\/?post_type=product&#038;p=13171"},"modified":"2020-09-02T09:57:10","modified_gmt":"2020-09-02T07:57:10","slug":"zaklamane-zycie-doroslych","status":"publish","type":"product","link":"http:\/\/ksiegarnia-akademicka.pl\/index.php\/product\/zaklamane-zycie-doroslych\/","title":{"rendered":"Zak\u0142amane \u017cycie doros\u0142ych"},"content":{"rendered":"<p>Autor:<br \/>\nElena Ferrante<br \/>\nT\u0142umacze: Rodziewicz-Dokt\u00f3r Lucyna<br \/>\nWydawca: Sonia Draga<br \/>\nOprawa: Zintegrowana<br \/>\nFormat: 12.3&#215;19.5cm<br \/>\nLiczba stron: 456<br \/>\nWydanie: 1<br \/>\nRok wydania: 2020<br \/>\nJ\u0119zyk wydania: polski<br \/>\nISBN:\t978-83-66512-24-5<\/p>\n<p>Najnowsza powie\u015b\u0107 uwielbianej na ca\u0142ym \u015bwiecie autorki! Giovanna dorasta w szcz\u0119\u015bliwej inteligenckiej rodzinie w Neapolu. Dziewczynka coraz bardziej zaczyna si\u0119 interesowa\u0107 swoim pochodzeniem i dalsz\u0105 rodzin\u0105, z kt\u00f3r\u0105 rodzice nie utrzymuj\u0105 kontaktu. Do tej pory tylko s\u0142ysza\u0142a o istnieniu siostry ojca, Vittorii. Pocz\u0105tkowo niech\u0119tni pomys\u0142owi odnowienia kontaktu rodzice ulegaj\u0105 Giovannie i dziewczynka spotyka si\u0119 z ciotk\u0105. Prowadzi to do zaskakuj\u0105cych odkry\u0107. Kiedy w miar\u0119 dorastania Giovanna coraz bardziej przypomina zrz\u0119dliw\u0105 krewn\u0105, jak twierdzi jej ojciec, inaczej spogl\u0105da na siebie i otaczaj\u0105cy j\u0105 \u015bwiat. Poszukiwania nowego oblicza, kt\u00f3re zast\u0105pi szcz\u0119\u015bliw\u0105 dzieci\u0119c\u0105 buzi\u0119, tocz\u0105 si\u0119 mi\u0119dzy dwoma spokrewnionymi biegunami Neapolu, kt\u00f3re \u017cywi\u0105 wobec siebie strach i nienawi\u015b\u0107: miastem ze wzg\u00f3rz, kt\u00f3re przybra\u0142o mask\u0119 wytworno\u015bci, i tym z do\u0142u, kryj\u0105cym si\u0119 za trywialno\u015bci\u0105 i krzykliwo\u015bci\u0105. Giovanna balansuje mi\u0119dzy jednym i drugim, upada i si\u0119 podnosi, zdezorientowana, bo tak na dole, jak i na g\u00f3rze nie znajduje ani odpowiedzi, ani ratunku. \u201eW tej ksi\u0105\u017cce, w kt\u00f3rej prawda jest naprzemiennie ujawniana i ukrywana, a postacie budz\u0105 w r\u00f3wnym stopniu mi\u0142o\u015b\u0107 i nienawi\u015b\u0107, g\u0142os Ferrante jest jednocze\u015bnie uspokajaj\u0105cy, niepokoj\u0105cy, hipnotyzuj\u0105cy\u201d. La Stampa<\/p>\n","protected":false},"excerpt":{"rendered":"<p>Autor: Elena Ferrante T\u0142umacze: Rodziewicz-Dokt\u00f3r Lucyna Wydawca: Sonia Draga Oprawa: [&hellip;]<\/p>\n","protected":false},"featured_media":13172,"template":"","meta":[],"product_brand":[],"product_cat":[7707],"product_tag":[7632,3688],"class_list":{"0":"post-13171","1":"product","2":"type-product","3":"status-publish","4":"has-post-thumbnail","6":"product_cat-literatura","7":"product_tag-literatura-swiatowa","8":"product_tag-powiesc","10":"first","11":"instock","12":"sale","13":"shipping-taxable","14":"purchasable","15":"product-type-simple"},"_links":{"self":[{"href":"http:\/\/ksiegarnia-akademicka.pl\/index.php\/wp-json\/wp\/v2\/product\/13171","targetHints":{"allow":["GET"]}}],"collection":[{"href":"http:\/\/ksiegarnia-akademicka.pl\/index.php\/wp-json\/wp\/v2\/product"}],"about":[{"href":"http:\/\/ksiegarnia-akademicka.pl\/index.php\/wp-json\/wp\/v2\/types\/product"}],"wp:featuredmedia":[{"embeddable":true,"href":"http:\/\/ksiegarnia-akademicka.pl\/index.php\/wp-json\/wp\/v2\/media\/13172"}],"wp:attachment":[{"href":"http:\/\/ksiegarnia-akademicka.pl\/index.php\/wp-json\/wp\/v2\/media?parent=13171"}],"wp:term":[{"taxonomy":"product_brand","embeddable":true,"href":"http:\/\/ksiegarnia-akademicka.pl\/index.php\/wp-json\/wp\/v2\/product_brand?post=13171"},{"taxonomy":"product_cat","embeddable":true,"href":"http:\/\/ksiegarnia-akademicka.pl\/index.php\/wp-json\/wp\/v2\/product_cat?post=13171"},{"taxonomy":"product_tag","embeddable":true,"href":"http:\/\/ksiegarnia-akademicka.pl\/index.php\/wp-json\/wp\/v2\/product_tag?post=13171"}],"curies":[{"name":"wp","href":"https:\/\/api.w.org\/{rel}","templated":true}]}}