{"id":13127,"date":"2020-09-01T09:23:39","date_gmt":"2020-09-01T07:23:39","guid":{"rendered":"http:\/\/ksiegarnia-akademicka.pl\/?post_type=product&#038;p=13127"},"modified":"2020-09-01T09:23:39","modified_gmt":"2020-09-01T07:23:39","slug":"nowe-kody-jpk-vat","status":"publish","type":"product","link":"http:\/\/ksiegarnia-akademicka.pl\/index.php\/product\/nowe-kody-jpk-vat\/","title":{"rendered":"Nowe kody JPK VAT"},"content":{"rendered":"<p>Wydawca: ODDK<br \/>\nOprawa: Mi\u0119kka<br \/>\nLiczba stron: 160<br \/>\nRok wydania: 2020<br \/>\nJ\u0119zyk wydania: polski<br \/>\nISBN:\t978-83-7804-737-7<\/p>\n<p>Ka\u017cdy czynny podatnik VAT jest zobowi\u0105zany do sporz\u0105dzania w formie elektronicznej zestawu informacji o zakupach i sprzeda\u017cy, kt\u00f3ry wynika z ewidencji VAT za dany okres. Informacja ta musi by\u0107 sporz\u0105dzona w okre\u015blonej strukturze w formacie jednolitego pliku kontrolnego \u2013 JPK_VAT.<\/p>\n<p>Od 1 pa\u017adziernika 2020 r. obowi\u0105zuje nowa, zmieniona wersja pliku JPK_VAT. W JPK_VAT nale\u017cy zamie\u015bci\u0107 nie tylko informacje o zakupach i sprzeda\u017cy wynikaj\u0105ce z ewidencji VAT oraz dane z obecnej deklaracji VAT-7 (VAT-7K), ale r\u00f3wnie\u017c dodatkowe dane. Opr\u00f3cz dotychczas wykazywanych informacji podatnik musi raportowa\u0107 wybrane towary, us\u0142ugi, rodzaje transakcji, stosowane dokumenty, procedury przy u\u017cyciu nowych, specjalnych kod\u00f3w.<\/p>\n<p>W publikacji:<\/p>\n<p>wykaz wszystkich nowych oznacze\u0144 wprowadzonych przepisami, kt\u00f3re nale\u017cy zamieszcza\u0107 w ewidencji sprzeda\u017cy i zakupu;<br \/>\nrozwini\u0119cia poszczeg\u00f3lnych kod\u00f3w tj. odniesienia do w\u0142a\u015bciwych klasyfikacji statystycznych (PKWiU, CN), przepis\u00f3w prawa podatkowego oraz wyja\u015bnie\u0144 Ministerstwa Finans\u00f3w.<\/p>\n<p>Publikacja opracowana na podstawie rozporz\u0105dzenia Ministra Finans\u00f3w, Inwestycji i Rozwoju z 15 pa\u017adziernika 2019 r. w sprawie szczeg\u00f3\u0142owego zakresu danych zawartych w deklaracjach podatkowych i w ewidencji w zakresie podatku od towar\u00f3w i us\u0142ug (Dz.U. z 2019 r. poz. 1988 z p\u00f3\u017an. zm.).<\/p>\n","protected":false},"excerpt":{"rendered":"<p>Wydawca: ODDK Oprawa: Mi\u0119kka Liczba stron: 160 Rok wydania: 2020 [&hellip;]<\/p>\n","protected":false},"featured_media":13128,"template":"","meta":[],"product_brand":[],"product_cat":[22,23],"product_tag":[355,1496],"class_list":{"0":"post-13127","1":"product","2":"type-product","3":"status-publish","4":"has-post-thumbnail","6":"product_cat-podatki-i-prawo-podatkowe","7":"product_cat-rachunkowosc","8":"product_tag-podatki","9":"product_tag-rachunkowosc","11":"first","12":"instock","13":"sale","14":"shipping-taxable","15":"purchasable","16":"product-type-simple"},"_links":{"self":[{"href":"http:\/\/ksiegarnia-akademicka.pl\/index.php\/wp-json\/wp\/v2\/product\/13127","targetHints":{"allow":["GET"]}}],"collection":[{"href":"http:\/\/ksiegarnia-akademicka.pl\/index.php\/wp-json\/wp\/v2\/product"}],"about":[{"href":"http:\/\/ksiegarnia-akademicka.pl\/index.php\/wp-json\/wp\/v2\/types\/product"}],"wp:featuredmedia":[{"embeddable":true,"href":"http:\/\/ksiegarnia-akademicka.pl\/index.php\/wp-json\/wp\/v2\/media\/13128"}],"wp:attachment":[{"href":"http:\/\/ksiegarnia-akademicka.pl\/index.php\/wp-json\/wp\/v2\/media?parent=13127"}],"wp:term":[{"taxonomy":"product_brand","embeddable":true,"href":"http:\/\/ksiegarnia-akademicka.pl\/index.php\/wp-json\/wp\/v2\/product_brand?post=13127"},{"taxonomy":"product_cat","embeddable":true,"href":"http:\/\/ksiegarnia-akademicka.pl\/index.php\/wp-json\/wp\/v2\/product_cat?post=13127"},{"taxonomy":"product_tag","embeddable":true,"href":"http:\/\/ksiegarnia-akademicka.pl\/index.php\/wp-json\/wp\/v2\/product_tag?post=13127"}],"curies":[{"name":"wp","href":"https:\/\/api.w.org\/{rel}","templated":true}]}}