{"id":12929,"date":"2020-08-25T09:54:13","date_gmt":"2020-08-25T07:54:13","guid":{"rendered":"http:\/\/ksiegarnia-akademicka.pl\/?post_type=product&#038;p=12929"},"modified":"2024-12-05T08:22:52","modified_gmt":"2024-12-05T07:22:52","slug":"nauka-to-lubie","status":"publish","type":"product","link":"http:\/\/ksiegarnia-akademicka.pl\/index.php\/product\/nauka-to-lubie\/","title":{"rendered":"Nauka To lubi\u0119"},"content":{"rendered":"<p>Autor:<br \/>\nTomasz Ro\u017cek<br \/>\nWydawca: Wilga<br \/>\nOprawa: Twarda<br \/>\nFormat: 15.2&#215;19.1cm<br \/>\nLiczba stron: 320<br \/>\nRok wydania: 2020<br \/>\nJ\u0119zyk wydania: polski<\/p>\n<p>Czy wydmy potrafi\u0105 \u015bpiewa\u0107? Od czego zale\u017cy kszta\u0142t piorun\u00f3w? Kto skonstruowa\u0142 najprecyzyjniejszy zegar na \u015bwiecie? Dlaczego gor\u0105ca woda zamarza szybciej ni\u017c zimna? Zawsze si\u0119 nad tym zastanawiali\u015bcie, ale wstydzili\u015bcie si\u0119 zapyta\u0107? Wznowienie ksi\u0105\u017cki Nauka. To lubi\u0119 autorstwa znanego, cenionego i lubianego dziennikarza Tomasza Ro\u017cka odpowie na wszystkie te pytania. Tomasz Ro\u017cek, dziennikarz i popularyzator nauki, prowadzi czytelnik\u00f3w przez labirynt wiedzy. Pisze o zjawiskach, z kt\u00f3rymi spotykamy si\u0119 na co dzie\u0144, i o tych zachodz\u0105cych daleko w kosmosie, odleg\u0142ych o lata \u015bwietlne. Ods\u0142ania tajemnice, nad kt\u00f3rymi badacze g\u0142owi\u0105 si\u0119 od dawna, ale prezentuje r\u00f3wnie\u017c najnowsze odkrycia uczonych. Dowcipnie i przyst\u0119pnie opisuje nawet najbardziej skomplikowane zagadnienia i procesy, a dzi\u0119ki licznym przyk\u0142adom z \u017cycia codziennego jego teksty pobudzaj\u0105 wyobra\u017ani\u0119 i sk\u0142aniaj\u0105 do pog\u0142\u0119biania wiedzy. W poszczeg\u00f3lnych rozdzia\u0142ach znajduj\u0105 si\u0119 r\u00f3wnie\u017c propozycje eksperyment\u00f3w, kt\u00f3re z \u0142atwo\u015bci\u0105 mo\u017cna przeprowadzi\u0107 w domowych warunkach. Dzi\u0119ki temu zar\u00f3wno rodzice, jak i dzieci poczuj\u0105 si\u0119 niczym prawdziwi odkrywcy. Nauka. To lubi\u0119 to ksi\u0105\u017cka familijna dla ciekawego \u015bwiata czytelnika w ka\u017cdym wieku.<\/p>\n","protected":false},"excerpt":{"rendered":"<p>Autor: Tomasz Ro\u017cek Wydawca: Wilga Oprawa: Twarda Format: 15.2&#215;19.1cm Liczba [&hellip;]<\/p>\n","protected":false},"featured_media":12930,"template":"","meta":[],"product_brand":[],"product_cat":[7994],"product_tag":[3340,3339,320],"class_list":{"0":"post-12929","1":"product","2":"type-product","3":"status-publish","4":"has-post-thumbnail","6":"product_cat-poradniki","7":"product_tag-futurologia","8":"product_tag-historia-nauki","9":"product_tag-nauka","11":"first","12":"instock","13":"sale","14":"shipping-taxable","15":"purchasable","16":"product-type-simple"},"_links":{"self":[{"href":"http:\/\/ksiegarnia-akademicka.pl\/index.php\/wp-json\/wp\/v2\/product\/12929","targetHints":{"allow":["GET"]}}],"collection":[{"href":"http:\/\/ksiegarnia-akademicka.pl\/index.php\/wp-json\/wp\/v2\/product"}],"about":[{"href":"http:\/\/ksiegarnia-akademicka.pl\/index.php\/wp-json\/wp\/v2\/types\/product"}],"wp:featuredmedia":[{"embeddable":true,"href":"http:\/\/ksiegarnia-akademicka.pl\/index.php\/wp-json\/wp\/v2\/media\/12930"}],"wp:attachment":[{"href":"http:\/\/ksiegarnia-akademicka.pl\/index.php\/wp-json\/wp\/v2\/media?parent=12929"}],"wp:term":[{"taxonomy":"product_brand","embeddable":true,"href":"http:\/\/ksiegarnia-akademicka.pl\/index.php\/wp-json\/wp\/v2\/product_brand?post=12929"},{"taxonomy":"product_cat","embeddable":true,"href":"http:\/\/ksiegarnia-akademicka.pl\/index.php\/wp-json\/wp\/v2\/product_cat?post=12929"},{"taxonomy":"product_tag","embeddable":true,"href":"http:\/\/ksiegarnia-akademicka.pl\/index.php\/wp-json\/wp\/v2\/product_tag?post=12929"}],"curies":[{"name":"wp","href":"https:\/\/api.w.org\/{rel}","templated":true}]}}