{"id":12914,"date":"2020-08-25T09:23:24","date_gmt":"2020-08-25T07:23:24","guid":{"rendered":"http:\/\/ksiegarnia-akademicka.pl\/?post_type=product&#038;p=12914"},"modified":"2024-12-05T08:23:33","modified_gmt":"2024-12-05T07:23:33","slug":"najwieksza-pandemia-hiszpanki-u-progu-niepodleglej-polski","status":"publish","type":"product","link":"http:\/\/ksiegarnia-akademicka.pl\/index.php\/product\/najwieksza-pandemia-hiszpanki-u-progu-niepodleglej-polski\/","title":{"rendered":"Najwi\u0119ksza Pandemia hiszpanki u progu niepodleg\u0142ej Polski"},"content":{"rendered":"<p>Autor:<br \/>\n\u0141ukasz Mieszkowski<br \/>\nWydawca: Polityka<br \/>\nOprawa: Mi\u0119kka ze skrzyde\u0142kami<br \/>\nFormat: 14.3&#215;20.5cm<br \/>\nLiczba stron: 256<br \/>\nRok wydania: 2020<br \/>\nJ\u0119zyk wydania: polski<\/p>\n<p>Kiedy w po\u0142owie listopada 1918 roku wybucha niepodleg\u0142o\u015b\u0107, wi\u0119kszo\u015b\u0107 ofiar hiszpanki prawdopodobnie ju\u017c nie \u017cyje albo w\u0142a\u015bnie umiera. Najwi\u0119ksza w dziejach ludzko\u015bci i Polski pandemia nie zostaje rozpoznana, pojawia si\u0119 raczej jako dodatkowy problem i zagro\u017cenie. S\u0142u\u017cby sanitarne i medyczne zaj\u0119te s\u0105 przede wszystkim walk\u0105 z tyfusem.<br \/>\nPolacy w tym czasie wsp\u00f3lnym wysi\u0142kiem pozaborowym buduj\u0105 nowe pa\u0144stwo, scalaj\u0105 administracj\u0119, tworz\u0105 armi\u0119. Na gruzach starego imperialnego porz\u0105dku powstaje II Rzeczpospolita. Trwa wojna domowa w Galicji, bolszewicka Rosja i m\u0142oda Polska wchodz\u0105 na kurs kolizyjny. Panuje bieda i g\u0142\u00f3d. Hiszpanka zbiera swoje \u017cniwo.<\/p>\n<p>Esej \u0141ukasza Mieszkowskiego przypomina rzeczywiste \u017ar\u00f3d\u0142a epidemii, jej histori\u0119 i reakcje rz\u0105d\u00f3w. Jest pioniersk\u0105 pr\u00f3b\u0105 rekonstrukcji przebiegu hiszpanki w II Rzeczypospolitej i gorzkim dowodem na to, jak rzadko wyci\u0105gamy lekcje z historii.<\/p>\n","protected":false},"excerpt":{"rendered":"<p>Autor: \u0141ukasz Mieszkowski Wydawca: Polityka Oprawa: Mi\u0119kka ze skrzyde\u0142kami Format: [&hellip;]<\/p>\n","protected":false},"featured_media":12915,"template":"","meta":[],"product_brand":[],"product_cat":[38],"product_tag":[67,8030],"class_list":{"0":"post-12914","1":"product","2":"type-product","3":"status-publish","4":"has-post-thumbnail","6":"product_cat-historia","7":"product_tag-historia-polski","8":"product_tag-pandemie","10":"first","11":"instock","12":"sale","13":"shipping-taxable","14":"purchasable","15":"product-type-simple"},"_links":{"self":[{"href":"http:\/\/ksiegarnia-akademicka.pl\/index.php\/wp-json\/wp\/v2\/product\/12914","targetHints":{"allow":["GET"]}}],"collection":[{"href":"http:\/\/ksiegarnia-akademicka.pl\/index.php\/wp-json\/wp\/v2\/product"}],"about":[{"href":"http:\/\/ksiegarnia-akademicka.pl\/index.php\/wp-json\/wp\/v2\/types\/product"}],"wp:featuredmedia":[{"embeddable":true,"href":"http:\/\/ksiegarnia-akademicka.pl\/index.php\/wp-json\/wp\/v2\/media\/12915"}],"wp:attachment":[{"href":"http:\/\/ksiegarnia-akademicka.pl\/index.php\/wp-json\/wp\/v2\/media?parent=12914"}],"wp:term":[{"taxonomy":"product_brand","embeddable":true,"href":"http:\/\/ksiegarnia-akademicka.pl\/index.php\/wp-json\/wp\/v2\/product_brand?post=12914"},{"taxonomy":"product_cat","embeddable":true,"href":"http:\/\/ksiegarnia-akademicka.pl\/index.php\/wp-json\/wp\/v2\/product_cat?post=12914"},{"taxonomy":"product_tag","embeddable":true,"href":"http:\/\/ksiegarnia-akademicka.pl\/index.php\/wp-json\/wp\/v2\/product_tag?post=12914"}],"curies":[{"name":"wp","href":"https:\/\/api.w.org\/{rel}","templated":true}]}}

Największa Pandemia hiszpanki u progu niepodległej Polski

<p>Autor:<br />
Łukasz Mieszkowski<br />
Wydawca: Polityka<br />
Oprawa: Miękka ze skrzydełkami<br />
Format: 14.3&#215;20.5cm<br />
Liczba stron: 256<br />
Rok wydania: 2020<br />
Język wydania: polski</p>
<p>Kiedy w połowie listopada 1918 roku wybucha niepodległość, większość ofiar hiszpanki prawdopodobnie już nie żyje albo właśnie umiera. Największa w dziejach ludzkości i Polski pandemia nie zostaje rozpoznana, pojawia się raczej jako dodatkowy problem i zagrożenie. Służby sanitarne i medyczne zajęte są przede wszystkim walką z tyfusem.<br />
Polacy w tym czasie wspólnym wysiłkiem pozaborowym budują nowe państwo, scalają administrację, tworzą armię. Na gruzach starego imperialnego porządku powstaje II Rzeczpospolita. Trwa wojna domowa w Galicji, bolszewicka Rosja i młoda Polska wchodzą na kurs kolizyjny. Panuje bieda i głód. Hiszpanka zbiera swoje żniwo.</p>
<p>Esej Łukasza Mieszkowskiego przypomina rzeczywiste źródła epidemii, jej historię i reakcje rządów. Jest pionierską próbą rekonstrukcji przebiegu hiszpanki w II Rzeczypospolitej i gorzkim dowodem na to, jak rzadko wyciągamy lekcje z historii.</p>

<p>Autor: Łukasz Mieszkowski Wydawca: Polityka Oprawa: Miękka ze skrzydełkami Format: [&hellip;]</p>
