{"id":12865,"date":"2020-08-24T11:01:44","date_gmt":"2020-08-24T09:01:44","guid":{"rendered":"http:\/\/ksiegarnia-akademicka.pl\/?post_type=product&#038;p=12865"},"modified":"2020-08-24T11:24:40","modified_gmt":"2020-08-24T09:24:40","slug":"swiatlo-obrazu-uwagi-o-fotografii","status":"publish","type":"product","link":"http:\/\/ksiegarnia-akademicka.pl\/index.php\/product\/swiatlo-obrazu-uwagi-o-fotografii\/","title":{"rendered":"\u015awiat\u0142o obrazu Uwagi o fotografii"},"content":{"rendered":"<p>Autor:<br \/>\nRoland Barthes<br \/>\nT\u0142umacze: Trznadel Jacek<br \/>\nWydawca: Aletheia<br \/>\nOprawa: Mi\u0119kka<br \/>\nFormat: 14.5&#215;20.5cm<br \/>\nLiczba stron: 218<br \/>\nRok wydania: 2020<br \/>\nJ\u0119zyk wydania: polski<\/p>\n<p>Pod koniec \u017cycia, w 1977 roku, Roland Barthes (1915\u20131980), klasyk wsp\u00f3\u0142czesnej francuskiej humanistyki (m.in. Mitologie, Fragmenty dyskursu mi\u0142osnego, Imperium znak\u00f3w, Stopie\u0144 zero pisania), zacz\u0105\u0142 po \u015bmierci matki pisa\u0107 ksi\u0105\u017ck\u0119 o fotografii. Osobistym motywem by\u0142a pr\u00f3ba odnalezienia \u201eistoty\u201d zmar\u0142ej Henriette Barthes w fotografiach, kt\u00f3re po niej pozosta\u0142y. Paradoksalnie autor odnajduje to, czego szuka, w zdj\u0119ciu matki z jej dzieci\u0144stwa, z okresu, w kt\u00f3rym jej nie zna\u0142, przewrotnie za\u015b \u2013 zdj\u0119cia tego czytelnikowi nie pokazuje, uwa\u017caj\u0105c, \u017ce by\u0142oby dla niego banalne. Dowodzi to, jak subtelne rozwa\u017cania i do\u015bwiadczenia podj\u0105\u0142 w tej bardzo prywatnej ksi\u0105\u017cce o nowym zjawisku w sztuce, kt\u00f3rego natur\u0119 stara si\u0119 wyja\u015bni\u0107 (tytu\u0142owy chambre claire, dos\u0142. \u201ejasny pok\u00f3j\u201d, nawi\u0105zuje w formie gry s\u0142\u00f3w do chambre noire, \u201eciemnia\u201d, a zarazem chodzi odpowiednio o camera lucida i camera obscura). Inaczej ni\u017c malarstwo, fotografia ma u pod\u0142o\u017ca pewien niewymy\u015blony fakt, mgnienie owego \u201eto by\u0142o\u201d, \u201ezdj\u0119cie\u201d obrazu z rzeczywisto\u015bci. Jako odmiana pami\u0119ci wprowadza w czas i ca\u0142y dramat egzystencji. Barthes rozwa\u017ca \u201ezdj\u0119cie\u201d od strony studium, dociekliwo\u015bci, analizy, i punctum, owego \u201euk\u0142ucia\u201d, o jakie fotografia przyprawia widza. Czytelnik znajdzie w ksi\u0105\u017cce wiele takich puncta w zamieszczonych przez autora reprodukcjach klasycznych dzie\u0142, kt\u00f3re dodatkowo czyni\u0105 z tych rozwa\u017ca\u0144 ma\u0142y album, przyczynek do subiektywnej historii fotografii.<\/p>\n","protected":false},"excerpt":{"rendered":"<p>Autor: Roland Barthes T\u0142umacze: Trznadel Jacek Wydawca: Aletheia Oprawa: Mi\u0119kka [&hellip;]<\/p>\n","protected":false},"featured_media":12866,"template":"","meta":[],"product_brand":[],"product_cat":[7506,27],"product_tag":[2510,233,8023],"class_list":{"0":"post-12865","1":"product","2":"type-product","3":"status-publish","4":"has-post-thumbnail","6":"product_cat-filozofia","7":"product_cat-nauki-spoleczne","8":"product_tag-eseje","9":"product_tag-filozofia","10":"product_tag-fotografika","12":"first","13":"instock","14":"sale","15":"shipping-taxable","16":"purchasable","17":"product-type-simple"},"_links":{"self":[{"href":"http:\/\/ksiegarnia-akademicka.pl\/index.php\/wp-json\/wp\/v2\/product\/12865","targetHints":{"allow":["GET"]}}],"collection":[{"href":"http:\/\/ksiegarnia-akademicka.pl\/index.php\/wp-json\/wp\/v2\/product"}],"about":[{"href":"http:\/\/ksiegarnia-akademicka.pl\/index.php\/wp-json\/wp\/v2\/types\/product"}],"wp:featuredmedia":[{"embeddable":true,"href":"http:\/\/ksiegarnia-akademicka.pl\/index.php\/wp-json\/wp\/v2\/media\/12866"}],"wp:attachment":[{"href":"http:\/\/ksiegarnia-akademicka.pl\/index.php\/wp-json\/wp\/v2\/media?parent=12865"}],"wp:term":[{"taxonomy":"product_brand","embeddable":true,"href":"http:\/\/ksiegarnia-akademicka.pl\/index.php\/wp-json\/wp\/v2\/product_brand?post=12865"},{"taxonomy":"product_cat","embeddable":true,"href":"http:\/\/ksiegarnia-akademicka.pl\/index.php\/wp-json\/wp\/v2\/product_cat?post=12865"},{"taxonomy":"product_tag","embeddable":true,"href":"http:\/\/ksiegarnia-akademicka.pl\/index.php\/wp-json\/wp\/v2\/product_tag?post=12865"}],"curies":[{"name":"wp","href":"https:\/\/api.w.org\/{rel}","templated":true}]}}