{"id":1277,"date":"2018-05-22T12:43:18","date_gmt":"2018-05-22T10:43:18","guid":{"rendered":"http:\/\/ksiegarnia-akademicka.pl\/index.php\/product\/wspolczesne-systemy-telekomunikacyjne\/"},"modified":"2023-01-03T10:00:55","modified_gmt":"2023-01-03T09:00:55","slug":"wspolczesne-systemy-telekomunikacyjne","status":"publish","type":"product","link":"http:\/\/ksiegarnia-akademicka.pl\/index.php\/product\/wspolczesne-systemy-telekomunikacyjne\/","title":{"rendered":"Wsp\u00f3\u0142czesne systemy telekomunikacyjne"},"content":{"rendered":"<p>Stefan Jackowski, Marcin Chrzan<br \/>\nTom 1\/ Tom 2 (komplet)<br \/>\n2008, wyd. III poprawione i uzupe\u0142nione, format B5, stron 327, <\/p>\n<p>Podr\u0119cznki zosta\u0142 napisany w taki spos\u00f3b, aby mogli z niego korzysta\u0107 studenci r\u00f3\u017cnych specjalno\u015bci, zar\u00f3wno ci, dla kt\u00f3rych telekomunikacja jest przedmiotem encyklopedycznym, jak r\u00f3wnie\u017c ci studenci, dla kt\u00f3rych przedmiot ten jest podstawowym.<br \/>\nW tomie I zosta\u0142 sformu\u0142owany cel i przyczyny stosowania \u0142\u0105czno\u015bci bezprzewodowej. Uzasadniono r\u00f3wnie\u017c pow\u00f3d stosowania w publikacji rozwa\u017ca\u0144 z systemowego punktu widzenia. Przedstawiono w\u0142a\u015bciwo\u015bci analogowych w\u0105skopasmowych system\u00f3w telefonii kom\u00f3rkowej. W tomie I odnajdziemy r\u00f3wnie\u017c wiadomo\u015bci o systemach telefonii kom\u00f3rkowej standardu GSM, og\u00f3lne rozwa\u017cania zwi\u0105zane z systemami rozproszonym widmem, a w szczeg\u00f3lno\u015bci widmowo- przestrzenne w\u0142asno\u015bci system\u00f3w system\u00f3w wielodost\u0119pem CDMA oraz sygna\u0142ami z bezpo\u015brednim rozpraszaniem.<br \/>\nTom II przedstawia system \u0142\u0105czno\u015bci trzeciej generacji (3G), zaoferuje w skali globalnej us\u0142ugi telekomunikacyjne, kt\u00f3re obecnie dostarczane s\u0105 przez oddzielne systemy telekomunikacyjne, takie jak: kom\u00f3rkowe, dyspozytorskie, przywo\u0142awcze, bezprzewodowe p\u0119tle abonenckie itd. Kilkadziesi\u0105t stron zosta\u0142o po\u015bwi\u0119conych globalnemu systemowi pozycyjnemu GPS.<\/p>\n","protected":false},"excerpt":{"rendered":"<p>Stefan Jackowski, Marcin Chrzan Tom 1\/ Tom 2 (komplet) 2008, [&hellip;]<\/p>\n","protected":false},"featured_media":10871,"template":"","meta":[],"product_brand":[],"product_cat":[7526,43],"product_tag":[87,3890,3417],"class_list":{"0":"post-1277","1":"product","2":"type-product","3":"status-publish","4":"has-post-thumbnail","6":"product_cat-automatyka-elektronika-telekomunikacja","7":"product_cat-wydawnictwo-uth","8":"product_tag-skrypty-politechniki-radomskiej","9":"product_tag-systemy-telekomunikacyjne","10":"product_tag-telekomunikacja","12":"first","13":"instock","14":"shipping-taxable","15":"purchasable","16":"product-type-simple"},"_links":{"self":[{"href":"http:\/\/ksiegarnia-akademicka.pl\/index.php\/wp-json\/wp\/v2\/product\/1277","targetHints":{"allow":["GET"]}}],"collection":[{"href":"http:\/\/ksiegarnia-akademicka.pl\/index.php\/wp-json\/wp\/v2\/product"}],"about":[{"href":"http:\/\/ksiegarnia-akademicka.pl\/index.php\/wp-json\/wp\/v2\/types\/product"}],"wp:featuredmedia":[{"embeddable":true,"href":"http:\/\/ksiegarnia-akademicka.pl\/index.php\/wp-json\/wp\/v2\/media\/10871"}],"wp:attachment":[{"href":"http:\/\/ksiegarnia-akademicka.pl\/index.php\/wp-json\/wp\/v2\/media?parent=1277"}],"wp:term":[{"taxonomy":"product_brand","embeddable":true,"href":"http:\/\/ksiegarnia-akademicka.pl\/index.php\/wp-json\/wp\/v2\/product_brand?post=1277"},{"taxonomy":"product_cat","embeddable":true,"href":"http:\/\/ksiegarnia-akademicka.pl\/index.php\/wp-json\/wp\/v2\/product_cat?post=1277"},{"taxonomy":"product_tag","embeddable":true,"href":"http:\/\/ksiegarnia-akademicka.pl\/index.php\/wp-json\/wp\/v2\/product_tag?post=1277"}],"curies":[{"name":"wp","href":"https:\/\/api.w.org\/{rel}","templated":true}]}}