{"id":12593,"date":"2020-04-14T13:17:32","date_gmt":"2020-04-14T11:17:32","guid":{"rendered":"http:\/\/ksiegarnia-akademicka.pl\/?post_type=product&#038;p=12593"},"modified":"2020-04-14T13:17:32","modified_gmt":"2020-04-14T11:17:32","slug":"ginekologia-dziecieca-i-dziewczeca-najczestsze-problemy-ginekologia-i-poloznictwo","status":"publish","type":"product","link":"http:\/\/ksiegarnia-akademicka.pl\/index.php\/product\/ginekologia-dziecieca-i-dziewczeca-najczestsze-problemy-ginekologia-i-poloznictwo\/","title":{"rendered":"Ginekologia dzieci\u0119ca i dziewcz\u0119ca Najcz\u0119stsze problemy Ginekologia i po\u0142o\u017cnictwo"},"content":{"rendered":"<p>Nale\u017cy do serii:<br \/>\nW GABINECIE LEKARZA SPECJALISTY<br \/>\nRedakcja: Hirnle Lidia<br \/>\nWydawca: PZWL<br \/>\nOprawa: Mi\u0119kka ze skrzyde\u0142kami<br \/>\nFormat: 15.0&#215;23.5cm<br \/>\nLiczba stron: 96<br \/>\nWydanie: 1<br \/>\nRok wydania: 2020<br \/>\nJ\u0119zyk wydania: polski<\/p>\n<p>Sz\u00f3sty numer pod redakcj\u0105 naukow\u0105 prof. Lidii Hirnle skierowany jest do praktykuj\u0105cych ginekolog\u00f3w-po\u0142o\u017cnik\u00f3w oraz pediatr\u00f3w.<\/p>\n<p>Konsultacje w dziedzinie ginekologii dzieci\u0119cej obejmuj\u0105 diagnostyk\u0119 i leczenie zaburze\u0144 ze strony narz\u0105du rodnego u dziewczynek przed 18. rokiem \u017cycia. Z uwagi na specyfik\u0119 zaburze\u0144 okresu pokwitania wskazane jest, aby konsultacje udzielane by\u0142y przez ginekologa maj\u0105cego do\u015bwiadczenie w zakresie leczenia nieprawid\u0142owo\u015bci narz\u0105du rodnego i gospodarki hormonalnej dzieci oraz przez pediatr\u0119.<\/p>\n<p>W numerze om\u00f3wiono m.in.:<\/p>\n<p>Stany zapalne pochwy i sromu. S\u0105 one jedn\u0105 z najcz\u0119stszych przyczyn konsultacji lekarskich z zakresu ginekologii dzieci\u0119cej. Schorzenia te dotycz\u0105 pacjentek w ka\u017cdym wieku, jednak ich etiologia i leczenie znacz\u0105co r\u00f3\u017cni\u0105 si\u0119 u dzieci w por\u00f3wnaniu z pacjentkami po zako\u0144czonym okresie dojrzewania. Z uwagi na ograniczony dost\u0119p do ginekolog\u00f3w dzieci\u0119cych oraz wyd\u0142u\u017cony okres oczekiwania na wizyt\u0119, pacjentki w pierwszej kolejno\u015bci trafiaj\u0105 do pediatr\u00f3w, kt\u00f3rzy odpowiadaj\u0105 za rozpocz\u0119cie procesu diagnostyczno-leczniczego.<br \/>\nBolesne miesi\u0105czkowanie. Wynika ono z przyczyn konstytucjonalnych i anatomicznych (wady wrodzone). Mo\u017ce te\u017c by\u0107 objawem rozwijaj\u0105cej si\u0119 endometriozy. W rozdziale szczeg\u00f3\u0142owo om\u00f3wiono m.in. terapi\u0119, kt\u00f3rej celem jest przede wszystkim zniesienie dolegliwo\u015bci b\u00f3lowych, zahamowanie post\u0119pu choroby i ochron\u0119 przysz\u0142ej p\u0142odno\u015bci.<br \/>\nZro\u015bni\u0119cie warg sromowych u dziewczynek, kt\u00f3re jest r\u00f3wnie\u017c cz\u0119stym powodem konsultacji u pediatr\u00f3w i ginekolog\u00f3w dzieci\u0119cych. W pracy analizuj\u0105cej grup\u0119 ponad 400 dziewcz\u0105t wyliczono, \u017ce schorzenie to by\u0142o przyczyn\u0105 6,1% konsultacji.<br \/>\nZaburzenia \u017cywienia &#8211; m.in. anoreksja i bulimia, kt\u00f3re nale\u017c\u0105 do najbardziej \u015bmiertelnych chor\u00f3b psychicznych i maj\u0105 swoje konsekwencje ginekologiczne w postaci zaburze\u0144 miesi\u0105czkowania, a czasem ca\u0142kowitego zaniku miesi\u0105czek.<br \/>\nZesp\u00f3\u0142 policystycznych jajnik\u00f3w (PCOS). Rozpoznanie tej jednostki chorobowej nastr\u0119cza trudno\u015bci od dziesi\u0119cioleci, poniewa\u017c zesp\u00f3\u0142 mo\u017ce mie\u0107 r\u00f3\u017cn\u0105 ekspresj\u0119. Wielokrotnie analizowano i modyfikowano kryteria rozpoznania, a dyskusje wci\u0105\u017c trwaj\u0105. Nadal nie ma kryteri\u00f3w rozpoznania PCOS dotycz\u0105cych wy\u0142\u0105cznie nastolatek. Zaleca si\u0119 stosowanie kryteri\u00f3w rotterdamskich z 2004 roku z uwzgl\u0119dnieniem pewnych modyfikacji.<\/p>\n","protected":false},"excerpt":{"rendered":"<p>Nale\u017cy do serii: W GABINECIE LEKARZA SPECJALISTY Redakcja: Hirnle Lidia [&hellip;]<\/p>\n","protected":false},"featured_media":12594,"template":"","meta":[],"product_brand":[],"product_cat":[7493],"product_tag":[4919,3994],"class_list":{"0":"post-12593","1":"product","2":"type-product","3":"status-publish","4":"has-post-thumbnail","6":"product_cat-medycyna","7":"product_tag-ginekologia","8":"product_tag-medycyna","10":"first","11":"instock","12":"sale","13":"shipping-taxable","14":"purchasable","15":"product-type-simple"},"_links":{"self":[{"href":"http:\/\/ksiegarnia-akademicka.pl\/index.php\/wp-json\/wp\/v2\/product\/12593","targetHints":{"allow":["GET"]}}],"collection":[{"href":"http:\/\/ksiegarnia-akademicka.pl\/index.php\/wp-json\/wp\/v2\/product"}],"about":[{"href":"http:\/\/ksiegarnia-akademicka.pl\/index.php\/wp-json\/wp\/v2\/types\/product"}],"wp:featuredmedia":[{"embeddable":true,"href":"http:\/\/ksiegarnia-akademicka.pl\/index.php\/wp-json\/wp\/v2\/media\/12594"}],"wp:attachment":[{"href":"http:\/\/ksiegarnia-akademicka.pl\/index.php\/wp-json\/wp\/v2\/media?parent=12593"}],"wp:term":[{"taxonomy":"product_brand","embeddable":true,"href":"http:\/\/ksiegarnia-akademicka.pl\/index.php\/wp-json\/wp\/v2\/product_brand?post=12593"},{"taxonomy":"product_cat","embeddable":true,"href":"http:\/\/ksiegarnia-akademicka.pl\/index.php\/wp-json\/wp\/v2\/product_cat?post=12593"},{"taxonomy":"product_tag","embeddable":true,"href":"http:\/\/ksiegarnia-akademicka.pl\/index.php\/wp-json\/wp\/v2\/product_tag?post=12593"}],"curies":[{"name":"wp","href":"https:\/\/api.w.org\/{rel}","templated":true}]}}