{"id":12516,"date":"2020-03-25T11:38:42","date_gmt":"2020-03-25T10:38:42","guid":{"rendered":"http:\/\/ksiegarnia-akademicka.pl\/?post_type=product&#038;p=12516"},"modified":"2024-12-05T08:13:59","modified_gmt":"2024-12-05T07:13:59","slug":"gory-przestrzenie-i-krajobrazy-studia-z-historii-literatury-i-kultury","status":"publish","type":"product","link":"http:\/\/ksiegarnia-akademicka.pl\/index.php\/product\/gory-przestrzenie-i-krajobrazy-studia-z-historii-literatury-i-kultury\/","title":{"rendered":"G\u00f3ry przestrzenie i krajobrazy. Studia z historii literatury i kultury"},"content":{"rendered":"<p>Autor:<br \/>\nJacek Kolbuszewski<br \/>\nWydawca: Universitas<br \/>\nOprawa: Mi\u0119kka ze skrzyde\u0142kami<br \/>\nFormat: 15.0&#215;23.5cm<br \/>\nLiczba stron: 468<br \/>\nWydanie: 1<br \/>\nRok wydania: 2020<\/p>\n<p>G\u00f3ry \u2013 przestrzenie i krajobrazy s\u0105 zbiorem studi\u00f3w Jacka Kobuszewskiego po\u015bwi\u0119conym r\u00f3\u017cnym aspektom literackiej problematyki g\u00f3r. Autor w m\u0142odo\u015bci \u0142\u0105czy\u0142 dzia\u0142alno\u015b\u0107 taternick\u0105 z badaniami dziej\u00f3w tematyki tatrza\u0144skiej w literaturze. Prezentowanym w ksi\u0105\u017cce rozprawom i szkicom koncepcji bada\u0144 historycznoliterackich zwi\u0105zanych z tzw. tematologi\u0105 literack\u0105 towarzyszy nowocze\u015bnie podejmowana egzegeza r\u00f3\u017cnych przestrzeni, widzianych jako teksty kultury o zr\u00f3\u017cnicowanym wyposa\u017ceniu semantycznym. Przyk\u0142adem tego s\u0105 prace dotycz\u0105ce historii turystyki w Karkonoszach \u015bledzonej przez pryzmat zapis\u00f3w w dawnych ksi\u0119gach pami\u0105tkowych umieszczanych w g\u00f3rach. Z dziejami alpinizmu i toponomastyki Alp wi\u0105\u017ce si\u0119 z kolei pr\u00f3ba nowego spojrzenia na nazw\u0119 lodowca Mer de Glace. Wa\u017cn\u0105 cz\u0119\u015b\u0107 zbioru stanowi\u0105 artyku\u0142y po\u015bwi\u0119cone skomplikowanej, wieloaspektowej tematyce alpejskiej. Autor \u015bledzi w nich dzieje alpinizmu na prze\u0142omie XIX i XX wieku na tle spektakularnych zjawisk socjokulturowych, osobn\u0105 uwag\u0119 po\u015bwi\u0119caj\u0105c recepcji Alp w \u017cyciu i tw\u00f3rczo\u015bci polskich pisarzy romantycznych.<\/p>\n","protected":false},"excerpt":{"rendered":"<p>Autor: Jacek Kolbuszewski Wydawca: Universitas Oprawa: Mi\u0119kka ze skrzyde\u0142kami Format: [&hellip;]<\/p>\n","protected":false},"featured_media":12517,"template":"","meta":[],"product_brand":[],"product_cat":[7629,7627],"product_tag":[5658],"class_list":{"0":"post-12516","1":"product","2":"type-product","3":"status-publish","4":"has-post-thumbnail","6":"product_cat-filologia-polska","7":"product_cat-historia-literatury","8":"product_tag-historia-literatury","10":"first","11":"instock","12":"sale","13":"shipping-taxable","14":"purchasable","15":"product-type-simple"},"_links":{"self":[{"href":"http:\/\/ksiegarnia-akademicka.pl\/index.php\/wp-json\/wp\/v2\/product\/12516","targetHints":{"allow":["GET"]}}],"collection":[{"href":"http:\/\/ksiegarnia-akademicka.pl\/index.php\/wp-json\/wp\/v2\/product"}],"about":[{"href":"http:\/\/ksiegarnia-akademicka.pl\/index.php\/wp-json\/wp\/v2\/types\/product"}],"wp:featuredmedia":[{"embeddable":true,"href":"http:\/\/ksiegarnia-akademicka.pl\/index.php\/wp-json\/wp\/v2\/media\/12517"}],"wp:attachment":[{"href":"http:\/\/ksiegarnia-akademicka.pl\/index.php\/wp-json\/wp\/v2\/media?parent=12516"}],"wp:term":[{"taxonomy":"product_brand","embeddable":true,"href":"http:\/\/ksiegarnia-akademicka.pl\/index.php\/wp-json\/wp\/v2\/product_brand?post=12516"},{"taxonomy":"product_cat","embeddable":true,"href":"http:\/\/ksiegarnia-akademicka.pl\/index.php\/wp-json\/wp\/v2\/product_cat?post=12516"},{"taxonomy":"product_tag","embeddable":true,"href":"http:\/\/ksiegarnia-akademicka.pl\/index.php\/wp-json\/wp\/v2\/product_tag?post=12516"}],"curies":[{"name":"wp","href":"https:\/\/api.w.org\/{rel}","templated":true}]}}