{"id":12413,"date":"2020-03-12T11:39:01","date_gmt":"2020-03-12T10:39:01","guid":{"rendered":"http:\/\/ksiegarnia-akademicka.pl\/?post_type=product&#038;p=12413"},"modified":"2020-03-12T11:39:02","modified_gmt":"2020-03-12T10:39:02","slug":"ostre-zespoly-wiencowe-a-companion-to-braunwalds-heart-disease-tom-2","status":"publish","type":"product","link":"http:\/\/ksiegarnia-akademicka.pl\/index.php\/product\/ostre-zespoly-wiencowe-a-companion-to-braunwalds-heart-disease-tom-2\/","title":{"rendered":"Ostre zespo\u0142y wie\u0144cowe A Companion to Braunwald&#8217;s Heart Disease Tom 2"},"content":{"rendered":"<p>Autor:<br \/>\nPierre Theroux<br \/>\nRedakcja: St\u0119pi\u0144ska Janina<br \/>\nT\u0142umacze: Za\u0142\u0119ska-Koci\u0119cka Marta, Marona Mi\u0142osz, Kremis El\u017cbieta<br \/>\nWydawca: Edra Urban &amp; Partner<br \/>\nOprawa: Twarda<br \/>\nFormat: 21.5&#215;28.0cm<br \/>\nLiczba stron: 202<br \/>\nRok wydania: 2014<br \/>\nJ\u0119zyk wydania: polski<\/p>\n<p>W Tomie 2 :<\/p>\n<p>Post\u0119powanie w ostrych zespo\u0142ach wie\u0144cowych<br \/>\nPodstawy rozwoju nowoczesnych oddzia\u0142\u00f3w kardiologicznych i wytyczne post\u0119powania<\/p>\n<p>W cz\u0119\u015bci IV, po\u015bwi\u0119conej post\u0119powaniu w OZW, jest mowa o zabiegach rewaskularyzacji, ale r\u00f3wnie\u017c o towarzysz\u0105cym im leczeniu przeciwp\u0142ytkowym i przeciwzakrzepowym. Bardzo nowocze\u015bnie napisane s\u0105 rozdzia\u0142y dotycz\u0105ce braku reakcji na leczenie przeciwp\u0142ytkowe, a tak\u017ce powik\u0142a\u0144 krwotocznych stosowanego leczenia. Om\u00f3wione s\u0105 r\u00f3wnie\u017c wskazania i ograniczenia stosowania w OZW: lek\u00f3w beta-adrenolitycznych, bloker\u00f3w kana\u0142u wapniowego, nitrat\u00f3w i donor\u00f3w tlenku azotu. Osobny rozdzia\u0142 po\u015bwi\u0119cony jest zjawisku hartowania serca, stabilizacji blaszki mia\u017cd\u017cycowej, a tak\u017ce problemowi pacjent\u00f3w z oporn\u0105 na leczenie d\u0142awic\u0105 piersiow\u0105. Autorzy zwracaj\u0105 uwag\u0119 na konieczno\u015b\u0107 rozpocz\u0119cia edukacji w zakresie prewencji wt\u00f3rnej, w tym oczywi\u015bcie rehabilitacji, jeszcze w czasie hospitalizacji. Podane s\u0105 zasady interwencji \u017cywieniowej, a tak\u017ce treningu fizycznego po OZW. Ksi\u0105\u017ck\u0119 zamyka cz\u0119\u015b\u0107 V, w za\u0142o\u017ceniu przedstawiaj\u0105ca europejskie i ameryka\u0144skie wytyczne dotycz\u0105ce diagnostyki i leczenia ostrych zespo\u0142\u00f3w wie\u0144cowych bez uniesienia ST, a tak\u017ce opisano w niej nowoczesny oddzia\u0142 intensywnej terapii kardiologicznej.<\/p>\n<p>Z przedmowy do wydania polskiego<\/p>\n<p>Spis tre\u015bci:<\/p>\n","protected":false},"excerpt":{"rendered":"<p>Autor: Pierre Theroux Redakcja: St\u0119pi\u0144ska Janina T\u0142umacze: Za\u0142\u0119ska-Koci\u0119cka Marta, Marona [&hellip;]<\/p>\n","protected":false},"featured_media":12414,"template":"","meta":[],"product_brand":[],"product_cat":[7991,7493],"product_tag":[6148,7057,3994],"class_list":{"0":"post-12413","1":"product","2":"type-product","3":"status-publish","4":"has-post-thumbnail","6":"product_cat-kardiologia","7":"product_cat-medycyna","8":"product_tag-diagnostyka-medyczna","9":"product_tag-kardiologia","10":"product_tag-medycyna","12":"first","13":"instock","14":"sale","15":"shipping-taxable","16":"purchasable","17":"product-type-simple"},"_links":{"self":[{"href":"http:\/\/ksiegarnia-akademicka.pl\/index.php\/wp-json\/wp\/v2\/product\/12413","targetHints":{"allow":["GET"]}}],"collection":[{"href":"http:\/\/ksiegarnia-akademicka.pl\/index.php\/wp-json\/wp\/v2\/product"}],"about":[{"href":"http:\/\/ksiegarnia-akademicka.pl\/index.php\/wp-json\/wp\/v2\/types\/product"}],"wp:featuredmedia":[{"embeddable":true,"href":"http:\/\/ksiegarnia-akademicka.pl\/index.php\/wp-json\/wp\/v2\/media\/12414"}],"wp:attachment":[{"href":"http:\/\/ksiegarnia-akademicka.pl\/index.php\/wp-json\/wp\/v2\/media?parent=12413"}],"wp:term":[{"taxonomy":"product_brand","embeddable":true,"href":"http:\/\/ksiegarnia-akademicka.pl\/index.php\/wp-json\/wp\/v2\/product_brand?post=12413"},{"taxonomy":"product_cat","embeddable":true,"href":"http:\/\/ksiegarnia-akademicka.pl\/index.php\/wp-json\/wp\/v2\/product_cat?post=12413"},{"taxonomy":"product_tag","embeddable":true,"href":"http:\/\/ksiegarnia-akademicka.pl\/index.php\/wp-json\/wp\/v2\/product_tag?post=12413"}],"curies":[{"name":"wp","href":"https:\/\/api.w.org\/{rel}","templated":true}]}}