{"id":12274,"date":"2020-02-14T09:46:15","date_gmt":"2020-02-14T08:46:15","guid":{"rendered":"http:\/\/ksiegarnia-akademicka.pl\/?post_type=product&#038;p=12274"},"modified":"2024-12-05T08:04:51","modified_gmt":"2024-12-05T07:04:51","slug":"ustawa-o-odpadach-komentarz","status":"publish","type":"product","link":"http:\/\/ksiegarnia-akademicka.pl\/index.php\/product\/ustawa-o-odpadach-komentarz\/","title":{"rendered":"Ustawa o odpadach. Komentarz"},"content":{"rendered":"<p>Daria Danecka, Wojciech Radecki<br \/>\nWydawnictwo: Wolters Kluwer Polska<br \/>\nRok publikacji: 2020<br \/>\nWydanie: 5<br \/>\nLiczba stron: 808<br \/>\nSeria: Komentarze praktyczne<br \/>\nRodzaj: Komentarz<br \/>\nOk\u0142adka: twarda<br \/>\nFormat: A5<\/p>\n<p>Komentarz zawiera dok\u0142adn\u0105 analiz\u0119 wielokrotnie nowelizowanej i budz\u0105cej liczne w\u0105tpliwo\u015bci ustawy o odpadach. W szczeg\u00f3lno\u015bci okre\u015bla obowi\u0105zki wytw\u00f3rc\u00f3w odpad\u00f3w, posiadaczy odpad\u00f3w gospodaruj\u0105cych nimi, sprzedawc\u00f3w i po\u015brednik\u00f3w w obrocie oraz organ\u00f3w administracji publicznej.<\/p>\n<p>W ksi\u0105\u017cce szeroko om\u00f3wiono:<\/p>\n<p>problematyk\u0119 klasyfikacji odpad\u00f3w i ich magazynowania,<br \/>\ntryb zwyczajny oraz nadzwyczajny usuwania odpad\u00f3w,<br \/>\nkwestie wizyjnego systemu kontroli miejsca magazynowania lub sk\u0142adowania odpad\u00f3w oraz zabezpieczenia roszcze\u0144,<br \/>\ntematyk\u0119 op\u0142at oraz administracyjnych kar pieni\u0119\u017cnych uregulowanych w prawie ochrony \u015brodowiska,<br \/>\nzagadnienie odpowiedzialno\u015bci karnej nie tylko za wykroczenia, lecz tak\u017ce za przest\u0119pstwa, co okre\u015blaj\u0105 przepisy Kodeksu karnego.<br \/>\nW pi\u0105tym wydaniu komentarza autorzy szczeg\u00f3ln\u0105 uwag\u0119 zwracaj\u0105 na najnowsze zmiany komentowanej ustawy, m.in. na nowelizacj\u0119 obowi\u0105zuj\u0105c\u0105 od 13.08.2019 r. i 1.01.2020 r., a tak\u017ce t\u0119 wchodz\u0105c\u0105 w \u017cycie 1.09.2019 r., 6.09.2019 r., 1.08.2020 r. oraz 30.06.2021 r.<\/p>\n<p>Dotycz\u0105 one np.:<\/p>\n<p>nowego brzmienia przepis\u00f3w o rejestrze, ewidencji, sprawozdaniach, Bazie Danych Odpadowych, wykroczeniach i deliktach administracyjnych,<br \/>\nrezygnacji z regionalizacji post\u0119powania z odpadami komunalnymi,<br \/>\nnowych przepis\u00f3w o istniej\u0105cych i projektowanych instalacjach komunalnych,<br \/>\nnowej definicji odpad\u00f3w niepalnych,<br \/>\nuszczeg\u00f3\u0142owienia przepis\u00f3w o magazynowaniu odpad\u00f3w,<br \/>\nnowej regulacji dotycz\u0105cej konieczno\u015bci niezw\u0142ocznego usuwania odpad\u00f3w.<br \/>\nIco_Gray_6.gif [752 B]   Adresaci:<br \/>\nPublikacja jest przeznaczona dla podmiot\u00f3w gospodaruj\u0105cych odpadami, organ\u00f3w administracji rz\u0105dowej i samorz\u0105dowej kontroluj\u0105cych przestrzeganie ustawy oraz organ\u00f3w \u015bcigania i wymiaru sprawiedliwo\u015bci wdra\u017caj\u0105cych instrumenty odpowiedzialno\u015bci prawnej za naruszenie jej postanowie\u0144.<\/p>\n","protected":false},"excerpt":{"rendered":"<p>Daria Danecka, Wojciech Radecki Wydawnictwo: Wolters Kluwer Polska Rok publikacji: [&hellip;]<\/p>\n","protected":false},"featured_media":12275,"template":"","meta":[],"product_brand":[],"product_cat":[7492,18,7494],"product_tag":[485,486,4603],"class_list":{"0":"post-12274","1":"product","2":"type-product","3":"status-publish","4":"has-post-thumbnail","6":"product_cat-administracyjne","7":"product_cat-prawo","8":"product_cat-samorzad-terytorialny","9":"product_tag-prawo-administracyjne","10":"product_tag-samorzad-terytorialny","11":"product_tag-seria-komentarze-praktyczne","13":"first","14":"instock","15":"sale","16":"shipping-taxable","17":"purchasable","18":"product-type-simple"},"_links":{"self":[{"href":"http:\/\/ksiegarnia-akademicka.pl\/index.php\/wp-json\/wp\/v2\/product\/12274","targetHints":{"allow":["GET"]}}],"collection":[{"href":"http:\/\/ksiegarnia-akademicka.pl\/index.php\/wp-json\/wp\/v2\/product"}],"about":[{"href":"http:\/\/ksiegarnia-akademicka.pl\/index.php\/wp-json\/wp\/v2\/types\/product"}],"wp:featuredmedia":[{"embeddable":true,"href":"http:\/\/ksiegarnia-akademicka.pl\/index.php\/wp-json\/wp\/v2\/media\/12275"}],"wp:attachment":[{"href":"http:\/\/ksiegarnia-akademicka.pl\/index.php\/wp-json\/wp\/v2\/media?parent=12274"}],"wp:term":[{"taxonomy":"product_brand","embeddable":true,"href":"http:\/\/ksiegarnia-akademicka.pl\/index.php\/wp-json\/wp\/v2\/product_brand?post=12274"},{"taxonomy":"product_cat","embeddable":true,"href":"http:\/\/ksiegarnia-akademicka.pl\/index.php\/wp-json\/wp\/v2\/product_cat?post=12274"},{"taxonomy":"product_tag","embeddable":true,"href":"http:\/\/ksiegarnia-akademicka.pl\/index.php\/wp-json\/wp\/v2\/product_tag?post=12274"}],"curies":[{"name":"wp","href":"https:\/\/api.w.org\/{rel}","templated":true}]}}

<p>Daria Danecka, Wojciech Radecki<br />
Wydawnictwo: Wolters Kluwer Polska<br />
Rok publikacji: 2020<br />
Wydanie: 5<br />
Liczba stron: 808<br />
Seria: Komentarze praktyczne<br />
Rodzaj: Komentarz<br />
Okładka: twarda<br />
Format: A5</p>
<p>Komentarz zawiera dokładną analizę wielokrotnie nowelizowanej i budzącej liczne wątpliwości ustawy o odpadach. W szczególności określa obowiązki wytwórców odpadów, posiadaczy odpadów gospodarujących nimi, sprzedawców i pośredników w obrocie oraz organów administracji publicznej.</p>
<p>W książce szeroko omówiono:</p>
<p>problematykę klasyfikacji odpadów i ich magazynowania,<br />
tryb zwyczajny oraz nadzwyczajny usuwania odpadów,<br />
kwestie wizyjnego systemu kontroli miejsca magazynowania lub składowania odpadów oraz zabezpieczenia roszczeń,<br />
tematykę opłat oraz administracyjnych kar pieniężnych uregulowanych w prawie ochrony środowiska,<br />
zagadnienie odpowiedzialności karnej nie tylko za wykroczenia, lecz także za przestępstwa, co określają przepisy Kodeksu karnego.<br />
W piątym wydaniu komentarza autorzy szczególną uwagę zwracają na najnowsze zmiany komentowanej ustawy, m.in. na nowelizację obowiązującą od 13.08.2019 r. i 1.01.2020 r., a także tę wchodzącą w życie 1.09.2019 r., 6.09.2019 r., 1.08.2020 r. oraz 30.06.2021 r.</p>
<p>Dotyczą one np.:</p>
<p>nowego brzmienia przepisów o rejestrze, ewidencji, sprawozdaniach, Bazie Danych Odpadowych, wykroczeniach i deliktach administracyjnych,<br />
rezygnacji z regionalizacji postępowania z odpadami komunalnymi,<br />
nowych przepisów o istniejących i projektowanych instalacjach komunalnych,<br />
nowej definicji odpadów niepalnych,<br />
uszczegółowienia przepisów o magazynowaniu odpadów,<br />
nowej regulacji dotyczącej konieczności niezwłocznego usuwania odpadów.<br />
Ico_Gray_6.gif [752 B]   Adresaci:<br />
Publikacja jest przeznaczona dla podmiotów gospodarujących odpadami, organów administracji rządowej i samorządowej kontrolujących przestrzeganie ustawy oraz organów ścigania i wymiaru sprawiedliwości wdrażających instrumenty odpowiedzialności prawnej za naruszenie jej postanowień.</p>
